This is the mail archive of the
gcc-testresults@gcc.gnu.org
mailing list for the GCC project.
Results for 4.3.0 20071206 (experimental) [trunk revision 130639] (GCC) testsuite on x86_64-unknown-linux-gnu
- From: hjl at lucon dot org (H.J. Lu)
- To: gcc-testresults at gcc dot gnu dot org
- Date: Wed, 5 Dec 2007 18:48:28 -0800 (PST)
- Subject: Results for 4.3.0 20071206 (experimental) [trunk revision 130639] (GCC) testsuite on x86_64-unknown-linux-gnu
LAST_UPDATED: Thu Dec 6 01:25:51 UTC 2007 (revision 130639)
Native configuration is x86_64-unknown-linux-gnu
=== gcc tests ===
Running target unix/-m32
=== gcc Summary for unix/-m32 ===
# of expected passes 48183
# of expected failures 169
# of untested testcases 35
# of unsupported tests 266
Running target unix
FAIL: gcc.dg/tree-prof/bb-reorg.c compilation, -fprofile-use -D_PROFILE_USE
UNRESOLVED: gcc.dg/tree-prof/bb-reorg.c execution, -fprofile-use -D_PROFILE_USE
=== gcc Summary for unix ===
# of expected passes 48046
# of unexpected failures 1
# of expected failures 168
# of unresolved testcases 1
# of untested testcases 35
# of unsupported tests 378
=== gcc Summary ===
# of expected passes 96229
# of unexpected failures 1
# of expected failures 337
# of unresolved testcases 1
# of untested testcases 70
# of unsupported tests 644
/export/build/gnu/gcc/build-x86_64-linux/gcc/xgcc version 4.3.0 20071206 (experimental) [trunk revision 130639] (GCC)
=== gfortran tests ===
Running target unix/-m32
FAIL: gfortran.dg/bind_c_usage_16.f03 -O0 execution test
FAIL: gfortran.dg/bind_c_usage_16.f03 -O1 execution test
FAIL: gfortran.dg/bind_c_usage_16.f03 -O2 execution test
FAIL: gfortran.dg/bind_c_usage_16.f03 -O3 -fomit-frame-pointer execution test
FAIL: gfortran.dg/bind_c_usage_16.f03 -O3 -fomit-frame-pointer -funroll-loops execution test
FAIL: gfortran.dg/bind_c_usage_16.f03 -O3 -fomit-frame-pointer -funroll-all-loops -finline-functions execution test
FAIL: gfortran.dg/bind_c_usage_16.f03 -O3 -g execution test
FAIL: gfortran.dg/bind_c_usage_16.f03 -Os execution test
=== gfortran Summary for unix/-m32 ===
# of expected passes 22530
# of unexpected failures 8
# of expected failures 8
# of unsupported tests 16
Running target unix
=== gfortran Summary for unix ===
# of expected passes 22536
# of expected failures 8
# of unsupported tests 18
=== gfortran Summary ===
# of expected passes 45066
# of unexpected failures 8
# of expected failures 16
# of unsupported tests 34
/export/build/gnu/gcc/build-x86_64-linux/gcc/testsuite/gfortran/../../gfortran version 4.3.0 20071206 (experimental) [trunk revision 130639] (GCC)
=== g++ tests ===
Running target unix/-m32
XPASS: g++.old-deja/g++.mike/empty.C suggest (test for bogus messages, line 19)
XPASS: g++.old-deja/g++.mike/empty.C suggest (test for bogus messages, line 20)
=== g++ Summary for unix/-m32 ===
# of expected passes 17091
# of unexpected successes 2
# of expected failures 83
# of unsupported tests 89
Running target unix
XPASS: g++.old-deja/g++.mike/empty.C suggest (test for bogus messages, line 19)
XPASS: g++.old-deja/g++.mike/empty.C suggest (test for bogus messages, line 20)
=== g++ Summary for unix ===
# of expected passes 17006
# of unexpected successes 2
# of expected failures 83
# of unsupported tests 118
=== g++ Summary ===
# of expected passes 34097
# of unexpected successes 4
# of expected failures 166
# of unsupported tests 207
/export/build/gnu/gcc/build-x86_64-linux/gcc/testsuite/g++/../../g++ version 4.3.0 20071206 (experimental) [trunk revision 130639] (GCC)
=== objc tests ===
Running target unix/-m32
=== objc Summary for unix/-m32 ===
# of expected passes 1812
# of expected failures 7
# of unsupported tests 24
Running target unix
=== objc Summary for unix ===
# of expected passes 1812
# of expected failures 7
# of unsupported tests 24
=== objc Summary ===
# of expected passes 3624
# of expected failures 14
# of unsupported tests 48
/export/build/gnu/gcc/build-x86_64-linux/gcc/xgcc version 4.3.0 20071206 (experimental) [trunk revision 130639] (GCC)
=== libffi tests ===
Running target unix/-m32
=== libffi Summary for unix/-m32 ===
# of expected passes 1116
# of unsupported tests 8
Running target unix
=== libffi Summary for unix ===
# of expected passes 1116
# of unsupported tests 8
=== libffi Summary ===
# of expected passes 2232
# of unsupported tests 16
=== libgomp tests ===
Running target unix/-m32
=== libgomp Summary for unix/-m32 ===
# of expected passes 1657
Running target unix
=== libgomp Summary for unix ===
# of expected passes 1657
=== libgomp Summary ===
# of expected passes 3314
=== libjava tests ===
Running target unix/-m32
FAIL: events output
=== libjava Summary for unix/-m32 ===
# of expected passes 2549
# of unexpected failures 1
Running target unix
=== libjava Summary for unix ===
# of expected passes 2550
=== libjava Summary ===
# of expected passes 5099
# of unexpected failures 1
=== libmudflap tests ===
Running target unix/-m32
FAIL: libmudflap.c++/pass41-frag.cxx execution test
FAIL: libmudflap.c++/pass41-frag.cxx (-static) execution test
FAIL: libmudflap.c++/pass41-frag.cxx ( -O) execution test
FAIL: libmudflap.c++/pass41-frag.cxx (-O2) execution test
FAIL: libmudflap.c++/pass41-frag.cxx (-O3) execution test
=== libmudflap Summary for unix/-m32 ===
# of expected passes 1821
# of unexpected failures 5
Running target unix
FAIL: libmudflap.c/fail8-frag.c (-static) output pattern test
FAIL: libmudflap.c/fail9-frag.c (-static) output pattern test
FAIL: libmudflap.c++/pass41-frag.cxx execution test
FAIL: libmudflap.c++/pass41-frag.cxx (-static) execution test
FAIL: libmudflap.c++/pass41-frag.cxx ( -O) execution test
FAIL: libmudflap.c++/pass41-frag.cxx (-O2) execution test
FAIL: libmudflap.c++/pass41-frag.cxx (-O3) execution test
=== libmudflap Summary for unix ===
# of expected passes 1819
# of unexpected failures 7
=== libmudflap Summary ===
# of expected passes 3640
# of unexpected failures 12
=== libstdc++ tests ===
Running target unix/-m32
XPASS: 26_numerics/headers/cmath/c99_classification_macros_c.cc (test for excess errors)
=== libstdc++ Summary for unix/-m32 ===
# of expected passes 5481
# of unexpected successes 1
# of expected failures 57
# of unsupported tests 10
Running target unix
XPASS: 26_numerics/headers/cmath/c99_classification_macros_c.cc (test for excess errors)
XPASS: 27_io/fpos/14320-1.cc execution test
=== libstdc++ Summary for unix ===
# of expected passes 5481
# of unexpected successes 2
# of expected failures 56
# of unsupported tests 10
=== libstdc++ Summary ===
# of expected passes 10962
# of unexpected successes 3
# of expected failures 113
# of unsupported tests 20
Compiler version: 4.3.0 20071206 (experimental) [trunk revision 130639] (GCC)
Platform: x86_64-unknown-linux-gnu
configure flags: --enable-clocale=gnu --with-system-zlib --enable-decimal-float=bid --with-demangler-in-ld --enable-shared --enable-threads=posix --enable-haifa --enable-checking=assert --prefix=/usr/gcc-4.3 --with-local-prefix=/usr/local