This is the mail archive of the
gcc-testresults@gcc.gnu.org
mailing list for the GCC project.
Results for 4.3.0 20071202 (experimental) [trunk revision 130573] (GCC) testsuite on i386-unknown-netbsdelf3.1
- From: Krister Walfridsson <cato at df dot lth dot se>
- To: gcc-testresults at gcc dot gnu dot org
- Date: Mon, 3 Dec 2007 04:26:14 +0100 (CET)
- Subject: Results for 4.3.0 20071202 (experimental) [trunk revision 130573] (GCC) testsuite on i386-unknown-netbsdelf3.1
LAST_UPDATED: Sun Dec 2 22:25:58 UTC 2007 (revision 130573)
Native configuration is i386-unknown-netbsdelf3.1
=== g++ tests ===
Running target unix
FAIL: g++.dg/eh/gcsec1.C (test for excess errors)
XPASS: g++.old-deja/g++.mike/empty.C suggest (test for bogus messages, line 19)
XPASS: g++.old-deja/g++.mike/empty.C suggest (test for bogus messages, line 20)
=== g++ Summary ===
# of expected passes 17032
# of unexpected failures 1
# of unexpected successes 2
# of expected failures 83
# of unsupported tests 111
/gcctmp/gcc071202/build/gcc/testsuite/g++/../../g++ version 4.3.0 20071202 (experimental) [trunk revision 130573] (GCC)
=== gcc tests ===
Running target unix
FAIL: gcc.c-torture/execute/conversion.c execution, -O0
FAIL: gcc.c-torture/execute/conversion.c execution, -O1
FAIL: gcc.c-torture/execute/ieee/rbug.c execution, -O0
FAIL: gcc.c-torture/execute/ieee/rbug.c execution, -O1
FAIL: gcc.dg/builtins-20.c (test for excess errors)
FAIL: gcc.dg/builtins-57.c (test for excess errors)
FAIL: gcc.dg/builtins-58.c scan-assembler-not pow
FAIL: gcc.dg/builtins-59.c scan-tree-dump gimple "__builtin_cexpi"
FAIL: gcc.dg/builtins-59.c scan-tree-dump-not gimple "sincos"
FAIL: gcc.dg/builtins-61.c scan-tree-dump optimized "cexpi"
FAIL: gcc.dg/builtins-61.c scan-tree-dump optimized "sin"
FAIL: gcc.dg/builtins-61.c scan-tree-dump optimized "cos"
FAIL: gcc.dg/builtins-61.c scan-tree-dump optimized "return 0.0"
FAIL: gcc.dg/builtins-62.c scan-tree-dump-times optimized "cexpi" 3
FAIL: gcc.dg/c99-tgmath-1.c (test for excess errors)
FAIL: gcc.dg/c99-tgmath-2.c (test for excess errors)
ERROR: gcc.dg/c99-tgmath-2.c: error executing dg-final: couldn't open "c99-tgmath-2.s": no such file or directory
UNRESOLVED: gcc.dg/c99-tgmath-2.c: error executing dg-final: couldn't open "c99-tgmath-2.s": no such file or directory
FAIL: gcc.dg/c99-tgmath-3.c (test for excess errors)
ERROR: gcc.dg/c99-tgmath-3.c: error executing dg-final: couldn't open "c99-tgmath-3.s": no such file or directory
UNRESOLVED: gcc.dg/c99-tgmath-3.c: error executing dg-final: couldn't open "c99-tgmath-3.s": no such file or directory
FAIL: gcc.dg/c99-tgmath-4.c (test for excess errors)
ERROR: gcc.dg/c99-tgmath-4.c: error executing dg-final: couldn't open "c99-tgmath-4.s": no such file or directory
UNRESOLVED: gcc.dg/c99-tgmath-4.c: error executing dg-final: couldn't open "c99-tgmath-4.s": no such file or directory
FAIL: largefile.c -O0 -g (test for excess errors)
FAIL: gcc.dg/pch/largefile.c -O0 -g assembly comparison
FAIL: largefile.c -O0 (test for excess errors)
FAIL: gcc.dg/pch/largefile.c -O0 assembly comparison
FAIL: largefile.c -O1 (test for excess errors)
FAIL: gcc.dg/pch/largefile.c -O1 assembly comparison
FAIL: largefile.c -O2 (test for excess errors)
FAIL: gcc.dg/pch/largefile.c -O2 assembly comparison
FAIL: largefile.c -O3 -fomit-frame-pointer (test for excess errors)
FAIL: gcc.dg/pch/largefile.c -O3 -fomit-frame-pointer assembly comparison
FAIL: largefile.c -O3 -g (test for excess errors)
FAIL: gcc.dg/pch/largefile.c -O3 -g assembly comparison
FAIL: largefile.c -Os (test for excess errors)
FAIL: gcc.dg/pch/largefile.c -Os assembly comparison
FAIL: gcc.dg/special/gcsec-1.c execution test
FAIL: gcc.dg/torture/builtin-convert-1.c -O1 (test for excess errors)
FAIL: gcc.dg/torture/builtin-convert-1.c -O2 (test for excess errors)
FAIL: gcc.dg/torture/builtin-convert-1.c -O3 -fomit-frame-pointer (test for excess errors)
FAIL: gcc.dg/torture/builtin-convert-1.c -O3 -g (test for excess errors)
FAIL: gcc.dg/torture/builtin-convert-1.c -Os (test for excess errors)
FAIL: gcc.dg/torture/builtin-convert-2.c -O1 (test for excess errors)
FAIL: gcc.dg/torture/builtin-convert-2.c -O2 (test for excess errors)
FAIL: gcc.dg/torture/builtin-convert-2.c -O3 -fomit-frame-pointer (test for excess errors)
FAIL: gcc.dg/torture/builtin-convert-2.c -O3 -g (test for excess errors)
FAIL: gcc.dg/torture/builtin-convert-2.c -Os (test for excess errors)
FAIL: gcc.dg/torture/builtin-convert-3.c -O1 (test for excess errors)
FAIL: gcc.dg/torture/builtin-convert-3.c -O2 (test for excess errors)
FAIL: gcc.dg/torture/builtin-convert-3.c -O3 -fomit-frame-pointer (test for excess errors)
FAIL: gcc.dg/torture/builtin-convert-3.c -O3 -g (test for excess errors)
FAIL: gcc.dg/torture/builtin-convert-3.c -Os (test for excess errors)
XPASS: gcc.dg/torture/builtin-math-4.c -O0 (test for excess errors)
XPASS: gcc.dg/torture/builtin-math-4.c -O1 (test for excess errors)
XPASS: gcc.dg/torture/builtin-math-4.c -O2 (test for excess errors)
XPASS: gcc.dg/torture/builtin-math-4.c -O3 -fomit-frame-pointer (test for excess errors)
XPASS: gcc.dg/torture/builtin-math-4.c -O3 -fomit-frame-pointer -funroll-loops (test for excess errors)
XPASS: gcc.dg/torture/builtin-math-4.c -O3 -fomit-frame-pointer -funroll-all-loops -finline-functions (test for excess errors)
XPASS: gcc.dg/torture/builtin-math-4.c -O3 -g (test for excess errors)
XPASS: gcc.dg/torture/builtin-math-4.c -Os (test for excess errors)
FAIL: gcc.dg/torture/builtin-power-1.c -O0 (test for excess errors)
FAIL: gcc.dg/torture/builtin-power-1.c -O1 (test for excess errors)
FAIL: gcc.dg/torture/builtin-power-1.c -O2 (test for excess errors)
FAIL: gcc.dg/torture/builtin-power-1.c -O3 -fomit-frame-pointer (test for excess errors)
FAIL: gcc.dg/torture/builtin-power-1.c -O3 -g (test for excess errors)
FAIL: gcc.dg/torture/builtin-power-1.c -Os (test for excess errors)
FAIL: gcc.dg/torture/fp-int-convert-float.c -O0 execution test
FAIL: gcc.dg/torture/fp-int-convert-float.c -O1 execution test
FAIL: gcc.dg/torture/fp-int-convert-float.c -O2 execution test
FAIL: gcc.dg/torture/fp-int-convert-float.c -O3 -fomit-frame-pointer execution test
FAIL: gcc.dg/torture/fp-int-convert-float.c -O3 -g execution test
FAIL: gcc.dg/torture/fp-int-convert-float.c -Os execution test
FAIL: gcc.dg/torture/fp-int-convert-float80.c -O0 execution test
FAIL: gcc.dg/torture/fp-int-convert-float80.c -O1 execution test
FAIL: gcc.dg/torture/fp-int-convert-float80.c -O2 execution test
FAIL: gcc.dg/torture/fp-int-convert-float80.c -O3 -fomit-frame-pointer execution test
FAIL: gcc.dg/torture/fp-int-convert-float80.c -O3 -g execution test
FAIL: gcc.dg/torture/fp-int-convert-float80.c -Os execution test
FAIL: gcc.dg/torture/fp-int-convert-long-double.c -O0 execution test
FAIL: gcc.dg/torture/fp-int-convert-long-double.c -O1 execution test
FAIL: gcc.dg/torture/fp-int-convert-long-double.c -O2 execution test
FAIL: gcc.dg/torture/fp-int-convert-long-double.c -O3 -fomit-frame-pointer execution test
FAIL: gcc.dg/torture/fp-int-convert-long-double.c -O3 -g execution test
FAIL: gcc.dg/torture/fp-int-convert-long-double.c -Os execution test
XPASS: gcc.dg/tree-ssa/20040204-1.c scan-tree-dump-times optimized "link_error" 0
=== gcc Summary ===
# of expected passes 46915
# of unexpected failures 72
# of unexpected successes 9
# of expected failures 160
# of unresolved testcases 3
# of untested testcases 35
# of unsupported tests 408
/gcctmp/gcc071202/build/gcc/xgcc version 4.3.0 20071202 (experimental) [trunk revision 130573] (GCC)
=== gfortran tests ===
Running target unix
FAIL: gfortran.dg/bind_c_usage_16.f03 -O0 execution test
FAIL: gfortran.dg/bind_c_usage_16.f03 -O1 execution test
FAIL: gfortran.dg/bind_c_usage_16.f03 -O2 execution test
FAIL: gfortran.dg/bind_c_usage_16.f03 -O3 -fomit-frame-pointer execution test
FAIL: gfortran.dg/bind_c_usage_16.f03 -O3 -fomit-frame-pointer -funroll-loops execution test
FAIL: gfortran.dg/bind_c_usage_16.f03 -O3 -fomit-frame-pointer -funroll-all-loops -finline-functions execution test
FAIL: gfortran.dg/bind_c_usage_16.f03 -O3 -g execution test
FAIL: gfortran.dg/bind_c_usage_16.f03 -Os execution test
FAIL: gfortran.dg/nint_2.f90 -O0 execution test
=== gfortran Summary ===
# of expected passes 22232
# of unexpected failures 9
# of expected failures 8
# of unsupported tests 104
/gcctmp/gcc071202/build/gcc/testsuite/gfortran/../../gfortran version 4.3.0 20071202 (experimental) [trunk revision 130573] (GCC)
=== obj-c++ tests ===
Running target unix
FAIL: obj-c++.dg/bitfield-1.mm (internal compiler error)
FAIL: obj-c++.dg/bitfield-1.mm (test for excess errors)
WARNING: obj-c++.dg/bitfield-1.mm compilation failed to produce executable
FAIL: obj-c++.dg/comp-types-10.mm (internal compiler error)
FAIL: obj-c++.dg/comp-types-10.mm (test for excess errors)
FAIL: obj-c++.dg/cxx-ivars-2.mm execution test
FAIL: obj-c++.dg/encode-2.mm scan-assembler {Vec<float>=ffi}
FAIL: obj-c++.dg/encode-2.mm scan-assembler {Vec<double>=ddi}
FAIL: obj-c++.dg/encode-3.mm execution test
FAIL: obj-c++.dg/encode-8.mm execution test
FAIL: obj-c++.dg/gnu-runtime-2.mm (test for excess errors)
FAIL: obj-c++.dg/isa-field-1.mm (test for excess errors)
FAIL: obj-c++.dg/lookup-2.mm (test for excess errors)
WARNING: obj-c++.dg/lookup-2.mm compilation failed to produce executable
FAIL: obj-c++.dg/try-catch-2.mm (test for excess errors)
WARNING: obj-c++.dg/try-catch-2.mm compilation failed to produce executable
FAIL: obj-c++.dg/try-catch-9.mm (internal compiler error)
FAIL: obj-c++.dg/try-catch-9.mm (test for excess errors)
WARNING: obj-c++.dg/try-catch-9.mm compilation failed to produce executable
=== obj-c++ Summary ===
# of expected passes 422
# of unexpected failures 15
# of unsupported tests 13
/gcctmp/gcc071202/build/gcc/testsuite/obj-c++/../../g++ version 4.3.0 20071202 (experimental) [trunk revision 130573] (GCC)
=== objc tests ===
Running target unix
=== objc Summary ===
# of expected passes 1812
# of expected failures 7
# of unsupported tests 24
/gcctmp/gcc071202/build/gcc/xgcc version 4.3.0 20071202 (experimental) [trunk revision 130573] (GCC)
=== treelang tests ===
Running target unix
=== treelang Summary ===
# of expected passes 52
=== libffi tests ===
Running target unix
=== libffi Summary ===
# of expected passes 1116
# of unsupported tests 8
=== libgomp tests ===
Running target unix
FAIL: libgomp.fortran/crayptr2.f90 -O0 execution test
FAIL: libgomp.fortran/crayptr2.f90 -O1 execution test
FAIL: libgomp.fortran/crayptr2.f90 -O2 execution test
FAIL: libgomp.fortran/crayptr2.f90 -O3 -fomit-frame-pointer execution test
FAIL: libgomp.fortran/crayptr2.f90 -O3 -fomit-frame-pointer -funroll-loops execution test
FAIL: libgomp.fortran/crayptr2.f90 -O3 -fomit-frame-pointer -funroll-all-loops -finline-functions execution test
FAIL: libgomp.fortran/crayptr2.f90 -O3 -g execution test
FAIL: libgomp.fortran/crayptr2.f90 -Os execution test
FAIL: libgomp.fortran/pr32550.f90 -O0 execution test
FAIL: libgomp.fortran/pr32550.f90 -O1 execution test
FAIL: libgomp.fortran/pr32550.f90 -O2 execution test
FAIL: libgomp.fortran/pr32550.f90 -O3 -fomit-frame-pointer execution test
FAIL: libgomp.fortran/pr32550.f90 -O3 -fomit-frame-pointer -funroll-loops execution test
FAIL: libgomp.fortran/pr32550.f90 -O3 -fomit-frame-pointer -funroll-all-loops -finline-functions execution test
FAIL: libgomp.fortran/pr32550.f90 -O3 -g execution test
FAIL: libgomp.fortran/pr32550.f90 -Os execution test
=== libgomp Summary ===
# of expected passes 1421
# of unexpected failures 16
# of unsupported tests 109
=== libjava tests ===
Running target unix
FAIL: TestClosureGC run
FAIL: /gcctmp/gcc071202/gcc/libjava/testsuite/libjava.jar/TestClosureGC.jar execution - gij test
FAIL: Throw_2 execution - source compiled test
FAIL: Throw_2 -findirect-dispatch execution - source compiled test
FAIL: Throw_2 -O3 execution - source compiled test
FAIL: Throw_2 -O3 -findirect-dispatch execution - source compiled test
FAIL: /gcctmp/gcc071202/build/i386-unknown-netbsdelf3.1/libjava/testsuite/TestEarlyGC.exe execution - /gcctmp/gcc071202/build/i386-unknown-netbsdelf3.1/libjava/testsuite/TestEarlyGC.exe
=== libjava Summary ===
# of expected passes 2537
# of unexpected failures 7
# of untested testcases 7
=== libstdc++ tests ===
Running target unix
FAIL: 26_numerics/headers/cmath/25913.cc (test for excess errors)
FAIL: 26_numerics/headers/cmath/c99_classification_macros_c++.cc (test for excess errors)
FAIL: 26_numerics/headers/cmath/c99_classification_macros_c.cc (test for excess errors)
=== libstdc++ Summary ===
# of expected passes 3958
# of unexpected failures 3
# of expected failures 55
# of unsupported tests 195
Compiler version: 4.3.0 20071202 (experimental) [trunk revision 130573] (GCC)
Platform: i386-unknown-netbsdelf3.1
configure flags: --enable-languages=all,treelang,obj-c++