This is the mail archive of the
gcc-testresults@gcc.gnu.org
mailing list for the GCC project.
Results for 4.3.0 20071126 (experimental) (GCC) testsuite on fr30-unknown-elf
- From: Rask Ingemann Lambertsen <rask at sygehus dot dk>
- To: gcc-testresults at gcc dot gnu dot org
- Date: Mon, 26 Nov 2007 22:49:27 +0100
- Subject: Results for 4.3.0 20071126 (experimental) (GCC) testsuite on fr30-unknown-elf
URL: svn://gcc.gnu.org/svn/gcc/trunk
Revision: 130442
LAST_UPDATED:
Target is fr30-unknown-elf
Host is x86_64-unknown-linux-gnu
=== gcc tests ===
Running target fr30-sim
FAIL: gcc.c-torture/compile/20000804-1.c -O0 (internal compiler error)
FAIL: gcc.c-torture/compile/20000804-1.c -O0 (test for excess errors)
FAIL: gcc.c-torture/compile/20000804-1.c -O1 (internal compiler error)
FAIL: gcc.c-torture/compile/20000804-1.c -O1 (test for excess errors)
FAIL: gcc.c-torture/compile/20000804-1.c -O2 (internal compiler error)
FAIL: gcc.c-torture/compile/20000804-1.c -O2 (test for excess errors)
FAIL: gcc.c-torture/compile/20000804-1.c -O3 -fomit-frame-pointer (internal compiler error)
FAIL: gcc.c-torture/compile/20000804-1.c -O3 -fomit-frame-pointer (test for excess errors)
FAIL: gcc.c-torture/compile/20000804-1.c -O3 -fomit-frame-pointer -funroll-loops (internal compiler error)
FAIL: gcc.c-torture/compile/20000804-1.c -O3 -fomit-frame-pointer -funroll-loops (test for excess errors)
FAIL: gcc.c-torture/compile/20000804-1.c -O3 -fomit-frame-pointer -funroll-all-loops -finline-functions (internal compiler error)
FAIL: gcc.c-torture/compile/20000804-1.c -O3 -fomit-frame-pointer -funroll-all-loops -finline-functions (test for excess errors)
FAIL: gcc.c-torture/compile/20000804-1.c -O3 -g (internal compiler error)
FAIL: gcc.c-torture/compile/20000804-1.c -O3 -g (test for excess errors)
FAIL: gcc.c-torture/compile/20000804-1.c -Os (internal compiler error)
FAIL: gcc.c-torture/compile/20000804-1.c -Os (test for excess errors)
FAIL: gcc.c-torture/compile/20050622-1.c -O3 -g (internal compiler error)
FAIL: gcc.c-torture/compile/20050622-1.c -O3 -g (test for excess errors)
WARNING: program timed out.
FAIL: gcc.c-torture/execute/builtins/20010124-1.c execution, -O2
FAIL: gcc.c-torture/execute/builtins/memcpy-chk.c execution, -O1
FAIL: gcc.c-torture/execute/builtins/mempcpy-chk.c execution, -O1
FAIL: gcc.c-torture/execute/builtins/memset-chk.c execution, -O3 -fomit-frame-pointer -funroll-loops
FAIL: gcc.c-torture/execute/builtins/memset-chk.c execution, -O3 -fomit-frame-pointer -funroll-all-loops -finline-functions
FAIL: gcc.c-torture/execute/builtins/snprintf-chk.c execution, -O1
FAIL: gcc.c-torture/execute/builtins/snprintf-chk.c execution, -O2
FAIL: gcc.c-torture/execute/builtins/snprintf-chk.c execution, -O3 -fomit-frame-pointer
FAIL: gcc.c-torture/execute/builtins/snprintf-chk.c execution, -O3 -fomit-frame-pointer -funroll-loops
FAIL: gcc.c-torture/execute/builtins/snprintf-chk.c execution, -O3 -fomit-frame-pointer -funroll-all-loops -finline-functions
FAIL: gcc.c-torture/execute/builtins/snprintf-chk.c execution, -O3 -g
FAIL: gcc.c-torture/execute/builtins/snprintf-chk.c execution, -Os
FAIL: gcc.c-torture/execute/builtins/sprintf-chk.c execution, -O1
FAIL: gcc.c-torture/execute/builtins/sprintf-chk.c execution, -O2
FAIL: gcc.c-torture/execute/builtins/sprintf-chk.c execution, -O3 -fomit-frame-pointer
FAIL: gcc.c-torture/execute/builtins/sprintf-chk.c execution, -O3 -fomit-frame-pointer -funroll-loops
FAIL: gcc.c-torture/execute/builtins/sprintf-chk.c execution, -O3 -fomit-frame-pointer -funroll-all-loops -finline-functions
FAIL: gcc.c-torture/execute/builtins/sprintf-chk.c execution, -O3 -g
FAIL: gcc.c-torture/execute/builtins/sprintf-chk.c execution, -Os
FAIL: gcc.c-torture/execute/builtins/strcat-chk.c execution, -O1
FAIL: gcc.c-torture/execute/builtins/strcat-chk.c execution, -O2
FAIL: gcc.c-torture/execute/builtins/strcat-chk.c execution, -O3 -fomit-frame-pointer
FAIL: gcc.c-torture/execute/builtins/strcat-chk.c execution, -O3 -g
FAIL: gcc.c-torture/execute/builtins/strlen-3.c execution, -O3 -fomit-frame-pointer -funroll-loops
WARNING: program timed out.
FAIL: gcc.c-torture/execute/builtins/strlen-3.c execution, -O3 -fomit-frame-pointer -funroll-all-loops -finline-functions
FAIL: gcc.c-torture/execute/builtins/strncat-chk.c execution, -O1
FAIL: gcc.c-torture/execute/builtins/strncat-chk.c execution, -O2
FAIL: gcc.c-torture/execute/builtins/strncat-chk.c execution, -O3 -fomit-frame-pointer
WARNING: program timed out.
FAIL: gcc.c-torture/execute/builtins/strncat-chk.c execution, -O3 -fomit-frame-pointer -funroll-loops
WARNING: program timed out.
FAIL: gcc.c-torture/execute/builtins/strncat-chk.c execution, -O3 -fomit-frame-pointer -funroll-all-loops -finline-functions
FAIL: gcc.c-torture/execute/builtins/strncat-chk.c execution, -O3 -g
FAIL: gcc.c-torture/execute/builtins/strncpy-chk.c execution, -O1
FAIL: gcc.c-torture/execute/builtins/strncpy.c execution, -O1
FAIL: gcc.c-torture/execute/builtins/vsnprintf-chk.c execution, -O1
FAIL: gcc.c-torture/execute/builtins/vsnprintf-chk.c execution, -O2
FAIL: gcc.c-torture/execute/builtins/vsnprintf-chk.c execution, -O3 -fomit-frame-pointer
FAIL: gcc.c-torture/execute/builtins/vsnprintf-chk.c execution, -O3 -fomit-frame-pointer -funroll-loops
FAIL: gcc.c-torture/execute/builtins/vsnprintf-chk.c execution, -O3 -fomit-frame-pointer -funroll-all-loops -finline-functions
FAIL: gcc.c-torture/execute/builtins/vsnprintf-chk.c execution, -O3 -g
FAIL: gcc.c-torture/execute/builtins/vsnprintf-chk.c execution, -Os
FAIL: gcc.c-torture/execute/builtins/vsprintf-chk.c execution, -O1
FAIL: gcc.c-torture/execute/builtins/vsprintf-chk.c execution, -O2
FAIL: gcc.c-torture/execute/builtins/vsprintf-chk.c execution, -O3 -fomit-frame-pointer
FAIL: gcc.c-torture/execute/builtins/vsprintf-chk.c execution, -O3 -fomit-frame-pointer -funroll-loops
FAIL: gcc.c-torture/execute/builtins/vsprintf-chk.c execution, -O3 -fomit-frame-pointer -funroll-all-loops -finline-functions
FAIL: gcc.c-torture/execute/builtins/vsprintf-chk.c execution, -O3 -g
FAIL: gcc.c-torture/execute/builtins/vsprintf-chk.c execution, -Os
FAIL: gcc.c-torture/execute/20000412-3.c execution, -O1
FAIL: gcc.c-torture/execute/20001026-1.c execution, -O1
FAIL: gcc.c-torture/execute/20010122-1.c execution, -O0
FAIL: gcc.c-torture/execute/20010122-1.c execution, -O1
FAIL: gcc.c-torture/execute/20010122-1.c execution, -O2
FAIL: gcc.c-torture/execute/20010122-1.c execution, -O3 -g
FAIL: gcc.c-torture/execute/20010122-1.c execution, -Os
FAIL: gcc.c-torture/execute/20021011-1.c execution, -Os
FAIL: gcc.c-torture/execute/20031010-1.c execution, -O2
FAIL: gcc.c-torture/execute/20031010-1.c execution, -O3 -fomit-frame-pointer
FAIL: gcc.c-torture/execute/20031010-1.c execution, -O3 -g
FAIL: gcc.c-torture/execute/20031010-1.c execution, -Os
FAIL: gcc.c-torture/execute/20040709-1.c execution, -Os
FAIL: gcc.c-torture/execute/20040709-2.c execution, -O1
FAIL: gcc.c-torture/execute/20040709-2.c execution, -O3 -fomit-frame-pointer
FAIL: gcc.c-torture/execute/20040709-2.c execution, -O3 -fomit-frame-pointer -funroll-loops
FAIL: gcc.c-torture/execute/20040709-2.c execution, -O3 -fomit-frame-pointer -funroll-all-loops -finline-functions
FAIL: gcc.c-torture/execute/20040709-2.c execution, -O3 -g
FAIL: gcc.c-torture/execute/20041126-1.c execution, -O2
FAIL: gcc.c-torture/execute/20050613-1.c execution, -O2
FAIL: gcc.c-torture/execute/20050826-1.c execution, -O3 -fomit-frame-pointer
FAIL: gcc.c-torture/execute/20050826-1.c execution, -O3 -g
FAIL: gcc.c-torture/execute/20050826-2.c execution, -O3 -fomit-frame-pointer
FAIL: gcc.c-torture/execute/20050826-2.c execution, -O3 -g
FAIL: gcc.c-torture/execute/20060420-1.c execution, -O1
FAIL: gcc.c-torture/execute/20060420-1.c execution, -Os
FAIL: gcc.c-torture/execute/20060930-1.c execution, -O3 -fomit-frame-pointer
FAIL: gcc.c-torture/execute/20060930-1.c execution, -O3 -g
FAIL: gcc.c-torture/execute/920501-8.c execution, -O0
FAIL: gcc.c-torture/execute/920501-8.c execution, -O1
FAIL: gcc.c-torture/execute/920501-8.c execution, -O2
FAIL: gcc.c-torture/execute/920501-8.c execution, -O3 -fomit-frame-pointer
FAIL: gcc.c-torture/execute/920501-8.c execution, -O3 -g
FAIL: gcc.c-torture/execute/920501-8.c execution, -Os
FAIL: gcc.c-torture/execute/980223.c execution, -O3 -fomit-frame-pointer
FAIL: gcc.c-torture/execute/980223.c execution, -O3 -g
FAIL: gcc.c-torture/execute/complex-7.c execution, -O1
FAIL: gcc.c-torture/execute/complex-7.c execution, -O2
FAIL: gcc.c-torture/execute/complex-7.c execution, -O3 -fomit-frame-pointer
FAIL: gcc.c-torture/execute/complex-7.c execution, -O3 -g
FAIL: gcc.c-torture/execute/complex-7.c execution, -Os
FAIL: gcc.c-torture/execute/memcpy-bi.c execution, -O1
FAIL: gcc.c-torture/execute/multi-ix.c execution, -Os
FAIL: gcc.c-torture/execute/nestfunc-5.c execution, -O1
FAIL: gcc.c-torture/execute/nestfunc-5.c execution, -O2
FAIL: gcc.c-torture/execute/nestfunc-5.c execution, -O3 -fomit-frame-pointer
FAIL: gcc.c-torture/execute/nestfunc-5.c execution, -O3 -g
FAIL: gcc.c-torture/execute/nestfunc-5.c execution, -Os
FAIL: gcc.c-torture/execute/nestfunc-6.c execution, -O1
FAIL: gcc.c-torture/execute/nestfunc-6.c execution, -O2
FAIL: gcc.c-torture/execute/nestfunc-6.c execution, -O3 -fomit-frame-pointer
FAIL: gcc.c-torture/execute/nestfunc-6.c execution, -O3 -g
FAIL: gcc.c-torture/execute/nestfunc-6.c execution, -Os
FAIL: gcc.c-torture/execute/pr17377.c execution, -O0
FAIL: gcc.c-torture/execute/stdarg-3.c execution, -O1
FAIL: gcc.c-torture/execute/stdarg-3.c execution, -O2
FAIL: gcc.c-torture/execute/stdarg-3.c execution, -O3 -fomit-frame-pointer
FAIL: gcc.c-torture/execute/stdarg-3.c execution, -O3 -g
FAIL: gcc.c-torture/execute/strct-stdarg-1.c execution, -O3 -fomit-frame-pointer -funroll-loops
FAIL: gcc.c-torture/execute/strct-stdarg-1.c execution, -O3 -fomit-frame-pointer -funroll-all-loops -finline-functions
FAIL: gcc.c-torture/execute/va-arg-22.c execution, -O1
FAIL: gcc.c-torture/execute/va-arg-22.c execution, -O2
FAIL: gcc.c-torture/execute/va-arg-22.c execution, -O3 -fomit-frame-pointer
FAIL: gcc.c-torture/execute/va-arg-22.c execution, -O3 -g
FAIL: gcc.c-torture/execute/va-arg-24.c execution, -O1
FAIL: gcc.c-torture/execute/vrp-6.c execution, -O2
FAIL: gcc.c-torture/execute/ieee/inf-1.c execution, -O0
FAIL: gcc.dg/cpp/_Pragma6.c (test for excess errors)
FAIL: gcc.dg/cpp/assert4.c (test for excess errors)
XPASS: gcc.dg/cpp/cmdlne-dI-M.c scan-file (^|\\\\n)cmdlne-dI-M.*:[^\\\\n]*cmdlne-dI-M.c
XPASS: gcc.dg/cpp/cmdlne-dM-M.c scan-file (^|\\\\n)cmdlne-dM-M[^\\\\n]*:[^\\\\n]*cmdlne-dM-M.c
FAIL: gcc.dg/20021014-1.c (test for excess errors)
UNRESOLVED: gcc.dg/20021014-1.c compilation failed to produce executable
FAIL: gcc.dg/20050321-2.c (test for excess errors)
FAIL: gcc.dg/20050607-1.c (test for excess errors)
FAIL: gcc.dg/asm-4.c (test for excess errors)
FAIL: gcc.dg/nest.c (test for excess errors)
UNRESOLVED: gcc.dg/nest.c compilation failed to produce executable
FAIL: gcc.dg/nested-func-4.c (test for excess errors)
UNRESOLVED: gcc.dg/nested-func-4.c compilation failed to produce executable
FAIL: gcc.dg/pr19340.c (test for excess errors)
FAIL: gcc.dg/pr27959-2.c execution test
FAIL: gcc.dg/pr27959.c execution test
FAIL: gcc.dg/pr30643.c scan-assembler-not undefined
FAIL: gcc.dg/pr30957-1.c scan-rtl-dump loop2_unroll "Expanding Accumulator"
FAIL: gcc.dg/pr32450.c (test for excess errors)
UNRESOLVED: gcc.dg/pr32450.c compilation failed to produce executable
FAIL: gcc.dg/sibcall-3.c execution test
FAIL: gcc.dg/sibcall-4.c execution test
FAIL: gcc.dg/struct-by-value-1.c execution test
FAIL: gcc.dg/var-expand1.c scan-rtl-dump loop2_unroll "Expanding Accumulator"
FAIL: gcc.dg/matrix/transpose-1.c compilation, -fprofile-generate -O3
UNRESOLVED: gcc.dg/matrix/transpose-1.c execution, -fprofile-generate -O3
UNRESOLVED: gcc.dg/matrix/transpose-1.c compilation, -fprofile-use -fipa-matrix-reorg -fdump-ipa-matrix-reorg -O3 -fwhole-program -combine
UNRESOLVED: gcc.dg/matrix/transpose-1.c execution, -fprofile-use -fipa-matrix-reorg -fdump-ipa-matrix-reorg -O3 -fwhole-program -combine
FAIL: gcc.dg/matrix/transpose-2.c compilation, -fprofile-generate -O3
UNRESOLVED: gcc.dg/matrix/transpose-2.c execution, -fprofile-generate -O3
UNRESOLVED: gcc.dg/matrix/transpose-2.c compilation, -fprofile-use -fipa-matrix-reorg -fdump-ipa-matrix-reorg -O3 -fwhole-program -combine
UNRESOLVED: gcc.dg/matrix/transpose-2.c execution, -fprofile-use -fipa-matrix-reorg -fdump-ipa-matrix-reorg -O3 -fwhole-program -combine
FAIL: gcc.dg/matrix/transpose-3.c compilation, -fprofile-generate -O3
UNRESOLVED: gcc.dg/matrix/transpose-3.c execution, -fprofile-generate -O3
UNRESOLVED: gcc.dg/matrix/transpose-3.c compilation, -fprofile-use -fipa-matrix-reorg -fdump-ipa-matrix-reorg -O3 -fwhole-program -combine
UNRESOLVED: gcc.dg/matrix/transpose-3.c execution, -fprofile-use -fipa-matrix-reorg -fdump-ipa-matrix-reorg -O3 -fwhole-program -combine
FAIL: gcc.dg/matrix/transpose-4.c compilation, -fprofile-generate -O3
UNRESOLVED: gcc.dg/matrix/transpose-4.c execution, -fprofile-generate -O3
UNRESOLVED: gcc.dg/matrix/transpose-4.c compilation, -fprofile-use -fipa-matrix-reorg -fdump-ipa-matrix-reorg -O3 -fwhole-program -combine
UNRESOLVED: gcc.dg/matrix/transpose-4.c execution, -fprofile-use -fipa-matrix-reorg -fdump-ipa-matrix-reorg -O3 -fwhole-program -combine
FAIL: gcc.dg/matrix/transpose-5.c compilation, -fprofile-generate -O3
UNRESOLVED: gcc.dg/matrix/transpose-5.c execution, -fprofile-generate -O3
UNRESOLVED: gcc.dg/matrix/transpose-5.c compilation, -fprofile-use -fipa-matrix-reorg -fdump-ipa-matrix-reorg -O3 -fwhole-program -combine
UNRESOLVED: gcc.dg/matrix/transpose-5.c execution, -fprofile-use -fipa-matrix-reorg -fdump-ipa-matrix-reorg -O3 -fwhole-program -combine
FAIL: gcc.dg/matrix/transpose-6.c compilation, -fprofile-generate -O3
UNRESOLVED: gcc.dg/matrix/transpose-6.c execution, -fprofile-generate -O3
UNRESOLVED: gcc.dg/matrix/transpose-6.c compilation, -fprofile-use -fipa-matrix-reorg -fdump-ipa-matrix-reorg -O3 -fwhole-program -combine
UNRESOLVED: gcc.dg/matrix/transpose-6.c execution, -fprofile-use -fipa-matrix-reorg -fdump-ipa-matrix-reorg -O3 -fwhole-program -combine
FAIL: gcc.dg/torture/builtin-pow-mpfr-1.c -O0 scan-tree-dump original "pow"
FAIL: gcc.dg/torture/builtin-pow-mpfr-1.c -O1 scan-tree-dump original "pow"
FAIL: gcc.dg/torture/builtin-pow-mpfr-1.c -O2 scan-tree-dump original "pow"
FAIL: gcc.dg/torture/builtin-pow-mpfr-1.c -O3 -fomit-frame-pointer scan-tree-dump original "pow"
FAIL: gcc.dg/torture/builtin-pow-mpfr-1.c -O3 -g scan-tree-dump original "pow"
FAIL: gcc.dg/torture/builtin-pow-mpfr-1.c -Os scan-tree-dump original "pow"
FAIL: gcc.dg/tree-prof/bb-reorg.c compilation, -fprofile-generate -D_PROFILE_GENERATE
UNRESOLVED: gcc.dg/tree-prof/bb-reorg.c execution, -fprofile-generate -D_PROFILE_GENERATE
UNRESOLVED: gcc.dg/tree-prof/bb-reorg.c compilation, -fprofile-use -D_PROFILE_USE
UNRESOLVED: gcc.dg/tree-prof/bb-reorg.c execution, -fprofile-use -D_PROFILE_USE
FAIL: gcc.dg/tree-prof/indir-call-prof.c compilation, -fprofile-generate -D_PROFILE_GENERATE
UNRESOLVED: gcc.dg/tree-prof/indir-call-prof.c execution, -fprofile-generate -D_PROFILE_GENERATE
UNRESOLVED: gcc.dg/tree-prof/indir-call-prof.c compilation, -fprofile-use -D_PROFILE_USE
UNRESOLVED: gcc.dg/tree-prof/indir-call-prof.c execution, -fprofile-use -D_PROFILE_USE
FAIL: gcc.dg/tree-prof/inliner-1.c compilation, -fprofile-generate -D_PROFILE_GENERATE
UNRESOLVED: gcc.dg/tree-prof/inliner-1.c execution, -fprofile-generate -D_PROFILE_GENERATE
UNRESOLVED: gcc.dg/tree-prof/inliner-1.c compilation, -fprofile-use -D_PROFILE_USE
UNRESOLVED: gcc.dg/tree-prof/inliner-1.c execution, -fprofile-use -D_PROFILE_USE
FAIL: gcc.dg/tree-prof/stringop-1.c compilation, -fprofile-generate -D_PROFILE_GENERATE
UNRESOLVED: gcc.dg/tree-prof/stringop-1.c execution, -fprofile-generate -D_PROFILE_GENERATE
UNRESOLVED: gcc.dg/tree-prof/stringop-1.c compilation, -fprofile-use -D_PROFILE_USE
UNRESOLVED: gcc.dg/tree-prof/stringop-1.c execution, -fprofile-use -D_PROFILE_USE
FAIL: gcc.dg/tree-prof/stringop-2.c compilation, -fprofile-generate -D_PROFILE_GENERATE
UNRESOLVED: gcc.dg/tree-prof/stringop-2.c execution, -fprofile-generate -D_PROFILE_GENERATE
UNRESOLVED: gcc.dg/tree-prof/stringop-2.c compilation, -fprofile-use -D_PROFILE_USE
UNRESOLVED: gcc.dg/tree-prof/stringop-2.c execution, -fprofile-use -D_PROFILE_USE
FAIL: gcc.dg/tree-prof/tracer-1.c compilation, -fprofile-generate -D_PROFILE_GENERATE
UNRESOLVED: gcc.dg/tree-prof/tracer-1.c execution, -fprofile-generate -D_PROFILE_GENERATE
UNRESOLVED: gcc.dg/tree-prof/tracer-1.c compilation, -fprofile-use -D_PROFILE_USE
UNRESOLVED: gcc.dg/tree-prof/tracer-1.c execution, -fprofile-use -D_PROFILE_USE
FAIL: gcc.dg/tree-prof/update-cunroll-2.c compilation, -fprofile-generate -D_PROFILE_GENERATE
UNRESOLVED: gcc.dg/tree-prof/update-cunroll-2.c execution, -fprofile-generate -D_PROFILE_GENERATE
UNRESOLVED: gcc.dg/tree-prof/update-cunroll-2.c compilation, -fprofile-use -D_PROFILE_USE
UNRESOLVED: gcc.dg/tree-prof/update-cunroll-2.c execution, -fprofile-use -D_PROFILE_USE
FAIL: gcc.dg/tree-prof/update-loopch.c compilation, -fprofile-generate -D_PROFILE_GENERATE
UNRESOLVED: gcc.dg/tree-prof/update-loopch.c execution, -fprofile-generate -D_PROFILE_GENERATE
UNRESOLVED: gcc.dg/tree-prof/update-loopch.c compilation, -fprofile-use -D_PROFILE_USE
UNRESOLVED: gcc.dg/tree-prof/update-loopch.c execution, -fprofile-use -D_PROFILE_USE
FAIL: gcc.dg/tree-prof/update-tailcall.c compilation, -fprofile-generate -D_PROFILE_GENERATE
UNRESOLVED: gcc.dg/tree-prof/update-tailcall.c execution, -fprofile-generate -D_PROFILE_GENERATE
UNRESOLVED: gcc.dg/tree-prof/update-tailcall.c compilation, -fprofile-use -D_PROFILE_USE
UNRESOLVED: gcc.dg/tree-prof/update-tailcall.c execution, -fprofile-use -D_PROFILE_USE
FAIL: gcc.dg/tree-prof/val-prof-1.c compilation, -fprofile-generate -D_PROFILE_GENERATE
UNRESOLVED: gcc.dg/tree-prof/val-prof-1.c execution, -fprofile-generate -D_PROFILE_GENERATE
UNRESOLVED: gcc.dg/tree-prof/val-prof-1.c compilation, -fprofile-use -D_PROFILE_USE
UNRESOLVED: gcc.dg/tree-prof/val-prof-1.c execution, -fprofile-use -D_PROFILE_USE
FAIL: gcc.dg/tree-prof/val-prof-2.c compilation, -fprofile-generate -D_PROFILE_GENERATE
UNRESOLVED: gcc.dg/tree-prof/val-prof-2.c execution, -fprofile-generate -D_PROFILE_GENERATE
UNRESOLVED: gcc.dg/tree-prof/val-prof-2.c compilation, -fprofile-use -D_PROFILE_USE
UNRESOLVED: gcc.dg/tree-prof/val-prof-2.c execution, -fprofile-use -D_PROFILE_USE
FAIL: gcc.dg/tree-prof/val-prof-3.c compilation, -fprofile-generate -D_PROFILE_GENERATE
UNRESOLVED: gcc.dg/tree-prof/val-prof-3.c execution, -fprofile-generate -D_PROFILE_GENERATE
UNRESOLVED: gcc.dg/tree-prof/val-prof-3.c compilation, -fprofile-use -D_PROFILE_USE
UNRESOLVED: gcc.dg/tree-prof/val-prof-3.c execution, -fprofile-use -D_PROFILE_USE
FAIL: gcc.dg/tree-prof/val-prof-4.c compilation, -fprofile-generate -D_PROFILE_GENERATE
UNRESOLVED: gcc.dg/tree-prof/val-prof-4.c execution, -fprofile-generate -D_PROFILE_GENERATE
UNRESOLVED: gcc.dg/tree-prof/val-prof-4.c compilation, -fprofile-use -D_PROFILE_USE
UNRESOLVED: gcc.dg/tree-prof/val-prof-4.c execution, -fprofile-use -D_PROFILE_USE
FAIL: gcc.dg/tree-prof/val-prof-5.c compilation, -fprofile-generate -D_PROFILE_GENERATE
UNRESOLVED: gcc.dg/tree-prof/val-prof-5.c execution, -fprofile-generate -D_PROFILE_GENERATE
UNRESOLVED: gcc.dg/tree-prof/val-prof-5.c compilation, -fprofile-use -D_PROFILE_USE
UNRESOLVED: gcc.dg/tree-prof/val-prof-5.c execution, -fprofile-use -D_PROFILE_USE
FAIL: gcc.dg/tree-prof/val-prof-6.c compilation, -fprofile-generate -D_PROFILE_GENERATE
UNRESOLVED: gcc.dg/tree-prof/val-prof-6.c execution, -fprofile-generate -D_PROFILE_GENERATE
UNRESOLVED: gcc.dg/tree-prof/val-prof-6.c compilation, -fprofile-use -D_PROFILE_USE
UNRESOLVED: gcc.dg/tree-prof/val-prof-6.c execution, -fprofile-use -D_PROFILE_USE
FAIL: gcc.dg/tree-prof/wcoverage-mismatch.c compilation, -fprofile-generate -D_PROFILE_GENERATE
UNRESOLVED: gcc.dg/tree-prof/wcoverage-mismatch.c execution, -fprofile-generate -D_PROFILE_GENERATE
UNRESOLVED: gcc.dg/tree-prof/wcoverage-mismatch.c compilation, -fprofile-use -D_PROFILE_USE
UNRESOLVED: gcc.dg/tree-prof/wcoverage-mismatch.c execution, -fprofile-use -D_PROFILE_USE
XPASS: gcc.dg/tree-ssa/20040204-1.c scan-tree-dump-times optimized "link_error" 0
FAIL: gcc.dg/tree-ssa/loop-1.c scan-assembler-times foo 5
FAIL: gcc.dg/weak/typeof-2.c scan-assembler baz3.*baz3.*baz3.*baz3.*baz3.*baz3
FAIL: gcc.misc-tests/bprob-1.c execution: file bprob-1.gcda does not exist, -fprofile-arcs
UNRESOLVED: gcc.misc-tests/bprob-1.c compilation, -fbranch-probabilities
UNRESOLVED: gcc.misc-tests/bprob-1.c execution, -fbranch-probabilities
FAIL: gcc.misc-tests/bprob-2.c execution: file bprob-2.gcda does not exist, -fprofile-arcs
UNRESOLVED: gcc.misc-tests/bprob-2.c compilation, -fbranch-probabilities
UNRESOLVED: gcc.misc-tests/bprob-2.c execution, -fbranch-probabilities
=== gcc Summary ===
# of expected passes 43941
# of unexpected failures 182
# of unexpected successes 3
# of expected failures 84
# of unresolved testcases 74
# of untested testcases 35
# of unsupported tests 391
/home/rask/build/gcc-fr30-unknown-elf/gcc/xgcc version 4.3.0 20071126 (experimental) (GCC)
Host is x86_64-unknown-linux-gnu
=== g++ tests ===
Running target fr30-sim
FAIL: g++.dg/bprob/g++-bprob-1.C execution: file g++-bprob-1.gcda does not exist, -g -fprofile-arcs
UNRESOLVED: g++.dg/bprob/g++-bprob-1.C compilation, -g -fbranch-probabilities
UNRESOLVED: g++.dg/bprob/g++-bprob-1.C execution, -g -fbranch-probabilities
FAIL: g++.dg/bprob/g++-bprob-1.C execution: file g++-bprob-1.gcda does not exist, -O0 -fprofile-arcs
UNRESOLVED: g++.dg/bprob/g++-bprob-1.C compilation, -O0 -fbranch-probabilities
UNRESOLVED: g++.dg/bprob/g++-bprob-1.C execution, -O0 -fbranch-probabilities
FAIL: g++.dg/bprob/g++-bprob-1.C execution: file g++-bprob-1.gcda does not exist, -O1 -fprofile-arcs
UNRESOLVED: g++.dg/bprob/g++-bprob-1.C compilation, -O1 -fbranch-probabilities
UNRESOLVED: g++.dg/bprob/g++-bprob-1.C execution, -O1 -fbranch-probabilities
FAIL: g++.dg/bprob/g++-bprob-1.C execution: file g++-bprob-1.gcda does not exist, -O2 -fprofile-arcs
UNRESOLVED: g++.dg/bprob/g++-bprob-1.C compilation, -O2 -fbranch-probabilities
UNRESOLVED: g++.dg/bprob/g++-bprob-1.C execution, -O2 -fbranch-probabilities
FAIL: g++.dg/bprob/g++-bprob-1.C execution: file g++-bprob-1.gcda does not exist, -O3 -fprofile-arcs
UNRESOLVED: g++.dg/bprob/g++-bprob-1.C compilation, -O3 -fbranch-probabilities
UNRESOLVED: g++.dg/bprob/g++-bprob-1.C execution, -O3 -fbranch-probabilities
FAIL: g++.dg/bprob/g++-bprob-1.C execution: file g++-bprob-1.gcda does not exist, -O3 -g -fprofile-arcs
UNRESOLVED: g++.dg/bprob/g++-bprob-1.C compilation, -O3 -g -fbranch-probabilities
UNRESOLVED: g++.dg/bprob/g++-bprob-1.C execution, -O3 -g -fbranch-probabilities
FAIL: g++.dg/bprob/g++-bprob-1.C execution: file g++-bprob-1.gcda does not exist, -Os -fprofile-arcs
UNRESOLVED: g++.dg/bprob/g++-bprob-1.C compilation, -Os -fbranch-probabilities
UNRESOLVED: g++.dg/bprob/g++-bprob-1.C execution, -Os -fbranch-probabilities
FAIL: g++.dg/bprob/g++-bprob-2.C execution: file g++-bprob-2.gcda does not exist, -g -fprofile-arcs
UNRESOLVED: g++.dg/bprob/g++-bprob-2.C compilation, -g -fbranch-probabilities
UNRESOLVED: g++.dg/bprob/g++-bprob-2.C execution, -g -fbranch-probabilities
FAIL: g++.dg/bprob/g++-bprob-2.C execution: file g++-bprob-2.gcda does not exist, -O0 -fprofile-arcs
UNRESOLVED: g++.dg/bprob/g++-bprob-2.C compilation, -O0 -fbranch-probabilities
UNRESOLVED: g++.dg/bprob/g++-bprob-2.C execution, -O0 -fbranch-probabilities
FAIL: g++.dg/bprob/g++-bprob-2.C execution: file g++-bprob-2.gcda does not exist, -O1 -fprofile-arcs
UNRESOLVED: g++.dg/bprob/g++-bprob-2.C compilation, -O1 -fbranch-probabilities
UNRESOLVED: g++.dg/bprob/g++-bprob-2.C execution, -O1 -fbranch-probabilities
FAIL: g++.dg/bprob/g++-bprob-2.C execution: file g++-bprob-2.gcda does not exist, -O2 -fprofile-arcs
UNRESOLVED: g++.dg/bprob/g++-bprob-2.C compilation, -O2 -fbranch-probabilities
UNRESOLVED: g++.dg/bprob/g++-bprob-2.C execution, -O2 -fbranch-probabilities
FAIL: g++.dg/bprob/g++-bprob-2.C execution: file g++-bprob-2.gcda does not exist, -O3 -fprofile-arcs
UNRESOLVED: g++.dg/bprob/g++-bprob-2.C compilation, -O3 -fbranch-probabilities
UNRESOLVED: g++.dg/bprob/g++-bprob-2.C execution, -O3 -fbranch-probabilities
FAIL: g++.dg/bprob/g++-bprob-2.C execution: file g++-bprob-2.gcda does not exist, -O3 -g -fprofile-arcs
UNRESOLVED: g++.dg/bprob/g++-bprob-2.C compilation, -O3 -g -fbranch-probabilities
UNRESOLVED: g++.dg/bprob/g++-bprob-2.C execution, -O3 -g -fbranch-probabilities
FAIL: g++.dg/bprob/g++-bprob-2.C execution: file g++-bprob-2.gcda does not exist, -Os -fprofile-arcs
UNRESOLVED: g++.dg/bprob/g++-bprob-2.C compilation, -Os -fbranch-probabilities
UNRESOLVED: g++.dg/bprob/g++-bprob-2.C execution, -Os -fbranch-probabilities
FAIL: g++.dg/cpp/_Pragma1.C (test for excess errors)
FAIL: g++.dg/eh/omit-frame-pointer.C execution test
FAIL: g++.dg/init/array15.C execution test
FAIL: g++.dg/init/array16.C execution test
FAIL: g++.dg/init/ref15.C execution test
FAIL: g++.dg/opt/asm1.C double sized union element should be addressible (test for bogus messages, line 8)
FAIL: g++.dg/opt/pr15551.C execution test
FAIL: g++.dg/opt/vrp2.C execution test
FAIL: g++.dg/rtti/typeid4.C execution test
FAIL: g++.dg/template/friend10.C execution test
FAIL: g++.dg/tree-ssa/pr20458.C execution test
FAIL: g++.dg/tree-prof/indir-call-prof.C compilation, -g -fprofile-generate
UNRESOLVED: g++.dg/tree-prof/indir-call-prof.C execution, -g -fprofile-generate
UNRESOLVED: g++.dg/tree-prof/indir-call-prof.C compilation, -g -fprofile-use
UNRESOLVED: g++.dg/tree-prof/indir-call-prof.C execution, -g -fprofile-use
FAIL: g++.dg/tree-prof/indir-call-prof.C compilation, -O0 -fprofile-generate
UNRESOLVED: g++.dg/tree-prof/indir-call-prof.C execution, -O0 -fprofile-generate
UNRESOLVED: g++.dg/tree-prof/indir-call-prof.C compilation, -O0 -fprofile-use
UNRESOLVED: g++.dg/tree-prof/indir-call-prof.C execution, -O0 -fprofile-use
FAIL: g++.dg/tree-prof/indir-call-prof.C compilation, -O1 -fprofile-generate
UNRESOLVED: g++.dg/tree-prof/indir-call-prof.C execution, -O1 -fprofile-generate
UNRESOLVED: g++.dg/tree-prof/indir-call-prof.C compilation, -O1 -fprofile-use
UNRESOLVED: g++.dg/tree-prof/indir-call-prof.C execution, -O1 -fprofile-use
FAIL: g++.dg/tree-prof/indir-call-prof.C compilation, -O2 -fprofile-generate
UNRESOLVED: g++.dg/tree-prof/indir-call-prof.C execution, -O2 -fprofile-generate
UNRESOLVED: g++.dg/tree-prof/indir-call-prof.C compilation, -O2 -fprofile-use
UNRESOLVED: g++.dg/tree-prof/indir-call-prof.C execution, -O2 -fprofile-use
FAIL: g++.dg/tree-prof/indir-call-prof.C compilation, -O3 -fprofile-generate
UNRESOLVED: g++.dg/tree-prof/indir-call-prof.C execution, -O3 -fprofile-generate
UNRESOLVED: g++.dg/tree-prof/indir-call-prof.C compilation, -O3 -fprofile-use
UNRESOLVED: g++.dg/tree-prof/indir-call-prof.C execution, -O3 -fprofile-use
FAIL: g++.dg/tree-prof/indir-call-prof.C compilation, -O3 -g -fprofile-generate
UNRESOLVED: g++.dg/tree-prof/indir-call-prof.C execution, -O3 -g -fprofile-generate
UNRESOLVED: g++.dg/tree-prof/indir-call-prof.C compilation, -O3 -g -fprofile-use
UNRESOLVED: g++.dg/tree-prof/indir-call-prof.C execution, -O3 -g -fprofile-use
FAIL: g++.dg/tree-prof/indir-call-prof.C compilation, -Os -fprofile-generate
UNRESOLVED: g++.dg/tree-prof/indir-call-prof.C execution, -Os -fprofile-generate
UNRESOLVED: g++.dg/tree-prof/indir-call-prof.C compilation, -Os -fprofile-use
UNRESOLVED: g++.dg/tree-prof/indir-call-prof.C execution, -Os -fprofile-use
FAIL: g++.old-deja/g++.abi/vbase1.C execution test
FAIL: g++.old-deja/g++.benjamin/15071.C execution test
FAIL: g++.old-deja/g++.brendan/copy9.C execution test
FAIL: g++.old-deja/g++.brendan/nest21.C execution test
FAIL: g++.old-deja/g++.brendan/ptolemy2.C execution test
FAIL: g++.old-deja/g++.jason/2371.C execution test
FAIL: g++.old-deja/g++.jason/template24.C execution test
FAIL: g++.old-deja/g++.jason/template31.C execution test
FAIL: g++.old-deja/g++.jason/thunk3.C (test for excess errors)
UNRESOLVED: g++.old-deja/g++.jason/thunk3.C compilation failed to produce executable
FAIL: g++.old-deja/g++.law/arg8.C execution test
FAIL: g++.old-deja/g++.law/code-gen5.C execution test
FAIL: g++.old-deja/g++.law/ctors12.C execution test
FAIL: g++.old-deja/g++.law/cvt2.C execution test
FAIL: g++.old-deja/g++.law/profile1.C (test for excess errors)
UNRESOLVED: g++.old-deja/g++.law/profile1.C compilation failed to produce executable
FAIL: g++.old-deja/g++.law/virtual3.C execution test
FAIL: g++.old-deja/g++.mike/eh2.C execution test
XPASS: g++.old-deja/g++.mike/empty.C suggest (test for bogus messages, line 19)
XPASS: g++.old-deja/g++.mike/empty.C suggest (test for bogus messages, line 20)
FAIL: g++.old-deja/g++.mike/net34.C execution test
FAIL: g++.old-deja/g++.mike/net46.C execution test
FAIL: g++.old-deja/g++.mike/p658.C execution test
FAIL: g++.old-deja/g++.other/comdat5.C (test for excess errors)
FAIL: g++.old-deja/g++.other/headers1.C execution test
FAIL: g++.old-deja/g++.other/inline7.C execution test
FAIL: g++.old-deja/g++.other/rtti3.C execution test
FAIL: g++.old-deja/g++.other/rtti4.C execution test
FAIL: g++.old-deja/g++.other/rttid2.C execution test
FAIL: g++.old-deja/g++.other/rttid3.C execution test
FAIL: g++.old-deja/g++.other/rttid4.C execution test
FAIL: g++.old-deja/g++.other/sibcall1.C execution test
FAIL: g++.old-deja/g++.other/unchanging1.C execution test
FAIL: g++.old-deja/g++.pt/static11.C execution test
FAIL: g++.old-deja/g++.robertl/eb115.C execution test
FAIL: g++.old-deja/g++.robertl/eb21.C execution test
FAIL: g++.old-deja/g++.robertl/eb31.C execution test
FAIL: g++.old-deja/g++.robertl/eb41.C execution test
FAIL: g++.old-deja/g++.robertl/eb46.C execution test
FAIL: g++.old-deja/g++.robertl/eb54.C execution test
FAIL: g++.old-deja/g++.robertl/eb66.C execution test
FAIL: g++.old-deja/g++.robertl/eb73.C execution test
FAIL: g++.old-deja/g++.robertl/eb77.C execution test
=== g++ Summary ===
# of expected passes 16369
# of unexpected failures 71
# of unexpected successes 2
# of expected failures 81
# of unresolved testcases 51
# of unsupported tests 169
/home/rask/build/gcc-fr30-unknown-elf/gcc/testsuite/g++/../../g++ version 4.3.0 20071126 (experimental) (GCC)
Host is x86_64-unknown-linux-gnu
=== objc tests ===
Running target fr30-sim
FAIL: objc/execute/exceptions/catchall-1.m execution, -O0 -fgnu-runtime
FAIL: objc/execute/exceptions/catchall-1.m execution, -O1 -fgnu-runtime
FAIL: objc/execute/exceptions/catchall-1.m execution, -O2 -fgnu-runtime
FAIL: objc/execute/exceptions/catchall-1.m execution, -O3 -fomit-frame-pointer -fgnu-runtime
FAIL: objc/execute/exceptions/catchall-1.m execution, -O3 -g -fgnu-runtime
FAIL: objc/execute/exceptions/catchall-1.m execution, -Os -fgnu-runtime
FAIL: objc/execute/exceptions/finally-1.m execution, -O0 -fgnu-runtime
FAIL: objc/execute/exceptions/finally-1.m execution, -O1 -fgnu-runtime
FAIL: objc/execute/exceptions/finally-1.m execution, -O2 -fgnu-runtime
FAIL: objc/execute/exceptions/finally-1.m execution, -O3 -fomit-frame-pointer -fgnu-runtime
FAIL: objc/execute/exceptions/finally-1.m execution, -O3 -g -fgnu-runtime
FAIL: objc/execute/exceptions/finally-1.m execution, -Os -fgnu-runtime
FAIL: objc/execute/exceptions/foward-1.m execution, -O0 -fgnu-runtime
FAIL: objc/execute/exceptions/foward-1.m execution, -O1 -fgnu-runtime
FAIL: objc/execute/exceptions/foward-1.m execution, -O2 -fgnu-runtime
FAIL: objc/execute/exceptions/foward-1.m execution, -O3 -fomit-frame-pointer -fgnu-runtime
FAIL: objc/execute/exceptions/foward-1.m execution, -O3 -fomit-frame-pointer -funroll-loops -fgnu-runtime
FAIL: objc/execute/exceptions/foward-1.m execution, -O3 -fomit-frame-pointer -funroll-all-loops -finline-functions -fgnu-runtime
FAIL: objc/execute/exceptions/foward-1.m execution, -O3 -g -fgnu-runtime
FAIL: objc/execute/exceptions/foward-1.m execution, -Os -fgnu-runtime
FAIL: objc/execute/exceptions/local-variables-1.m execution, -O0 -fgnu-runtime
FAIL: objc/execute/exceptions/local-variables-1.m execution, -O1 -fgnu-runtime
FAIL: objc/execute/exceptions/local-variables-1.m execution, -O2 -fgnu-runtime
FAIL: objc/execute/exceptions/local-variables-1.m execution, -O3 -fomit-frame-pointer -fgnu-runtime
FAIL: objc/execute/exceptions/local-variables-1.m execution, -O3 -g -fgnu-runtime
FAIL: objc/execute/exceptions/local-variables-1.m execution, -Os -fgnu-runtime
FAIL: objc/execute/exceptions/trivial.m execution, -O0 -fgnu-runtime
FAIL: objc/execute/exceptions/trivial.m execution, -O1 -fgnu-runtime
FAIL: objc/execute/exceptions/trivial.m execution, -O2 -fgnu-runtime
FAIL: objc/execute/exceptions/trivial.m execution, -O3 -fomit-frame-pointer -fgnu-runtime
FAIL: objc/execute/exceptions/trivial.m execution, -O3 -g -fgnu-runtime
FAIL: objc/execute/exceptions/trivial.m execution, -Os -fgnu-runtime
FAIL: objc/execute/IMP.m execution, -O0 -fgnu-runtime
FAIL: objc/execute/IMP.m execution, -O1 -fgnu-runtime
FAIL: objc/execute/IMP.m execution, -O2 -fgnu-runtime
FAIL: objc/execute/IMP.m execution, -O3 -fomit-frame-pointer -fgnu-runtime
FAIL: objc/execute/IMP.m execution, -O3 -g -fgnu-runtime
FAIL: objc/execute/IMP.m execution, -Os -fgnu-runtime
FAIL: objc/execute/_cmd.m execution, -O0 -fgnu-runtime
FAIL: objc/execute/_cmd.m execution, -O1 -fgnu-runtime
FAIL: objc/execute/_cmd.m execution, -O2 -fgnu-runtime
FAIL: objc/execute/_cmd.m execution, -O3 -fomit-frame-pointer -fgnu-runtime
FAIL: objc/execute/_cmd.m execution, -O3 -g -fgnu-runtime
FAIL: objc/execute/_cmd.m execution, -Os -fgnu-runtime
FAIL: objc/execute/accessing_ivars.m execution, -O0 -fgnu-runtime
FAIL: objc/execute/accessing_ivars.m execution, -O1 -fgnu-runtime
FAIL: objc/execute/accessing_ivars.m execution, -O2 -fgnu-runtime
FAIL: objc/execute/accessing_ivars.m execution, -O3 -fomit-frame-pointer -fgnu-runtime
FAIL: objc/execute/accessing_ivars.m execution, -O3 -g -fgnu-runtime
FAIL: objc/execute/accessing_ivars.m execution, -Os -fgnu-runtime
FAIL: objc/execute/bf-1.m execution, -O0 -fgnu-runtime
FAIL: objc/execute/bf-1.m execution, -O1 -fgnu-runtime
FAIL: objc/execute/bf-1.m execution, -O2 -fgnu-runtime
FAIL: objc/execute/bf-1.m execution, -O3 -fomit-frame-pointer -fgnu-runtime
FAIL: objc/execute/bf-1.m execution, -O3 -g -fgnu-runtime
FAIL: objc/execute/bf-1.m execution, -Os -fgnu-runtime
FAIL: objc/execute/bf-10.m execution, -O0 -fgnu-runtime
FAIL: objc/execute/bf-10.m execution, -O1 -fgnu-runtime
FAIL: objc/execute/bf-10.m execution, -O2 -fgnu-runtime
FAIL: objc/execute/bf-10.m execution, -O3 -fomit-frame-pointer -fgnu-runtime
FAIL: objc/execute/bf-10.m execution, -O3 -g -fgnu-runtime
FAIL: objc/execute/bf-10.m execution, -Os -fgnu-runtime
FAIL: objc/execute/bf-11.m execution, -O0 -fgnu-runtime
FAIL: objc/execute/bf-11.m execution, -O1 -fgnu-runtime
FAIL: objc/execute/bf-11.m execution, -O2 -fgnu-runtime
FAIL: objc/execute/bf-11.m execution, -O3 -fomit-frame-pointer -fgnu-runtime
FAIL: objc/execute/bf-11.m execution, -O3 -g -fgnu-runtime
FAIL: objc/execute/bf-11.m execution, -Os -fgnu-runtime
FAIL: objc/execute/bf-12.m execution, -O0 -fgnu-runtime
FAIL: objc/execute/bf-12.m execution, -O1 -fgnu-runtime
FAIL: objc/execute/bf-12.m execution, -O2 -fgnu-runtime
FAIL: objc/execute/bf-12.m execution, -O3 -fomit-frame-pointer -fgnu-runtime
FAIL: objc/execute/bf-12.m execution, -O3 -g -fgnu-runtime
FAIL: objc/execute/bf-12.m execution, -Os -fgnu-runtime
FAIL: objc/execute/bf-13.m execution, -O0 -fgnu-runtime
FAIL: objc/execute/bf-13.m execution, -O1 -fgnu-runtime
FAIL: objc/execute/bf-13.m execution, -O2 -fgnu-runtime
FAIL: objc/execute/bf-13.m execution, -O3 -fomit-frame-pointer -fgnu-runtime
FAIL: objc/execute/bf-13.m execution, -O3 -g -fgnu-runtime
FAIL: objc/execute/bf-13.m execution, -Os -fgnu-runtime
FAIL: objc/execute/bf-14.m execution, -O0 -fgnu-runtime
FAIL: objc/execute/bf-14.m execution, -O1 -fgnu-runtime
FAIL: objc/execute/bf-14.m execution, -O2 -fgnu-runtime
FAIL: objc/execute/bf-14.m execution, -O3 -fomit-frame-pointer -fgnu-runtime
FAIL: objc/execute/bf-14.m execution, -O3 -g -fgnu-runtime
FAIL: objc/execute/bf-14.m execution, -Os -fgnu-runtime
WARNING: program timed out.
FAIL: objc/execute/bf-15.m execution, -O0 -fgnu-runtime
FAIL: objc/execute/bf-15.m execution, -O1 -fgnu-runtime
FAIL: objc/execute/bf-15.m execution, -O2 -fgnu-runtime
FAIL: objc/execute/bf-15.m execution, -O3 -fomit-frame-pointer -fgnu-runtime
FAIL: objc/execute/bf-15.m execution, -O3 -g -fgnu-runtime
FAIL: objc/execute/bf-15.m execution, -Os -fgnu-runtime
FAIL: objc/execute/bf-16.m execution, -O0 -fgnu-runtime
FAIL: objc/execute/bf-16.m execution, -O1 -fgnu-runtime
FAIL: objc/execute/bf-16.m execution, -O2 -fgnu-runtime
FAIL: objc/execute/bf-16.m execution, -O3 -fomit-frame-pointer -fgnu-runtime
FAIL: objc/execute/bf-16.m execution, -O3 -g -fgnu-runtime
FAIL: objc/execute/bf-16.m execution, -Os -fgnu-runtime
FAIL: objc/execute/bf-17.m execution, -O0 -fgnu-runtime
FAIL: objc/execute/bf-17.m execution, -O1 -fgnu-runtime
FAIL: objc/execute/bf-17.m execution, -O2 -fgnu-runtime
FAIL: objc/execute/bf-17.m execution, -O3 -fomit-frame-pointer -fgnu-runtime
FAIL: objc/execute/bf-17.m execution, -O3 -g -fgnu-runtime
FAIL: objc/execute/bf-17.m execution, -Os -fgnu-runtime
FAIL: objc/execute/bf-18.m execution, -O0 -fgnu-runtime
FAIL: objc/execute/bf-18.m execution, -O1 -fgnu-runtime
FAIL: objc/execute/bf-18.m execution, -O2 -fgnu-runtime
FAIL: objc/execute/bf-18.m execution, -O3 -fomit-frame-pointer -fgnu-runtime
FAIL: objc/execute/bf-18.m execution, -O3 -g -fgnu-runtime
FAIL: objc/execute/bf-18.m execution, -Os -fgnu-runtime
FAIL: objc/execute/bf-19.m execution, -O0 -fgnu-runtime
FAIL: objc/execute/bf-19.m execution, -O1 -fgnu-runtime
FAIL: objc/execute/bf-19.m execution, -O2 -fgnu-runtime
FAIL: objc/execute/bf-19.m execution, -O3 -fomit-frame-pointer -fgnu-runtime
FAIL: objc/execute/bf-19.m execution, -O3 -g -fgnu-runtime
FAIL: objc/execute/bf-19.m execution, -Os -fgnu-runtime
WARNING: program timed out.
FAIL: objc/execute/bf-2.m execution, -O0 -fgnu-runtime
FAIL: objc/execute/bf-2.m execution, -O1 -fgnu-runtime
FAIL: objc/execute/bf-2.m execution, -O2 -fgnu-runtime
FAIL: objc/execute/bf-2.m execution, -O3 -fomit-frame-pointer -fgnu-runtime
FAIL: objc/execute/bf-2.m execution, -O3 -g -fgnu-runtime
FAIL: objc/execute/bf-2.m execution, -Os -fgnu-runtime
FAIL: objc/execute/bf-20.m execution, -O0 -fgnu-runtime
FAIL: objc/execute/bf-20.m execution, -O1 -fgnu-runtime
FAIL: objc/execute/bf-20.m execution, -O2 -fgnu-runtime
FAIL: objc/execute/bf-20.m execution, -O3 -fomit-frame-pointer -fgnu-runtime
FAIL: objc/execute/bf-20.m execution, -O3 -g -fgnu-runtime
FAIL: objc/execute/bf-20.m execution, -Os -fgnu-runtime
FAIL: objc/execute/bf-21.m execution, -O0 -fgnu-runtime
FAIL: objc/execute/bf-21.m execution, -O1 -fgnu-runtime
FAIL: objc/execute/bf-21.m execution, -O2 -fgnu-runtime
FAIL: objc/execute/bf-21.m execution, -O3 -fomit-frame-pointer -fgnu-runtime
FAIL: objc/execute/bf-21.m execution, -O3 -g -fgnu-runtime
FAIL: objc/execute/bf-21.m execution, -Os -fgnu-runtime
FAIL: objc/execute/bf-3.m execution, -O0 -fgnu-runtime
FAIL: objc/execute/bf-3.m execution, -O1 -fgnu-runtime
FAIL: objc/execute/bf-3.m execution, -O2 -fgnu-runtime
FAIL: objc/execute/bf-3.m execution, -O3 -fomit-frame-pointer -fgnu-runtime
FAIL: objc/execute/bf-3.m execution, -O3 -g -fgnu-runtime
FAIL: objc/execute/bf-3.m execution, -Os -fgnu-runtime
WARNING: program timed out.
FAIL: objc/execute/bf-4.m execution, -O0 -fgnu-runtime
FAIL: objc/execute/bf-4.m execution, -O1 -fgnu-runtime
FAIL: objc/execute/bf-4.m execution, -O2 -fgnu-runtime
FAIL: objc/execute/bf-4.m execution, -O3 -fomit-frame-pointer -fgnu-runtime
FAIL: objc/execute/bf-4.m execution, -O3 -g -fgnu-runtime
FAIL: objc/execute/bf-4.m execution, -Os -fgnu-runtime
FAIL: objc/execute/bf-5.m execution, -O0 -fgnu-runtime
FAIL: objc/execute/bf-5.m execution, -O1 -fgnu-runtime
FAIL: objc/execute/bf-5.m execution, -O2 -fgnu-runtime
FAIL: objc/execute/bf-5.m execution, -O3 -fomit-frame-pointer -fgnu-runtime
FAIL: objc/execute/bf-5.m execution, -O3 -g -fgnu-runtime
FAIL: objc/execute/bf-5.m execution, -Os -fgnu-runtime
FAIL: objc/execute/bf-6.m execution, -O0 -fgnu-runtime
FAIL: objc/execute/bf-6.m execution, -O1 -fgnu-runtime
FAIL: objc/execute/bf-6.m execution, -O2 -fgnu-runtime
FAIL: objc/execute/bf-6.m execution, -O3 -fomit-frame-pointer -fgnu-runtime
FAIL: objc/execute/bf-6.m execution, -O3 -g -fgnu-runtime
FAIL: objc/execute/bf-6.m execution, -Os -fgnu-runtime
FAIL: objc/execute/bf-7.m execution, -O0 -fgnu-runtime
FAIL: objc/execute/bf-7.m execution, -O1 -fgnu-runtime
FAIL: objc/execute/bf-7.m execution, -O2 -fgnu-runtime
FAIL: objc/execute/bf-7.m execution, -O3 -fomit-frame-pointer -fgnu-runtime
FAIL: objc/execute/bf-7.m execution, -O3 -g -fgnu-runtime
FAIL: objc/execute/bf-7.m execution, -Os -fgnu-runtime
FAIL: objc/execute/bf-8.m execution, -O0 -fgnu-runtime
FAIL: objc/execute/bf-8.m execution, -O1 -fgnu-runtime
FAIL: objc/execute/bf-8.m execution, -O2 -fgnu-runtime
FAIL: objc/execute/bf-8.m execution, -O3 -fomit-frame-pointer -fgnu-runtime
FAIL: objc/execute/bf-8.m execution, -O3 -g -fgnu-runtime
FAIL: objc/execute/bf-8.m execution, -Os -fgnu-runtime
FAIL: objc/execute/bf-9.m execution, -O0 -fgnu-runtime
FAIL: objc/execute/bf-9.m execution, -O1 -fgnu-runtime
FAIL: objc/execute/bf-9.m execution, -O2 -fgnu-runtime
FAIL: objc/execute/bf-9.m execution, -O3 -fomit-frame-pointer -fgnu-runtime
FAIL: objc/execute/bf-9.m execution, -O3 -g -fgnu-runtime
FAIL: objc/execute/bf-9.m execution, -Os -fgnu-runtime
FAIL: objc/execute/bycopy-1.m execution, -O0 -fgnu-runtime
FAIL: objc/execute/bycopy-1.m execution, -O1 -fgnu-runtime
FAIL: objc/execute/bycopy-1.m execution, -O2 -fgnu-runtime
FAIL: objc/execute/bycopy-1.m execution, -O3 -fomit-frame-pointer -fgnu-runtime
FAIL: objc/execute/bycopy-1.m execution, -O3 -g -fgnu-runtime
FAIL: objc/execute/bycopy-1.m execution, -Os -fgnu-runtime
FAIL: objc/execute/bycopy-2.m execution, -O0 -fgnu-runtime
FAIL: objc/execute/bycopy-2.m execution, -O1 -fgnu-runtime
FAIL: objc/execute/bycopy-2.m execution, -O2 -fgnu-runtime
FAIL: objc/execute/bycopy-2.m execution, -O3 -fomit-frame-pointer -fgnu-runtime
FAIL: objc/execute/bycopy-2.m execution, -O3 -g -fgnu-runtime
FAIL: objc/execute/bycopy-2.m execution, -Os -fgnu-runtime
FAIL: objc/execute/bycopy-3.m execution, -O0 -fgnu-runtime
FAIL: objc/execute/bycopy-3.m execution, -O1 -fgnu-runtime
FAIL: objc/execute/bycopy-3.m execution, -O2 -fgnu-runtime
FAIL: objc/execute/bycopy-3.m execution, -O3 -fomit-frame-pointer -fgnu-runtime
FAIL: objc/execute/bycopy-3.m execution, -O3 -g -fgnu-runtime
FAIL: objc/execute/bycopy-3.m execution, -Os -fgnu-runtime
FAIL: objc/execute/cascading-1.m execution, -O0 -fgnu-runtime
FAIL: objc/execute/cascading-1.m execution, -O1 -fgnu-runtime
FAIL: objc/execute/cascading-1.m execution, -O2 -fgnu-runtime
FAIL: objc/execute/cascading-1.m execution, -O3 -fomit-frame-pointer -fgnu-runtime
FAIL: objc/execute/cascading-1.m execution, -O3 -g -fgnu-runtime
FAIL: objc/execute/cascading-1.m execution, -Os -fgnu-runtime
FAIL: objc/execute/class-1.m execution, -O0 -fgnu-runtime
FAIL: objc/execute/class-1.m execution, -O1 -fgnu-runtime
FAIL: objc/execute/class-1.m execution, -O2 -fgnu-runtime
FAIL: objc/execute/class-1.m execution, -O3 -fomit-frame-pointer -fgnu-runtime
FAIL: objc/execute/class-1.m execution, -O3 -g -fgnu-runtime
FAIL: objc/execute/class-1.m execution, -Os -fgnu-runtime
FAIL: objc/execute/class-10.m execution, -O0 -fgnu-runtime
FAIL: objc/execute/class-10.m execution, -O1 -fgnu-runtime
FAIL: objc/execute/class-10.m execution, -O2 -fgnu-runtime
FAIL: objc/execute/class-10.m execution, -O3 -fomit-frame-pointer -fgnu-runtime
FAIL: objc/execute/class-10.m execution, -O3 -g -fgnu-runtime
FAIL: objc/execute/class-10.m execution, -Os -fgnu-runtime
FAIL: objc/execute/class-11.m execution, -O0 -fgnu-runtime
FAIL: objc/execute/class-11.m execution, -O1 -fgnu-runtime
FAIL: objc/execute/class-11.m execution, -O2 -fgnu-runtime
FAIL: objc/execute/class-11.m execution, -O3 -fomit-frame-pointer -fgnu-runtime
FAIL: objc/execute/class-11.m execution, -O3 -g -fgnu-runtime
FAIL: objc/execute/class-11.m execution, -Os -fgnu-runtime
FAIL: objc/execute/class-12.m execution, -O0 -fgnu-runtime
FAIL: objc/execute/class-12.m execution, -O1 -fgnu-runtime
FAIL: objc/execute/class-12.m execution, -O2 -fgnu-runtime
FAIL: objc/execute/class-12.m execution, -O3 -fomit-frame-pointer -fgnu-runtime
FAIL: objc/execute/class-12.m execution, -O3 -g -fgnu-runtime
FAIL: objc/execute/class-12.m execution, -Os -fgnu-runtime
FAIL: objc/execute/class-13.m execution, -O0 -fgnu-runtime
FAIL: objc/execute/class-13.m execution, -O1 -fgnu-runtime
FAIL: objc/execute/class-13.m execution, -O2 -fgnu-runtime
FAIL: objc/execute/class-13.m execution, -O3 -fomit-frame-pointer -fgnu-runtime
FAIL: objc/execute/class-13.m execution, -O3 -g -fgnu-runtime
FAIL: objc/execute/class-13.m execution, -Os -fgnu-runtime
FAIL: objc/execute/class-14.m execution, -O0 -fgnu-runtime
FAIL: objc/execute/class-14.m execution, -O1 -fgnu-runtime
FAIL: objc/execute/class-14.m execution, -O2 -fgnu-runtime
FAIL: objc/execute/class-14.m execution, -O3 -fomit-frame-pointer -fgnu-runtime
FAIL: objc/execute/class-14.m execution, -O3 -g -fgnu-runtime
FAIL: objc/execute/class-14.m execution, -Os -fgnu-runtime
FAIL: objc/execute/class-2.m execution, -O0 -fgnu-runtime
FAIL: objc/execute/class-2.m execution, -O1 -fgnu-runtime
FAIL: objc/execute/class-2.m execution, -O2 -fgnu-runtime
FAIL: objc/execute/class-2.m execution, -O3 -fomit-frame-pointer -fgnu-runtime
FAIL: objc/execute/class-2.m execution, -O3 -g -fgnu-runtime
FAIL: objc/execute/class-2.m execution, -Os -fgnu-runtime
FAIL: objc/execute/class-3.m execution, -O0 -fgnu-runtime
FAIL: objc/execute/class-3.m execution, -O1 -fgnu-runtime
WARNING: program timed out.
FAIL: objc/execute/class-3.m execution, -O2 -fgnu-runtime
WARNING: program timed out.
FAIL: objc/execute/class-3.m execution, -O3 -fomit-frame-pointer -fgnu-runtime
WARNING: program timed out.
FAIL: objc/execute/class-3.m execution, -O3 -g -fgnu-runtime
FAIL: objc/execute/class-3.m execution, -Os -fgnu-runtime
FAIL: objc/execute/class-4.m execution, -O0 -fgnu-runtime
FAIL: objc/execute/class-4.m execution, -O1 -fgnu-runtime
FAIL: objc/execute/class-4.m execution, -O2 -fgnu-runtime
FAIL: objc/execute/class-4.m execution, -O3 -fomit-frame-pointer -fgnu-runtime
FAIL: objc/execute/class-4.m execution, -O3 -g -fgnu-runtime
FAIL: objc/execute/class-4.m execution, -Os -fgnu-runtime
FAIL: objc/execute/class-5.m execution, -O0 -fgnu-runtime
FAIL: objc/execute/class-5.m execution, -O1 -fgnu-runtime
FAIL: objc/execute/class-5.m execution, -O2 -fgnu-runtime
FAIL: objc/execute/class-5.m execution, -O3 -fomit-frame-pointer -fgnu-runtime
FAIL: objc/execute/class-5.m execution, -O3 -g -fgnu-runtime
FAIL: objc/execute/class-5.m execution, -Os -fgnu-runtime
FAIL: objc/execute/class-6.m execution, -O0 -fgnu-runtime
FAIL: objc/execute/class-6.m execution, -O1 -fgnu-runtime
FAIL: objc/execute/class-6.m execution, -O2 -fgnu-runtime
FAIL: objc/execute/class-6.m execution, -O3 -fomit-frame-pointer -fgnu-runtime
FAIL: objc/execute/class-6.m execution, -O3 -g -fgnu-runtime
FAIL: objc/execute/class-6.m execution, -Os -fgnu-runtime
FAIL: objc/execute/class-7.m execution, -O0 -fgnu-runtime
FAIL: objc/execute/class-7.m execution, -O1 -fgnu-runtime
FAIL: objc/execute/class-7.m execution, -O2 -fgnu-runtime
FAIL: objc/execute/class-7.m execution, -O3 -fomit-frame-pointer -fgnu-runtime
FAIL: objc/execute/class-7.m execution, -O3 -g -fgnu-runtime
FAIL: objc/execute/class-7.m execution, -Os -fgnu-runtime
FAIL: objc/execute/class-8.m execution, -O0 -fgnu-runtime
FAIL: objc/execute/class-8.m execution, -O1 -fgnu-runtime
FAIL: objc/execute/class-8.m execution, -O2 -fgnu-runtime
FAIL: objc/execute/class-8.m execution, -O3 -fomit-frame-pointer -fgnu-runtime
FAIL: objc/execute/class-8.m execution, -O3 -g -fgnu-runtime
FAIL: objc/execute/class-8.m execution, -Os -fgnu-runtime
FAIL: objc/execute/class-9.m execution, -O0 -fgnu-runtime
FAIL: objc/execute/class-9.m execution, -O1 -fgnu-runtime
FAIL: objc/execute/class-9.m execution, -O2 -fgnu-runtime
FAIL: objc/execute/class-9.m execution, -O3 -fomit-frame-pointer -fgnu-runtime
FAIL: objc/execute/class-9.m execution, -O3 -g -fgnu-runtime
FAIL: objc/execute/class-9.m execution, -Os -fgnu-runtime
FAIL: objc/execute/class_self-1.m execution, -O0 -fgnu-runtime
FAIL: objc/execute/class_self-1.m execution, -O1 -fgnu-runtime
FAIL: objc/execute/class_self-1.m execution, -O2 -fgnu-runtime
FAIL: objc/execute/class_self-1.m execution, -O3 -fomit-frame-pointer -fgnu-runtime
FAIL: objc/execute/class_self-1.m execution, -O3 -g -fgnu-runtime
FAIL: objc/execute/class_self-1.m execution, -Os -fgnu-runtime
FAIL: objc/execute/class_self-2.m execution, -O0 -fgnu-runtime
FAIL: objc/execute/class_self-2.m execution, -O1 -fgnu-runtime
FAIL: objc/execute/class_self-2.m execution, -O2 -fgnu-runtime
FAIL: objc/execute/class_self-2.m execution, -O3 -fomit-frame-pointer -fgnu-runtime
FAIL: objc/execute/class_self-2.m execution, -O3 -g -fgnu-runtime
FAIL: objc/execute/class_self-2.m execution, -Os -fgnu-runtime
FAIL: objc/execute/compatibility_alias.m execution, -O0 -fgnu-runtime
FAIL: objc/execute/compatibility_alias.m execution, -O1 -fgnu-runtime
FAIL: objc/execute/compatibility_alias.m execution, -O2 -fgnu-runtime
FAIL: objc/execute/compatibility_alias.m execution, -O3 -fomit-frame-pointer -fgnu-runtime
FAIL: objc/execute/compatibility_alias.m execution, -O3 -g -fgnu-runtime
FAIL: objc/execute/compatibility_alias.m execution, -Os -fgnu-runtime
FAIL: objc/execute/enumeration-1.m execution, -O0 -fgnu-runtime
FAIL: objc/execute/enumeration-1.m execution, -O1 -fgnu-runtime
FAIL: objc/execute/enumeration-1.m execution, -O2 -fgnu-runtime
FAIL: objc/execute/enumeration-1.m execution, -O3 -fomit-frame-pointer -fgnu-runtime
FAIL: objc/execute/enumeration-1.m execution, -O3 -g -fgnu-runtime
FAIL: objc/execute/enumeration-1.m execution, -Os -fgnu-runtime
FAIL: objc/execute/enumeration-2.m execution, -O0 -fgnu-runtime
FAIL: objc/execute/enumeration-2.m execution, -O1 -fgnu-runtime
FAIL: objc/execute/enumeration-2.m execution, -O2 -fgnu-runtime
FAIL: objc/execute/enumeration-2.m execution, -O3 -fomit-frame-pointer -fgnu-runtime
FAIL: objc/execute/enumeration-2.m execution, -O3 -g -fgnu-runtime
FAIL: objc/execute/enumeration-2.m execution, -Os -fgnu-runtime
FAIL: objc/execute/fdecl.m execution, -O0 -fgnu-runtime
FAIL: objc/execute/fdecl.m execution, -O1 -fgnu-runtime
FAIL: objc/execute/fdecl.m execution, -O2 -fgnu-runtime
FAIL: objc/execute/fdecl.m execution, -O3 -fomit-frame-pointer -fgnu-runtime
FAIL: objc/execute/fdecl.m execution, -O3 -g -fgnu-runtime
FAIL: objc/execute/fdecl.m execution, -Os -fgnu-runtime
FAIL: objc/execute/formal_protocol-1.m execution, -O0 -fgnu-runtime
FAIL: objc/execute/formal_protocol-1.m execution, -O1 -fgnu-runtime
FAIL: objc/execute/formal_protocol-1.m execution, -O2 -fgnu-runtime
FAIL: objc/execute/formal_protocol-1.m execution, -O3 -fomit-frame-pointer -fgnu-runtime
FAIL: objc/execute/formal_protocol-1.m execution, -O3 -g -fgnu-runtime
FAIL: objc/execute/formal_protocol-1.m execution, -Os -fgnu-runtime
FAIL: objc/execute/formal_protocol-2.m execution, -O0 -fgnu-runtime
FAIL: objc/execute/formal_protocol-2.m execution, -O1 -fgnu-runtime
FAIL: objc/execute/formal_protocol-2.m execution, -O2 -fgnu-runtime
FAIL: objc/execute/formal_protocol-2.m execution, -O3 -fomit-frame-pointer -fgnu-runtime
FAIL: objc/execute/formal_protocol-2.m execution, -O3 -g -fgnu-runtime
FAIL: objc/execute/formal_protocol-2.m execution, -Os -fgnu-runtime
FAIL: objc/execute/formal_protocol-3.m execution, -O0 -fgnu-runtime
FAIL: objc/execute/formal_protocol-3.m execution, -O1 -fgnu-runtime
FAIL: objc/execute/formal_protocol-3.m execution, -O2 -fgnu-runtime
FAIL: objc/execute/formal_protocol-3.m execution, -O3 -fomit-frame-pointer -fgnu-runtime
FAIL: objc/execute/formal_protocol-3.m execution, -O3 -g -fgnu-runtime
FAIL: objc/execute/formal_protocol-3.m execution, -Os -fgnu-runtime
FAIL: objc/execute/formal_protocol-4.m execution, -O0 -fgnu-runtime
FAIL: objc/execute/formal_protocol-4.m execution, -O1 -fgnu-runtime
FAIL: objc/execute/formal_protocol-4.m execution, -O2 -fgnu-runtime
FAIL: objc/execute/formal_protocol-4.m execution, -O3 -fomit-frame-pointer -fgnu-runtime
FAIL: objc/execute/formal_protocol-4.m execution, -O3 -g -fgnu-runtime
FAIL: objc/execute/formal_protocol-4.m execution, -Os -fgnu-runtime
FAIL: objc/execute/formal_protocol-5.m execution, -O0 -fgnu-runtime
FAIL: objc/execute/formal_protocol-5.m execution, -O1 -fgnu-runtime
FAIL: objc/execute/formal_protocol-5.m execution, -O2 -fgnu-runtime
FAIL: objc/execute/formal_protocol-5.m execution, -O3 -fomit-frame-pointer -fgnu-runtime
FAIL: objc/execute/formal_protocol-5.m execution, -O3 -g -fgnu-runtime
FAIL: objc/execute/formal_protocol-5.m execution, -Os -fgnu-runtime
FAIL: objc/execute/formal_protocol-6.m execution, -O0 -fgnu-runtime
FAIL: objc/execute/formal_protocol-6.m execution, -O1 -fgnu-runtime
FAIL: objc/execute/formal_protocol-6.m execution, -O2 -fgnu-runtime
FAIL: objc/execute/formal_protocol-6.m execution, -O3 -fomit-frame-pointer -fgnu-runtime
FAIL: objc/execute/formal_protocol-6.m execution, -O3 -g -fgnu-runtime
FAIL: objc/execute/formal_protocol-6.m execution, -Os -fgnu-runtime
FAIL: objc/execute/formal_protocol-7.m execution, -O0 -fgnu-runtime
FAIL: objc/execute/formal_protocol-7.m execution, -O1 -fgnu-runtime
FAIL: objc/execute/formal_protocol-7.m execution, -O2 -fgnu-runtime
FAIL: objc/execute/formal_protocol-7.m execution, -O3 -fomit-frame-pointer -fgnu-runtime
FAIL: objc/execute/formal_protocol-7.m execution, -O3 -g -fgnu-runtime
FAIL: objc/execute/formal_protocol-7.m execution, -Os -fgnu-runtime
FAIL: objc/execute/function-message-1.m execution, -O0 -fgnu-runtime
FAIL: objc/execute/function-message-1.m execution, -O1 -fgnu-runtime
FAIL: objc/execute/function-message-1.m execution, -O2 -fgnu-runtime
FAIL: objc/execute/function-message-1.m execution, -O3 -fomit-frame-pointer -fgnu-runtime
FAIL: objc/execute/function-message-1.m execution, -O3 -g -fgnu-runtime
FAIL: objc/execute/function-message-1.m execution, -Os -fgnu-runtime
FAIL: objc/execute/initialize.m execution, -O0 -fgnu-runtime
FAIL: objc/execute/initialize.m execution, -O1 -fgnu-runtime
FAIL: objc/execute/initialize.m execution, -O2 -fgnu-runtime
FAIL: objc/execute/initialize.m execution, -O3 -fomit-frame-pointer -fgnu-runtime
FAIL: objc/execute/initialize.m execution, -O3 -g -fgnu-runtime
FAIL: objc/execute/initialize.m execution, -Os -fgnu-runtime
FAIL: objc/execute/load-2.m execution, -O0 -fgnu-runtime
FAIL: objc/execute/load-2.m execution, -O1 -fgnu-runtime
FAIL: objc/execute/load-2.m execution, -O2 -fgnu-runtime
FAIL: objc/execute/load-2.m execution, -O3 -fomit-frame-pointer -fgnu-runtime
FAIL: objc/execute/load-2.m execution, -O3 -g -fgnu-runtime
FAIL: objc/execute/load-2.m execution, -Os -fgnu-runtime
FAIL: objc/execute/load-3.m execution, -O0 -fgnu-runtime
FAIL: objc/execute/load-3.m execution, -O1 -fgnu-runtime
FAIL: objc/execute/load-3.m execution, -O2 -fgnu-runtime
FAIL: objc/execute/load-3.m execution, -O3 -fomit-frame-pointer -fgnu-runtime
FAIL: objc/execute/load-3.m execution, -O3 -fomit-frame-pointer -funroll-loops -fgnu-runtime
FAIL: objc/execute/load-3.m execution, -O3 -fomit-frame-pointer -funroll-all-loops -finline-functions -fgnu-runtime
FAIL: objc/execute/load-3.m execution, -O3 -g -fgnu-runtime
FAIL: objc/execute/load-3.m execution, -Os -fgnu-runtime
FAIL: objc/execute/load.m execution, -O0 -fgnu-runtime
FAIL: objc/execute/load.m execution, -O1 -fgnu-runtime
FAIL: objc/execute/load.m execution, -O2 -fgnu-runtime
FAIL: objc/execute/load.m execution, -O3 -fomit-frame-pointer -fgnu-runtime
FAIL: objc/execute/load.m execution, -O3 -g -fgnu-runtime
FAIL: objc/execute/load.m execution, -Os -fgnu-runtime
FAIL: objc/execute/many_args_method.m execution, -O0 -fgnu-runtime
FAIL: objc/execute/many_args_method.m execution, -O1 -fgnu-runtime
FAIL: objc/execute/many_args_method.m execution, -O2 -fgnu-runtime
FAIL: objc/execute/many_args_method.m execution, -O3 -fomit-frame-pointer -fgnu-runtime
FAIL: objc/execute/many_args_method.m execution, -O3 -g -fgnu-runtime
FAIL: objc/execute/many_args_method.m execution, -Os -fgnu-runtime
FAIL: objc/execute/nested-3.m execution, -O0 -fgnu-runtime
FAIL: objc/execute/nested-3.m execution, -O1 -fgnu-runtime
FAIL: objc/execute/nested-3.m execution, -O2 -fgnu-runtime
FAIL: objc/execute/nested-3.m execution, -O3 -fomit-frame-pointer -fgnu-runtime
FAIL: objc/execute/nested-3.m execution, -O3 -g -fgnu-runtime
FAIL: objc/execute/nested-3.m execution, -Os -fgnu-runtime
FAIL: objc/execute/nested-func-1.m execution, -O0 -fgnu-runtime
FAIL: objc/execute/nested-func-1.m execution, -O1 -fgnu-runtime
FAIL: objc/execute/nested-func-1.m execution, -O2 -fgnu-runtime
FAIL: objc/execute/nested-func-1.m execution, -O3 -fomit-frame-pointer -fgnu-runtime
FAIL: objc/execute/nested-func-1.m execution, -O3 -g -fgnu-runtime
FAIL: objc/execute/nested-func-1.m execution, -Os -fgnu-runtime
FAIL: objc/execute/nil_method-1.m execution, -O0 -fgnu-runtime
FAIL: objc/execute/nil_method-1.m execution, -O1 -fgnu-runtime
FAIL: objc/execute/nil_method-1.m execution, -O2 -fgnu-runtime
FAIL: objc/execute/nil_method-1.m execution, -O3 -fomit-frame-pointer -fgnu-runtime
FAIL: objc/execute/nil_method-1.m execution, -O3 -g -fgnu-runtime
FAIL: objc/execute/nil_method-1.m execution, -Os -fgnu-runtime
FAIL: objc/execute/no_clash.m execution, -O0 -fgnu-runtime
FAIL: objc/execute/no_clash.m execution, -O1 -fgnu-runtime
FAIL: objc/execute/no_clash.m execution, -O2 -fgnu-runtime
FAIL: objc/execute/no_clash.m execution, -O3 -fomit-frame-pointer -fgnu-runtime
FAIL: objc/execute/no_clash.m execution, -O3 -g -fgnu-runtime
FAIL: objc/execute/no_clash.m execution, -Os -fgnu-runtime
FAIL: objc/execute/np-1.m execution, -O0 -fgnu-runtime
FAIL: objc/execute/np-1.m execution, -O1 -fgnu-runtime
FAIL: objc/execute/np-1.m execution, -O2 -fgnu-runtime
FAIL: objc/execute/np-1.m execution, -O3 -fomit-frame-pointer -fgnu-runtime
FAIL: objc/execute/np-1.m execution, -O3 -g -fgnu-runtime
FAIL: objc/execute/np-1.m execution, -Os -fgnu-runtime
FAIL: objc/execute/np-2.m execution, -O0 -fgnu-runtime
FAIL: objc/execute/np-2.m execution, -O1 -fgnu-runtime
FAIL: objc/execute/np-2.m execution, -O2 -fgnu-runtime
FAIL: objc/execute/np-2.m execution, -O3 -fomit-frame-pointer -fgnu-runtime
FAIL: objc/execute/np-2.m execution, -O3 -g -fgnu-runtime
FAIL: objc/execute/np-2.m execution, -Os -fgnu-runtime
FAIL: objc/execute/object_is_class.m execution, -O0 -fgnu-runtime
FAIL: objc/execute/object_is_class.m execution, -O1 -fgnu-runtime
FAIL: objc/execute/object_is_class.m execution, -O2 -fgnu-runtime
FAIL: objc/execute/object_is_class.m execution, -O3 -fomit-frame-pointer -fgnu-runtime
FAIL: objc/execute/object_is_class.m execution, -O3 -g -fgnu-runtime
FAIL: objc/execute/object_is_class.m execution, -Os -fgnu-runtime
FAIL: objc/execute/object_is_meta_class.m execution, -O0 -fgnu-runtime
FAIL: objc/execute/object_is_meta_class.m execution, -O1 -fgnu-runtime
FAIL: objc/execute/object_is_meta_class.m execution, -O2 -fgnu-runtime
FAIL: objc/execute/object_is_meta_class.m execution, -O3 -fomit-frame-pointer -fgnu-runtime
FAIL: objc/execute/object_is_meta_class.m execution, -O3 -g -fgnu-runtime
FAIL: objc/execute/object_is_meta_class.m execution, -Os -fgnu-runtime
FAIL: objc/execute/private.m execution, -O0 -fgnu-runtime
FAIL: objc/execute/private.m execution, -O1 -fgnu-runtime
FAIL: objc/execute/private.m execution, -O2 -fgnu-runtime
FAIL: objc/execute/private.m execution, -O3 -fomit-frame-pointer -fgnu-runtime
FAIL: objc/execute/private.m execution, -O3 -g -fgnu-runtime
FAIL: objc/execute/private.m execution, -Os -fgnu-runtime
FAIL: objc/execute/protocol-isEqual-1.m execution, -O0 -fgnu-runtime
FAIL: objc/execute/protocol-isEqual-1.m execution, -O1 -fgnu-runtime
FAIL: objc/execute/protocol-isEqual-1.m execution, -O2 -fgnu-runtime
FAIL: objc/execute/protocol-isEqual-1.m execution, -O3 -fomit-frame-pointer -fgnu-runtime
FAIL: objc/execute/protocol-isEqual-1.m execution, -O3 -g -fgnu-runtime
FAIL: objc/execute/protocol-isEqual-1.m execution, -Os -fgnu-runtime
FAIL: objc/execute/protocol-isEqual-2.m execution, -O0 -fgnu-runtime
FAIL: objc/execute/protocol-isEqual-2.m execution, -O1 -fgnu-runtime
FAIL: objc/execute/protocol-isEqual-2.m execution, -O2 -fgnu-runtime
FAIL: objc/execute/protocol-isEqual-2.m execution, -O3 -fomit-frame-pointer -fgnu-runtime
FAIL: objc/execute/protocol-isEqual-2.m execution, -O3 -g -fgnu-runtime
FAIL: objc/execute/protocol-isEqual-2.m execution, -Os -fgnu-runtime
FAIL: objc/execute/protocol-isEqual-3.m execution, -O0 -fgnu-runtime
FAIL: objc/execute/protocol-isEqual-3.m execution, -O1 -fgnu-runtime
FAIL: objc/execute/protocol-isEqual-3.m execution, -O2 -fgnu-runtime
FAIL: objc/execute/protocol-isEqual-3.m execution, -O3 -fomit-frame-pointer -fgnu-runtime
FAIL: objc/execute/protocol-isEqual-3.m execution, -O3 -g -fgnu-runtime
FAIL: objc/execute/protocol-isEqual-3.m execution, -Os -fgnu-runtime
FAIL: objc/execute/protocol-isEqual-4.m execution, -O0 -fgnu-runtime
FAIL: objc/execute/protocol-isEqual-4.m execution, -O1 -fgnu-runtime
FAIL: objc/execute/protocol-isEqual-4.m execution, -O2 -fgnu-runtime
FAIL: objc/execute/protocol-isEqual-4.m execution, -O3 -fomit-frame-pointer -fgnu-runtime
FAIL: objc/execute/protocol-isEqual-4.m execution, -O3 -g -fgnu-runtime
FAIL: objc/execute/protocol-isEqual-4.m execution, -Os -fgnu-runtime
FAIL: objc/execute/protocol.m execution, -O0 -fgnu-runtime
FAIL: objc/execute/protocol.m execution, -O1 -fgnu-runtime
FAIL: objc/execute/protocol.m execution, -O2 -fgnu-runtime
FAIL: objc/execute/protocol.m execution, -O3 -fomit-frame-pointer -fgnu-runtime
FAIL: objc/execute/protocol.m execution, -O3 -g -fgnu-runtime
FAIL: objc/execute/protocol.m execution, -Os -fgnu-runtime
FAIL: objc/execute/redefining_self.m execution, -O0 -fgnu-runtime
FAIL: objc/execute/redefining_self.m execution, -O1 -fgnu-runtime
FAIL: objc/execute/redefining_self.m execution, -O2 -fgnu-runtime
FAIL: objc/execute/redefining_self.m execution, -O3 -fomit-frame-pointer -fgnu-runtime
FAIL: objc/execute/redefining_self.m execution, -O3 -g -fgnu-runtime
FAIL: objc/execute/redefining_self.m execution, -Os -fgnu-runtime
FAIL: objc/execute/root_methods.m execution, -O0 -fgnu-runtime
FAIL: objc/execute/root_methods.m execution, -O1 -fgnu-runtime
FAIL: objc/execute/root_methods.m execution, -O2 -fgnu-runtime
FAIL: objc/execute/root_methods.m execution, -O3 -fomit-frame-pointer -fgnu-runtime
FAIL: objc/execute/root_methods.m execution, -O3 -g -fgnu-runtime
FAIL: objc/execute/root_methods.m execution, -Os -fgnu-runtime
FAIL: objc/execute/selector-1.m execution, -O0 -fgnu-runtime
FAIL: objc/execute/selector-1.m execution, -O1 -fgnu-runtime
FAIL: objc/execute/selector-1.m execution, -O2 -fgnu-runtime
FAIL: objc/execute/selector-1.m execution, -O3 -fomit-frame-pointer -fgnu-runtime
FAIL: objc/execute/selector-1.m execution, -O3 -g -fgnu-runtime
FAIL: objc/execute/selector-1.m execution, -Os -fgnu-runtime
FAIL: objc/execute/static-1.m execution, -O0 -fgnu-runtime
FAIL: objc/execute/static-1.m execution, -O1 -fgnu-runtime
FAIL: objc/execute/static-1.m execution, -O2 -fgnu-runtime
FAIL: objc/execute/static-1.m execution, -O3 -fomit-frame-pointer -fgnu-runtime
FAIL: objc/execute/static-1.m execution, -O3 -g -fgnu-runtime
FAIL: objc/execute/static-1.m execution, -Os -fgnu-runtime
FAIL: objc/execute/static-2.m execution, -O0 -fgnu-runtime
FAIL: objc/execute/static-2.m execution, -O1 -fgnu-runtime
FAIL: objc/execute/static-2.m execution, -O2 -fgnu-runtime
FAIL: objc/execute/static-2.m execution, -O3 -fomit-frame-pointer -fgnu-runtime
FAIL: objc/execute/static-2.m execution, -O3 -g -fgnu-runtime
FAIL: objc/execute/static-2.m execution, -Os -fgnu-runtime
FAIL: objc/execute/string1.m execution, -O0 -fgnu-runtime
FAIL: objc/execute/string1.m execution, -O1 -fgnu-runtime
FAIL: objc/execute/string1.m execution, -O2 -fgnu-runtime
FAIL: objc/execute/string1.m execution, -O3 -fomit-frame-pointer -fgnu-runtime
FAIL: objc/execute/string1.m execution, -O3 -g -fgnu-runtime
FAIL: objc/execute/string1.m execution, -Os -fgnu-runtime
FAIL: objc/execute/string2.m execution, -O0 -fgnu-runtime
FAIL: objc/execute/string2.m execution, -O1 -fgnu-runtime
FAIL: objc/execute/string2.m execution, -O2 -fgnu-runtime
FAIL: objc/execute/string2.m execution, -O3 -fomit-frame-pointer -fgnu-runtime
FAIL: objc/execute/string2.m execution, -O3 -g -fgnu-runtime
FAIL: objc/execute/string2.m execution, -Os -fgnu-runtime
FAIL: objc/execute/string3.m execution, -O0 -fgnu-runtime
FAIL: objc/execute/string3.m execution, -O1 -fgnu-runtime
FAIL: objc/execute/string3.m execution, -O2 -fgnu-runtime
FAIL: objc/execute/string3.m execution, -O3 -fomit-frame-pointer -fgnu-runtime
FAIL: objc/execute/string3.m execution, -O3 -g -fgnu-runtime
FAIL: objc/execute/string3.m execution, -Os -fgnu-runtime
FAIL: objc/execute/string4.m execution, -O0 -fgnu-runtime
FAIL: objc/execute/string4.m execution, -O1 -fgnu-runtime
FAIL: objc/execute/string4.m execution, -O2 -fgnu-runtime
FAIL: objc/execute/string4.m execution, -O3 -fomit-frame-pointer -fgnu-runtime
FAIL: objc/execute/string4.m execution, -O3 -g -fgnu-runtime
FAIL: objc/execute/string4.m execution, -Os -fgnu-runtime
FAIL: objc/execute/va_method.m execution, -O0 -fgnu-runtime
FAIL: objc/execute/va_method.m execution, -O1 -fgnu-runtime
FAIL: objc/execute/va_method.m execution, -O2 -fgnu-runtime
FAIL: objc/execute/va_method.m execution, -O3 -fomit-frame-pointer -fgnu-runtime
FAIL: objc/execute/va_method.m execution, -O3 -fomit-frame-pointer -funroll-loops -fgnu-runtime
FAIL: objc/execute/va_method.m execution, -O3 -fomit-frame-pointer -funroll-all-loops -finline-functions -fgnu-runtime
FAIL: objc/execute/va_method.m execution, -O3 -g -fgnu-runtime
FAIL: objc/execute/va_method.m execution, -Os -fgnu-runtime
FAIL: objc.dg/bitfield-1.m execution test
FAIL: objc.dg/call-super-1.m execution test
FAIL: objc.dg/call-super-3.m execution test
FAIL: objc.dg/category-1.m execution test
FAIL: objc.dg/defs.m execution test
FAIL: objc.dg/desig-init-1.m execution test
FAIL: objc.dg/encode-2.m execution test
FAIL: objc.dg/encode-3.m execution test
FAIL: objc.dg/encode-4.m execution test
FAIL: objc.dg/func-ptr-1.m execution test
FAIL: objc.dg/func-ptr-2.m execution test
FAIL: objc.dg/gnu-runtime-3.m execution test
FAIL: objc.dg/method-10.m execution test
FAIL: objc.dg/method-13.m execution test
FAIL: objc.dg/method-3.m execution test
FAIL: objc.dg/proto-lossage-3.m execution test
FAIL: objc.dg/proto-qual-1.m execution test
FAIL: objc.dg/sizeof-1.m execution test
FAIL: objc.dg/stret-1.m execution test
FAIL: objc.dg/super-class-3.m execution test
FAIL: objc.dg/type-size-2.m execution test
FAIL: objc.dg/type-stream-1.m execution test
FAIL: objc.dg/va-meth-1.m execution test
FAIL: objc.dg/special/unclaimed-category-1.m unclaimed-category-1a.o execution test
=== objc Summary ===
# of expected passes 1242
# of unexpected failures 570
# of expected failures 7
# of unsupported tests 24
/home/rask/build/gcc-fr30-unknown-elf/gcc/xgcc version 4.3.0 20071126 (experimental) (GCC)
Compiler version: 4.3.0 20071126 (experimental) (GCC)
Platform: fr30-unknown-elf
configure flags: --target fr30-unknown-elf --enable-checking=yes,rtl --with-newlib --enable-sim --disable-gdb --disable-nls