This is the mail archive of the
gcc-testresults@gcc.gnu.org
mailing list for the GCC project.
Results for 4.3.0 20071125 (experimental) [trunk revision 130402] (GCC) testsuite on ia64-suse-linux-gnu
- From: Andreas Schwab <schwab at suse dot de>
- To: gcc-testresults at gcc dot gnu dot org
- Date: Sun, 25 Nov 2007 12:04:56 +0100
- Subject: Results for 4.3.0 20071125 (experimental) [trunk revision 130402] (GCC) testsuite on ia64-suse-linux-gnu
LAST_UPDATED: Sun Nov 25 09:00:53 UTC 2007 (revision 130402)
=== acats tests ===
FAIL: cxb3014
FAIL: cxb3016
=== acats Summary ===
# of expected passes 2313
# of unexpected failures 2
Native configuration is ia64-suse-linux-gnu
=== g++ tests ===
Running target unix
FAIL: g++.dg/tree-prof/indir-call-prof.C scan-tree-dump tree_profile "Indirect call -> direct call.* AA transformation on insn"
FAIL: g++.dg/tree-prof/indir-call-prof.C scan-tree-dump tree_profile "Indirect call -> direct call.* AA transformation on insn"
FAIL: g++.dg/tree-prof/indir-call-prof.C scan-tree-dump tree_profile "Indirect call -> direct call.* AA transformation on insn"
FAIL: g++.dg/tree-prof/indir-call-prof.C scan-tree-dump tree_profile "Indirect call -> direct call.* AA transformation on insn"
FAIL: g++.dg/tree-prof/indir-call-prof.C scan-tree-dump tree_profile "Indirect call -> direct call.* AA transformation on insn"
FAIL: g++.dg/tree-prof/indir-call-prof.C scan-tree-dump tree_profile "Indirect call -> direct call.* AA transformation on insn"
FAIL: g++.dg/tree-prof/indir-call-prof.C scan-tree-dump tree_profile "Indirect call -> direct call.* AA transformation on insn"
XPASS: g++.old-deja/g++.mike/empty.C suggest (test for bogus messages, line 19)
XPASS: g++.old-deja/g++.mike/empty.C suggest (test for bogus messages, line 20)
=== g++ Summary ===
# of expected passes 16240
# of unexpected failures 7
# of unexpected successes 2
# of expected failures 82
# of unsupported tests 131
/tmp/cvs/gcc-20071125/Build/gcc/testsuite/g++/../../g++ version 4.3.0 20071125 (experimental) [trunk revision 130402] (GCC)
=== gcc tests ===
Running target unix
FAIL: gcc.dg/builtin-apply4.c execution test
FAIL: gcc.dg/pr30643.c scan-assembler-not undefined
WARNING: gcc.dg/torture/fp-int-convert-float128-timode.c -O0 compilation failed to produce executable
WARNING: gcc.dg/torture/fp-int-convert-float128-timode.c -O1 compilation failed to produce executable
WARNING: gcc.dg/torture/fp-int-convert-float128-timode.c -O2 compilation failed to produce executable
WARNING: gcc.dg/torture/fp-int-convert-float128-timode.c -O3 -fomit-frame-pointer compilation failed to produce executable
WARNING: gcc.dg/torture/fp-int-convert-float128-timode.c -O3 -g compilation failed to produce executable
WARNING: gcc.dg/torture/fp-int-convert-float128-timode.c -Os compilation failed to produce executable
FAIL: gcc.dg/torture/fp-int-convert-float128.c -O0 (test for excess errors)
WARNING: gcc.dg/torture/fp-int-convert-float128.c -O0 compilation failed to produce executable
FAIL: gcc.dg/torture/fp-int-convert-float128.c -O1 (test for excess errors)
WARNING: gcc.dg/torture/fp-int-convert-float128.c -O1 compilation failed to produce executable
FAIL: gcc.dg/torture/fp-int-convert-float128.c -O2 (test for excess errors)
WARNING: gcc.dg/torture/fp-int-convert-float128.c -O2 compilation failed to produce executable
FAIL: gcc.dg/torture/fp-int-convert-float128.c -O3 -fomit-frame-pointer (test for excess errors)
WARNING: gcc.dg/torture/fp-int-convert-float128.c -O3 -fomit-frame-pointer compilation failed to produce executable
FAIL: gcc.dg/torture/fp-int-convert-float128.c -O3 -g (test for excess errors)
WARNING: gcc.dg/torture/fp-int-convert-float128.c -O3 -g compilation failed to produce executable
FAIL: gcc.dg/torture/fp-int-convert-float128.c -Os (test for excess errors)
WARNING: gcc.dg/torture/fp-int-convert-float128.c -Os compilation failed to produce executable
XPASS: gcc.dg/tree-ssa/loop-1.c scan-assembler-times foo 5
FAIL: gcc.dg/vect/pr33804.c scan-tree-dump-times vect "vectorized 1 loops" 1
FAIL: gcc.dg/vect/pr33804.c scan-tree-dump-times vect "vectorizing stmts using SLP" 1
FAIL: gcc.dg/vect/pr33953.c scan-tree-dump-times vect "vectorized 1 loops" 1
FAIL: gcc.dg/vect/pr33953.c scan-tree-dump-times vect "vectorizing stmts using SLP" 1
FAIL: gcc.dg/vect/vect-iv-6.c scan-tree-dump-times vect "vectorized 1 loops" 1
FAIL: gcc.dg/vect/vect-outer-4c.c scan-tree-dump-times vect "OUTER LOOP VECTORIZED" 1
FAIL: gcc.dg/vect/vect-outer-5.c scan-tree-dump-times vect "zero step in outer loop." 1
FAIL: gcc.dg/vect/vect-vfa-slp.c scan-tree-dump-times vect "vectorized 1 loops" 1
FAIL: gcc.dg/vect/slp-15.c scan-tree-dump-times vect "vectorizing stmts using SLP" 2
FAIL: gcc.dg/vect/slp-25.c scan-tree-dump-times vect "Alignment of access forced using peeling" 2
FAIL: gcc.dg/vect/slp-3.c scan-tree-dump-times vect "vectorized 3 loops" 1
FAIL: gcc.dg/vect/slp-3.c scan-tree-dump-times vect "vectorizing stmts using SLP" 3
FAIL: gcc.dg/vect/no-vfa-pr29145.c scan-tree-dump-times vect "vectorized 0 loops" 2
FAIL: gcc.dg/vect/no-vfa-pr29145.c scan-tree-dump-times vect "vectorized 1 loops" 1
FAIL: gcc.dg/vect/no-vfa-vect-depend-1.c scan-tree-dump-times vect "vectorized 1 loops" 1
=== gcc Summary ===
# of expected passes 45298
# of unexpected failures 23
# of unexpected successes 1
# of expected failures 220
# of untested testcases 35
# of unsupported tests 322
/tmp/cvs/gcc-20071125/Build/gcc/xgcc version 4.3.0 20071125 (experimental) [trunk revision 130402] (GCC)
=== gfortran tests ===
Running target unix
=== gfortran Summary ===
# of expected passes 22227
# of expected failures 16
# of unsupported tests 29
/tmp/cvs/gcc-20071125/Build/gcc/testsuite/gfortran/../../gfortran version 4.3.0 20071125 (experimental) [trunk revision 130402] (GCC)
=== gnat tests ===
Running target unix
FAIL: gnat.dg/frame_overflow.adb (test for errors, line 12)
FAIL: gnat.dg/frame_overflow.adb (test for errors, line 21)
=== gnat Summary ===
# of expected passes 301
# of unexpected failures 2
=== obj-c++ tests ===
Running target unix
FAIL: obj-c++.dg/bitfield-1.mm (internal compiler error)
FAIL: obj-c++.dg/bitfield-1.mm (test for excess errors)
WARNING: obj-c++.dg/bitfield-1.mm compilation failed to produce executable
FAIL: obj-c++.dg/bitfield-4.mm (test for excess errors)
FAIL: obj-c++.dg/comp-types-10.mm (internal compiler error)
FAIL: obj-c++.dg/comp-types-10.mm (test for excess errors)
FAIL: obj-c++.dg/cxx-ivars-2.mm execution test
FAIL: obj-c++.dg/encode-2.mm scan-assembler {Vec<float>=ffi}
FAIL: obj-c++.dg/encode-2.mm scan-assembler {Vec<double>=ddi}
FAIL: obj-c++.dg/encode-3.mm execution test
FAIL: obj-c++.dg/encode-8.mm execution test
FAIL: obj-c++.dg/gnu-runtime-2.mm (test for excess errors)
FAIL: obj-c++.dg/isa-field-1.mm (test for excess errors)
FAIL: obj-c++.dg/layout-1.mm (test for excess errors)
FAIL: obj-c++.dg/lookup-2.mm (test for excess errors)
WARNING: obj-c++.dg/lookup-2.mm compilation failed to produce executable
FAIL: obj-c++.dg/try-catch-2.mm (test for excess errors)
WARNING: obj-c++.dg/try-catch-2.mm compilation failed to produce executable
FAIL: obj-c++.dg/try-catch-9.mm (internal compiler error)
FAIL: obj-c++.dg/try-catch-9.mm (test for excess errors)
WARNING: obj-c++.dg/try-catch-9.mm compilation failed to produce executable
=== obj-c++ Summary ===
# of expected passes 420
# of unexpected failures 17
# of unsupported tests 13
/tmp/cvs/gcc-20071125/Build/gcc/testsuite/obj-c++/../../g++ version 4.3.0 20071125 (experimental) [trunk revision 130402] (GCC)
=== objc tests ===
Running target unix
=== objc Summary ===
# of expected passes 1810
# of expected failures 7
# of unsupported tests 25
/tmp/cvs/gcc-20071125/Build/gcc/xgcc version 4.3.0 20071125 (experimental) [trunk revision 130402] (GCC)
=== libffi tests ===
Running target unix
=== libffi Summary ===
# of expected passes 1116
# of unsupported tests 8
=== libgomp tests ===
Running target unix
FAIL: libgomp.fortran/character1.f90 -O0 (internal compiler error)
FAIL: libgomp.fortran/character1.f90 -O0 (test for excess errors)
WARNING: libgomp.fortran/character1.f90 -O0 compilation failed to produce executable
FAIL: libgomp.fortran/character1.f90 -O1 (internal compiler error)
FAIL: libgomp.fortran/character1.f90 -O1 (test for excess errors)
WARNING: libgomp.fortran/character1.f90 -O1 compilation failed to produce executable
FAIL: libgomp.fortran/character1.f90 -O2 (internal compiler error)
FAIL: libgomp.fortran/character1.f90 -O2 (test for excess errors)
WARNING: libgomp.fortran/character1.f90 -O2 compilation failed to produce executable
FAIL: libgomp.fortran/character1.f90 -O3 -fomit-frame-pointer (internal compiler error)
FAIL: libgomp.fortran/character1.f90 -O3 -fomit-frame-pointer (test for excess errors)
WARNING: libgomp.fortran/character1.f90 -O3 -fomit-frame-pointer compilation failed to produce executable
FAIL: libgomp.fortran/character1.f90 -O3 -fomit-frame-pointer -funroll-loops (internal compiler error)
FAIL: libgomp.fortran/character1.f90 -O3 -fomit-frame-pointer -funroll-loops (test for excess errors)
WARNING: libgomp.fortran/character1.f90 -O3 -fomit-frame-pointer -funroll-loops compilation failed to produce executable
FAIL: libgomp.fortran/character1.f90 -O3 -fomit-frame-pointer -funroll-all-loops -finline-functions (internal compiler error)
FAIL: libgomp.fortran/character1.f90 -O3 -fomit-frame-pointer -funroll-all-loops -finline-functions (test for excess errors)
WARNING: libgomp.fortran/character1.f90 -O3 -fomit-frame-pointer -funroll-all-loops -finline-functions compilation failed to produce executable
FAIL: libgomp.fortran/character1.f90 -O3 -g (internal compiler error)
FAIL: libgomp.fortran/character1.f90 -O3 -g (test for excess errors)
WARNING: libgomp.fortran/character1.f90 -O3 -g compilation failed to produce executable
FAIL: libgomp.fortran/character1.f90 -Os (internal compiler error)
FAIL: libgomp.fortran/character1.f90 -Os (test for excess errors)
WARNING: libgomp.fortran/character1.f90 -Os compilation failed to produce executable
FAIL: libgomp.fortran/character2.f90 -O0 (internal compiler error)
FAIL: libgomp.fortran/character2.f90 -O0 (test for excess errors)
WARNING: libgomp.fortran/character2.f90 -O0 compilation failed to produce executable
FAIL: libgomp.fortran/character2.f90 -O1 (internal compiler error)
FAIL: libgomp.fortran/character2.f90 -O1 (test for excess errors)
WARNING: libgomp.fortran/character2.f90 -O1 compilation failed to produce executable
FAIL: libgomp.fortran/character2.f90 -O2 (internal compiler error)
FAIL: libgomp.fortran/character2.f90 -O2 (test for excess errors)
WARNING: libgomp.fortran/character2.f90 -O2 compilation failed to produce executable
FAIL: libgomp.fortran/character2.f90 -O3 -fomit-frame-pointer (internal compiler error)
FAIL: libgomp.fortran/character2.f90 -O3 -fomit-frame-pointer (test for excess errors)
WARNING: libgomp.fortran/character2.f90 -O3 -fomit-frame-pointer compilation failed to produce executable
FAIL: libgomp.fortran/character2.f90 -O3 -fomit-frame-pointer -funroll-loops (internal compiler error)
FAIL: libgomp.fortran/character2.f90 -O3 -fomit-frame-pointer -funroll-loops (test for excess errors)
WARNING: libgomp.fortran/character2.f90 -O3 -fomit-frame-pointer -funroll-loops compilation failed to produce executable
FAIL: libgomp.fortran/character2.f90 -O3 -fomit-frame-pointer -funroll-all-loops -finline-functions (internal compiler error)
FAIL: libgomp.fortran/character2.f90 -O3 -fomit-frame-pointer -funroll-all-loops -finline-functions (test for excess errors)
WARNING: libgomp.fortran/character2.f90 -O3 -fomit-frame-pointer -funroll-all-loops -finline-functions compilation failed to produce executable
FAIL: libgomp.fortran/character2.f90 -O3 -g (internal compiler error)
FAIL: libgomp.fortran/character2.f90 -O3 -g (test for excess errors)
WARNING: libgomp.fortran/character2.f90 -O3 -g compilation failed to produce executable
FAIL: libgomp.fortran/character2.f90 -Os (internal compiler error)
FAIL: libgomp.fortran/character2.f90 -Os (test for excess errors)
WARNING: libgomp.fortran/character2.f90 -Os compilation failed to produce executable
FAIL: libgomp.fortran/vla1.f90 -O0 (internal compiler error)
FAIL: libgomp.fortran/vla1.f90 -O0 (test for excess errors)
WARNING: libgomp.fortran/vla1.f90 -O0 compilation failed to produce executable
FAIL: libgomp.fortran/vla1.f90 -O1 (internal compiler error)
FAIL: libgomp.fortran/vla1.f90 -O1 (test for excess errors)
WARNING: libgomp.fortran/vla1.f90 -O1 compilation failed to produce executable
FAIL: libgomp.fortran/vla1.f90 -O2 (internal compiler error)
FAIL: libgomp.fortran/vla1.f90 -O2 (test for excess errors)
WARNING: libgomp.fortran/vla1.f90 -O2 compilation failed to produce executable
FAIL: libgomp.fortran/vla1.f90 -O3 -fomit-frame-pointer (internal compiler error)
FAIL: libgomp.fortran/vla1.f90 -O3 -fomit-frame-pointer (test for excess errors)
WARNING: libgomp.fortran/vla1.f90 -O3 -fomit-frame-pointer compilation failed to produce executable
FAIL: libgomp.fortran/vla1.f90 -O3 -fomit-frame-pointer -funroll-loops (internal compiler error)
FAIL: libgomp.fortran/vla1.f90 -O3 -fomit-frame-pointer -funroll-loops (test for excess errors)
WARNING: libgomp.fortran/vla1.f90 -O3 -fomit-frame-pointer -funroll-loops compilation failed to produce executable
FAIL: libgomp.fortran/vla1.f90 -O3 -fomit-frame-pointer -funroll-all-loops -finline-functions (internal compiler error)
FAIL: libgomp.fortran/vla1.f90 -O3 -fomit-frame-pointer -funroll-all-loops -finline-functions (test for excess errors)
WARNING: libgomp.fortran/vla1.f90 -O3 -fomit-frame-pointer -funroll-all-loops -finline-functions compilation failed to produce executable
FAIL: libgomp.fortran/vla1.f90 -O3 -g (internal compiler error)
FAIL: libgomp.fortran/vla1.f90 -O3 -g (test for excess errors)
WARNING: libgomp.fortran/vla1.f90 -O3 -g compilation failed to produce executable
FAIL: libgomp.fortran/vla1.f90 -Os (internal compiler error)
FAIL: libgomp.fortran/vla1.f90 -Os (test for excess errors)
WARNING: libgomp.fortran/vla1.f90 -Os compilation failed to produce executable
FAIL: libgomp.fortran/vla2.f90 -O0 (internal compiler error)
FAIL: libgomp.fortran/vla2.f90 -O0 (test for excess errors)
WARNING: libgomp.fortran/vla2.f90 -O0 compilation failed to produce executable
FAIL: libgomp.fortran/vla2.f90 -O1 (internal compiler error)
FAIL: libgomp.fortran/vla2.f90 -O1 (test for excess errors)
WARNING: libgomp.fortran/vla2.f90 -O1 compilation failed to produce executable
FAIL: libgomp.fortran/vla2.f90 -O2 (internal compiler error)
FAIL: libgomp.fortran/vla2.f90 -O2 (test for excess errors)
WARNING: libgomp.fortran/vla2.f90 -O2 compilation failed to produce executable
FAIL: libgomp.fortran/vla2.f90 -O3 -fomit-frame-pointer (internal compiler error)
FAIL: libgomp.fortran/vla2.f90 -O3 -fomit-frame-pointer (test for excess errors)
WARNING: libgomp.fortran/vla2.f90 -O3 -fomit-frame-pointer compilation failed to produce executable
FAIL: libgomp.fortran/vla2.f90 -O3 -fomit-frame-pointer -funroll-loops (internal compiler error)
FAIL: libgomp.fortran/vla2.f90 -O3 -fomit-frame-pointer -funroll-loops (test for excess errors)
WARNING: libgomp.fortran/vla2.f90 -O3 -fomit-frame-pointer -funroll-loops compilation failed to produce executable
FAIL: libgomp.fortran/vla2.f90 -O3 -fomit-frame-pointer -funroll-all-loops -finline-functions (internal compiler error)
FAIL: libgomp.fortran/vla2.f90 -O3 -fomit-frame-pointer -funroll-all-loops -finline-functions (test for excess errors)
WARNING: libgomp.fortran/vla2.f90 -O3 -fomit-frame-pointer -funroll-all-loops -finline-functions compilation failed to produce executable
FAIL: libgomp.fortran/vla2.f90 -O3 -g (internal compiler error)
FAIL: libgomp.fortran/vla2.f90 -O3 -g (test for excess errors)
WARNING: libgomp.fortran/vla2.f90 -O3 -g compilation failed to produce executable
FAIL: libgomp.fortran/vla2.f90 -Os (internal compiler error)
FAIL: libgomp.fortran/vla2.f90 -Os (test for excess errors)
WARNING: libgomp.fortran/vla2.f90 -Os compilation failed to produce executable
FAIL: libgomp.fortran/vla3.f90 -O0 (internal compiler error)
FAIL: libgomp.fortran/vla3.f90 -O0 (test for excess errors)
WARNING: libgomp.fortran/vla3.f90 -O0 compilation failed to produce executable
FAIL: libgomp.fortran/vla3.f90 -O1 (internal compiler error)
FAIL: libgomp.fortran/vla3.f90 -O1 (test for excess errors)
WARNING: libgomp.fortran/vla3.f90 -O1 compilation failed to produce executable
FAIL: libgomp.fortran/vla3.f90 -O2 (internal compiler error)
FAIL: libgomp.fortran/vla3.f90 -O2 (test for excess errors)
WARNING: libgomp.fortran/vla3.f90 -O2 compilation failed to produce executable
FAIL: libgomp.fortran/vla3.f90 -O3 -fomit-frame-pointer (internal compiler error)
FAIL: libgomp.fortran/vla3.f90 -O3 -fomit-frame-pointer (test for excess errors)
WARNING: libgomp.fortran/vla3.f90 -O3 -fomit-frame-pointer compilation failed to produce executable
FAIL: libgomp.fortran/vla3.f90 -O3 -fomit-frame-pointer -funroll-loops (internal compiler error)
FAIL: libgomp.fortran/vla3.f90 -O3 -fomit-frame-pointer -funroll-loops (test for excess errors)
WARNING: libgomp.fortran/vla3.f90 -O3 -fomit-frame-pointer -funroll-loops compilation failed to produce executable
FAIL: libgomp.fortran/vla3.f90 -O3 -fomit-frame-pointer -funroll-all-loops -finline-functions (internal compiler error)
FAIL: libgomp.fortran/vla3.f90 -O3 -fomit-frame-pointer -funroll-all-loops -finline-functions (test for excess errors)
WARNING: libgomp.fortran/vla3.f90 -O3 -fomit-frame-pointer -funroll-all-loops -finline-functions compilation failed to produce executable
FAIL: libgomp.fortran/vla3.f90 -O3 -g (internal compiler error)
FAIL: libgomp.fortran/vla3.f90 -O3 -g (test for excess errors)
WARNING: libgomp.fortran/vla3.f90 -O3 -g compilation failed to produce executable
FAIL: libgomp.fortran/vla3.f90 -Os (internal compiler error)
FAIL: libgomp.fortran/vla3.f90 -Os (test for excess errors)
WARNING: libgomp.fortran/vla3.f90 -Os compilation failed to produce executable
FAIL: libgomp.fortran/vla4.f90 -O0 (internal compiler error)
FAIL: libgomp.fortran/vla4.f90 -O0 (test for excess errors)
WARNING: libgomp.fortran/vla4.f90 -O0 compilation failed to produce executable
FAIL: libgomp.fortran/vla4.f90 -O1 (internal compiler error)
FAIL: libgomp.fortran/vla4.f90 -O1 (test for excess errors)
WARNING: libgomp.fortran/vla4.f90 -O1 compilation failed to produce executable
FAIL: libgomp.fortran/vla4.f90 -O2 (internal compiler error)
FAIL: libgomp.fortran/vla4.f90 -O2 (test for excess errors)
WARNING: libgomp.fortran/vla4.f90 -O2 compilation failed to produce executable
FAIL: libgomp.fortran/vla4.f90 -O3 -fomit-frame-pointer (internal compiler error)
FAIL: libgomp.fortran/vla4.f90 -O3 -fomit-frame-pointer (test for excess errors)
WARNING: libgomp.fortran/vla4.f90 -O3 -fomit-frame-pointer compilation failed to produce executable
FAIL: libgomp.fortran/vla4.f90 -O3 -fomit-frame-pointer -funroll-loops (internal compiler error)
FAIL: libgomp.fortran/vla4.f90 -O3 -fomit-frame-pointer -funroll-loops (test for excess errors)
WARNING: libgomp.fortran/vla4.f90 -O3 -fomit-frame-pointer -funroll-loops compilation failed to produce executable
FAIL: libgomp.fortran/vla4.f90 -O3 -fomit-frame-pointer -funroll-all-loops -finline-functions (internal compiler error)
FAIL: libgomp.fortran/vla4.f90 -O3 -fomit-frame-pointer -funroll-all-loops -finline-functions (test for excess errors)
WARNING: libgomp.fortran/vla4.f90 -O3 -fomit-frame-pointer -funroll-all-loops -finline-functions compilation failed to produce executable
FAIL: libgomp.fortran/vla4.f90 -O3 -g (internal compiler error)
FAIL: libgomp.fortran/vla4.f90 -O3 -g (test for excess errors)
WARNING: libgomp.fortran/vla4.f90 -O3 -g compilation failed to produce executable
FAIL: libgomp.fortran/vla4.f90 -Os (internal compiler error)
FAIL: libgomp.fortran/vla4.f90 -Os (test for excess errors)
WARNING: libgomp.fortran/vla4.f90 -Os compilation failed to produce executable
FAIL: libgomp.fortran/vla5.f90 -O0 (internal compiler error)
FAIL: libgomp.fortran/vla5.f90 -O0 (test for excess errors)
WARNING: libgomp.fortran/vla5.f90 -O0 compilation failed to produce executable
FAIL: libgomp.fortran/vla5.f90 -O1 (internal compiler error)
FAIL: libgomp.fortran/vla5.f90 -O1 (test for excess errors)
WARNING: libgomp.fortran/vla5.f90 -O1 compilation failed to produce executable
FAIL: libgomp.fortran/vla5.f90 -O2 (internal compiler error)
FAIL: libgomp.fortran/vla5.f90 -O2 (test for excess errors)
WARNING: libgomp.fortran/vla5.f90 -O2 compilation failed to produce executable
FAIL: libgomp.fortran/vla5.f90 -O3 -fomit-frame-pointer (internal compiler error)
FAIL: libgomp.fortran/vla5.f90 -O3 -fomit-frame-pointer (test for excess errors)
WARNING: libgomp.fortran/vla5.f90 -O3 -fomit-frame-pointer compilation failed to produce executable
FAIL: libgomp.fortran/vla5.f90 -O3 -fomit-frame-pointer -funroll-loops (internal compiler error)
FAIL: libgomp.fortran/vla5.f90 -O3 -fomit-frame-pointer -funroll-loops (test for excess errors)
WARNING: libgomp.fortran/vla5.f90 -O3 -fomit-frame-pointer -funroll-loops compilation failed to produce executable
FAIL: libgomp.fortran/vla5.f90 -O3 -fomit-frame-pointer -funroll-all-loops -finline-functions (internal compiler error)
FAIL: libgomp.fortran/vla5.f90 -O3 -fomit-frame-pointer -funroll-all-loops -finline-functions (test for excess errors)
WARNING: libgomp.fortran/vla5.f90 -O3 -fomit-frame-pointer -funroll-all-loops -finline-functions compilation failed to produce executable
FAIL: libgomp.fortran/vla5.f90 -O3 -g (internal compiler error)
FAIL: libgomp.fortran/vla5.f90 -O3 -g (test for excess errors)
WARNING: libgomp.fortran/vla5.f90 -O3 -g compilation failed to produce executable
FAIL: libgomp.fortran/vla5.f90 -Os (internal compiler error)
FAIL: libgomp.fortran/vla5.f90 -Os (test for excess errors)
WARNING: libgomp.fortran/vla5.f90 -Os compilation failed to produce executable
FAIL: libgomp.fortran/vla6.f90 -O0 (internal compiler error)
FAIL: libgomp.fortran/vla6.f90 -O0 (test for excess errors)
WARNING: libgomp.fortran/vla6.f90 -O0 compilation failed to produce executable
FAIL: libgomp.fortran/vla6.f90 -O1 (internal compiler error)
FAIL: libgomp.fortran/vla6.f90 -O1 (test for excess errors)
WARNING: libgomp.fortran/vla6.f90 -O1 compilation failed to produce executable
FAIL: libgomp.fortran/vla6.f90 -O2 (internal compiler error)
FAIL: libgomp.fortran/vla6.f90 -O2 (test for excess errors)
WARNING: libgomp.fortran/vla6.f90 -O2 compilation failed to produce executable
FAIL: libgomp.fortran/vla6.f90 -O3 -fomit-frame-pointer (internal compiler error)
FAIL: libgomp.fortran/vla6.f90 -O3 -fomit-frame-pointer (test for excess errors)
WARNING: libgomp.fortran/vla6.f90 -O3 -fomit-frame-pointer compilation failed to produce executable
FAIL: libgomp.fortran/vla6.f90 -O3 -fomit-frame-pointer -funroll-loops (internal compiler error)
FAIL: libgomp.fortran/vla6.f90 -O3 -fomit-frame-pointer -funroll-loops (test for excess errors)
WARNING: libgomp.fortran/vla6.f90 -O3 -fomit-frame-pointer -funroll-loops compilation failed to produce executable
FAIL: libgomp.fortran/vla6.f90 -O3 -fomit-frame-pointer -funroll-all-loops -finline-functions (internal compiler error)
FAIL: libgomp.fortran/vla6.f90 -O3 -fomit-frame-pointer -funroll-all-loops -finline-functions (test for excess errors)
WARNING: libgomp.fortran/vla6.f90 -O3 -fomit-frame-pointer -funroll-all-loops -finline-functions compilation failed to produce executable
FAIL: libgomp.fortran/vla6.f90 -O3 -g (internal compiler error)
FAIL: libgomp.fortran/vla6.f90 -O3 -g (test for excess errors)
WARNING: libgomp.fortran/vla6.f90 -O3 -g compilation failed to produce executable
FAIL: libgomp.fortran/vla6.f90 -Os (internal compiler error)
FAIL: libgomp.fortran/vla6.f90 -Os (test for excess errors)
WARNING: libgomp.fortran/vla6.f90 -Os compilation failed to produce executable
FAIL: libgomp.fortran/vla7.f90 -O0 (internal compiler error)
FAIL: libgomp.fortran/vla7.f90 -O0 (test for excess errors)
WARNING: libgomp.fortran/vla7.f90 -O0 compilation failed to produce executable
FAIL: libgomp.fortran/vla7.f90 -O1 (internal compiler error)
FAIL: libgomp.fortran/vla7.f90 -O1 (test for excess errors)
WARNING: libgomp.fortran/vla7.f90 -O1 compilation failed to produce executable
FAIL: libgomp.fortran/vla7.f90 -O2 (internal compiler error)
FAIL: libgomp.fortran/vla7.f90 -O2 (test for excess errors)
WARNING: libgomp.fortran/vla7.f90 -O2 compilation failed to produce executable
FAIL: libgomp.fortran/vla7.f90 -O3 -fomit-frame-pointer (internal compiler error)
FAIL: libgomp.fortran/vla7.f90 -O3 -fomit-frame-pointer (test for excess errors)
WARNING: libgomp.fortran/vla7.f90 -O3 -fomit-frame-pointer compilation failed to produce executable
FAIL: libgomp.fortran/vla7.f90 -O3 -fomit-frame-pointer -funroll-loops (internal compiler error)
FAIL: libgomp.fortran/vla7.f90 -O3 -fomit-frame-pointer -funroll-loops (test for excess errors)
WARNING: libgomp.fortran/vla7.f90 -O3 -fomit-frame-pointer -funroll-loops compilation failed to produce executable
FAIL: libgomp.fortran/vla7.f90 -O3 -fomit-frame-pointer -funroll-all-loops -finline-functions (internal compiler error)
FAIL: libgomp.fortran/vla7.f90 -O3 -fomit-frame-pointer -funroll-all-loops -finline-functions (test for excess errors)
WARNING: libgomp.fortran/vla7.f90 -O3 -fomit-frame-pointer -funroll-all-loops -finline-functions compilation failed to produce executable
FAIL: libgomp.fortran/vla7.f90 -O3 -g (internal compiler error)
FAIL: libgomp.fortran/vla7.f90 -O3 -g (test for excess errors)
WARNING: libgomp.fortran/vla7.f90 -O3 -g compilation failed to produce executable
FAIL: libgomp.fortran/vla7.f90 -Os (internal compiler error)
FAIL: libgomp.fortran/vla7.f90 -Os (test for excess errors)
WARNING: libgomp.fortran/vla7.f90 -Os compilation failed to produce executable
=== libgomp Summary ===
# of expected passes 1511
# of unexpected failures 144
=== libjava tests ===
Running target unix
FAIL: getlocalvartable output
FAIL: Throw_3 -O3 output - source compiled test
FAIL: Throw_3 -O3 -findirect-dispatch output - source compiled test
=== libjava Summary ===
# of expected passes 2547
# of unexpected failures 3
=== libmudflap tests ===
Running target unix
FAIL: libmudflap.c++/pass41-frag.cxx execution test
FAIL: libmudflap.c++/pass41-frag.cxx ( -O) execution test
FAIL: libmudflap.c++/pass41-frag.cxx (-O2) execution test
FAIL: libmudflap.c++/pass41-frag.cxx (-O3) execution test
=== libmudflap Summary ===
# of expected passes 1371
# of unexpected failures 4
=== libstdc++ tests ===
Running target unix
XPASS: 26_numerics/headers/cmath/c99_classification_macros_c.cc (test for excess errors)
XPASS: 27_io/fpos/14320-1.cc execution test
=== libstdc++ Summary ===
# of expected passes 5468
# of unexpected successes 2
# of expected failures 56
# of unsupported tests 10
Compiler version: 4.3.0 20071125 (experimental) [trunk revision 130402] (GCC)
Platform: ia64-suse-linux-gnu
configure flags: --prefix=/tmp/cvs/gcc-20071125/Build/root --build=ia64-suse-linux --host=ia64-suse-linux --enable-shared --enable-threads --enable-__cxa_atexit --with-system-zlib --with-system-libunwind