This is the mail archive of the
gcc-testresults@gcc.gnu.org
mailing list for the GCC project.
Results for 4.3.0 20071120 (experimental) [trunk revision 130324] (GCC) testsuite on hppa2.0w-hp-hpux11.11
- From: John David Anglin <dave at hiauly3 dot hia dot nrc dot ca>
- To: dave at hiauly3 dot hia dot nrc dot ca, gcc-testresults at gcc dot gnu dot org
- Date: Wed, 21 Nov 2007 12:40:02 -0500 (EST)
- Subject: Results for 4.3.0 20071120 (experimental) [trunk revision 130324] (GCC) testsuite on hppa2.0w-hp-hpux11.11
LAST_UPDATED: Wed Nov 21 00:06:00 UTC 2007 (revision 130324)
Native configuration is hppa2.0w-hp-hpux11.11
=== g++ tests ===
Running target unix
FAIL: g++.dg/opt/anchor1.C (internal compiler error)
FAIL: g++.dg/opt/anchor1.C (test for excess errors)
WARNING: g++.dg/opt/anchor1.C compilation failed to produce executable
FAIL: g++.dg/other/datasec1.C (test for excess errors)
FAIL: g++.dg/other/first-global.C scan-assembler _GLOBAL__I_foobar
XPASS: g++.old-deja/g++.mike/empty.C suggest (test for bogus messages, line 19)
XPASS: g++.old-deja/g++.mike/empty.C suggest (test for bogus messages, line 20)
XPASS: g++.old-deja/g++.pt/static6.C (test for excess errors)
=== g++ Summary ===
# of expected passes 15902
# of unexpected failures 4
# of unexpected successes 3
# of expected failures 85
# of unsupported tests 207
/test/gnu/gcc/objdir/gcc/testsuite/g++/../../g++ version 4.3.0 20071120 (experimental) [trunk revision 130324] (GCC)
=== gcc tests ===
Running target unix
XPASS: gcc.dg/cpp/cmdlne-dI-M.c scan-file (^|\\\\n)cmdlne-dI-M.*:[^\\\\n]*cmdlne-dI-M.c
XPASS: gcc.dg/cpp/cmdlne-dM-M.c scan-file (^|\\\\n)cmdlne-dM-M[^\\\\n]*:[^\\\\n]*cmdlne-dM-M.c
XPASS: gcc.dg/torture/builtin-math-4.c -O0 (test for excess errors)
XPASS: gcc.dg/torture/builtin-math-4.c -O1 (test for excess errors)
XPASS: gcc.dg/torture/builtin-math-4.c -O2 (test for excess errors)
XPASS: gcc.dg/torture/builtin-math-4.c -O3 -fomit-frame-pointer (test for excess errors)
XPASS: gcc.dg/torture/builtin-math-4.c -O3 -fomit-frame-pointer -funroll-loops (test for excess errors)
XPASS: gcc.dg/torture/builtin-math-4.c -O3 -fomit-frame-pointer -funroll-all-loops -finline-functions (test for excess errors)
XPASS: gcc.dg/torture/builtin-math-4.c -O3 -g (test for excess errors)
XPASS: gcc.dg/torture/builtin-math-4.c -Os (test for excess errors)
=== gcc Summary ===
# of expected passes 43723
# of unexpected successes 10
# of expected failures 84
# of untested testcases 35
# of unsupported tests 461
/test/gnu/gcc/objdir/gcc/xgcc version 4.3.0 20071120 (experimental) [trunk revision 130324] (GCC)
=== gfortran tests ===
Running target unix
FAIL: gfortran.dg/nint_2.f90 -O0 execution test
=== gfortran Summary ===
# of expected passes 21802
# of unexpected failures 1
# of expected failures 8
# of unsupported tests 138
/test/gnu/gcc/objdir/gcc/testsuite/gfortran/../../gfortran version 4.3.0 20071120 (experimental) [trunk revision 130324] (GCC)
=== obj-c++ tests ===
Running target unix
FAIL: obj-c++.dg/bitfield-1.mm (internal compiler error)
FAIL: obj-c++.dg/bitfield-1.mm (test for excess errors)
WARNING: obj-c++.dg/bitfield-1.mm compilation failed to produce executable
FAIL: obj-c++.dg/comp-types-10.mm (internal compiler error)
FAIL: obj-c++.dg/comp-types-10.mm (test for excess errors)
FAIL: obj-c++.dg/cxx-ivars-2.mm execution test
FAIL: obj-c++.dg/encode-2.mm scan-assembler {Vec<float>=ffi}
FAIL: obj-c++.dg/encode-2.mm scan-assembler {Vec<double>=ddi}
FAIL: obj-c++.dg/encode-3.mm execution test
FAIL: obj-c++.dg/encode-8.mm execution test
FAIL: obj-c++.dg/gnu-runtime-2.mm (test for excess errors)
FAIL: obj-c++.dg/isa-field-1.mm (test for excess errors)
FAIL: obj-c++.dg/lookup-2.mm (test for excess errors)
WARNING: obj-c++.dg/lookup-2.mm compilation failed to produce executable
FAIL: obj-c++.dg/try-catch-2.mm (test for excess errors)
WARNING: obj-c++.dg/try-catch-2.mm compilation failed to produce executable
FAIL: obj-c++.dg/try-catch-9.mm (internal compiler error)
FAIL: obj-c++.dg/try-catch-9.mm (test for excess errors)
WARNING: obj-c++.dg/try-catch-9.mm compilation failed to produce executable
=== obj-c++ Summary ===
# of expected passes 420
# of unexpected failures 15
# of unsupported tests 14
/test/gnu/gcc/objdir/gcc/testsuite/obj-c++/../../g++ version 4.3.0 20071120 (experimental) [trunk revision 130324] (GCC)
=== objc tests ===
Running target unix
=== objc Summary ===
# of expected passes 1806
# of expected failures 7
# of unsupported tests 27
/test/gnu/gcc/objdir/gcc/xgcc version 4.3.0 20071120 (experimental) [trunk revision 130324] (GCC)
=== libffi tests ===
Running target unix
=== libffi Summary ===
# of expected passes 1116
# of unsupported tests 8
=== libgomp tests ===
Running target unix
FAIL: libgomp.fortran/omp_parse3.f90 -O3 -g (test for excess errors)
WARNING: libgomp.fortran/omp_parse3.f90 -O3 -g compilation failed to produce executable
FAIL: libgomp.fortran/threadprivate2.f90 -O3 -g (test for excess errors)
WARNING: libgomp.fortran/threadprivate2.f90 -O3 -g compilation failed to produce executable
FAIL: libgomp.fortran/threadprivate3.f90 -O3 -g (test for excess errors)
WARNING: libgomp.fortran/threadprivate3.f90 -O3 -g compilation failed to produce executable
FAIL: libgomp.fortran/vla6.f90 -O2 execution test
=== libgomp Summary ===
# of expected passes 1634
# of unexpected failures 4
# of unsupported tests 7
=== libjava tests ===
Running target unix
FAIL: getstacktrace run
FAIL: getallthreads run
FAIL: LargeFile execution - source compiled test
FAIL: LargeFile -findirect-dispatch execution - source compiled test
FAIL: LargeFile -O3 execution - source compiled test
FAIL: LargeFile -O3 -findirect-dispatch execution - source compiled test
FAIL: PR27908 execution - source compiled test
FAIL: PR27908 -findirect-dispatch execution - source compiled test
FAIL: PR27908 -O3 execution - source compiled test
FAIL: PR27908 -O3 -findirect-dispatch execution - source compiled test
FAIL: Thread_Monitor -findirect-dispatch execution - source compiled test
FAIL: Thread_Wait_Interrupt -O3 execution - source compiled test
=== libjava Summary ===
# of expected passes 2528
# of unexpected failures 12
# of untested testcases 12
=== libstdc++ tests ===
Running target unix
FAIL: 25_algorithms/search_n/iterator.cc execution test
=== libstdc++ Summary ===
# of expected passes 4791
# of unexpected failures 1
# of expected failures 57
# of unsupported tests 343
Compiler version: 4.3.0 20071120 (experimental) [trunk revision 130324] (GCC)
Platform: hppa2.0w-hp-hpux11.11
configure flags: --with-gnu-as --with-as=/opt/gnu/bin/as --enable-shared --disable-nls --with-local-prefix=/opt/gnu --prefix=/opt/gnu/gcc/gcc-4.3.0 --enable-debug=no --enable-threads=posix --with-mpfr=/opt/gnu/gcc/gcc-4.3.0 --with-gmp=/opt/gnu/gcc/gcc-4.3.0 --disable-libmudflap --enable-languages=c,c++,objc,obj-c++,fortran,java