This is the mail archive of the
gcc-testresults@gcc.gnu.org
mailing list for the GCC project.
Results for 4.3.0 20071119 (experimental) (GCC) testsuite on mipsisa64-unknown-elf
- From: Richard Sandiford <richard at nildram dot co dot uk>
- To: gcc-testresults at gcc dot gnu dot org
- Date: Tue, 20 Nov 2007 10:09:46 +0000
- Subject: Results for 4.3.0 20071119 (experimental) (GCC) testsuite on mipsisa64-unknown-elf
LAST_UPDATED: Mon Nov 19 21:48:22 UTC 2007
Target is mipsisa64-unknown-elf
Host is x86_64-unknown-linux-gnu
=== gcc tests ===
Running target mips-sim-idt32/-EB
FAIL: gcc.dg/tree-ssa/pr33723.c scan-tree-dump-times gimple "t = {}" 3
=== gcc Summary for mips-sim-idt32/-EB ===
# of expected passes 45882
# of unexpected failures 1
# of expected failures 127
# of untested testcases 35
# of unsupported tests 670
Running target mips-sim-idt32/-EB/-msoft-float
FAIL: gcc.dg/pr30957-1.c scan-rtl-dump loop2_unroll "Expanding Accumulator"
FAIL: gcc.dg/var-expand1.c scan-rtl-dump loop2_unroll "Expanding Accumulator"
FAIL: gcc.dg/tree-ssa/pr33723.c scan-tree-dump-times gimple "t = {}" 3
=== gcc Summary for mips-sim-idt32/-EB/-msoft-float ===
# of expected passes 45594
# of unexpected failures 3
# of expected failures 87
# of untested testcases 35
# of unsupported tests 372
Running target mips-sim-idt32/-EL
FAIL: gcc.dg/tree-ssa/pr33723.c scan-tree-dump-times gimple "t = {}" 3
=== gcc Summary for mips-sim-idt32/-EL ===
# of expected passes 45881
# of unexpected failures 1
# of expected failures 127
# of untested testcases 35
# of unsupported tests 671
Running target mips-sim-idt32/-EL/-msoft-float
FAIL: gcc.dg/pr30957-1.c scan-rtl-dump loop2_unroll "Expanding Accumulator"
FAIL: gcc.dg/var-expand1.c scan-rtl-dump loop2_unroll "Expanding Accumulator"
FAIL: gcc.dg/tree-ssa/pr33723.c scan-tree-dump-times gimple "t = {}" 3
=== gcc Summary for mips-sim-idt32/-EL/-msoft-float ===
# of expected passes 45593
# of unexpected failures 3
# of expected failures 87
# of untested testcases 35
# of unsupported tests 373
=== gcc Summary ===
# of expected passes 182950
# of unexpected failures 8
# of expected failures 428
# of untested testcases 140
# of unsupported tests 2086
/scratch/richard/gcc/HEAD/mipsisa64-elf/x86_64-unknown-linux-gnu/gcc/xgcc version 4.3.0 20071119 (experimental) (GCC)
Host is x86_64-unknown-linux-gnu
=== g++ tests ===
Running target mips-sim-idt32/-EB
FAIL: g++.dg/eh/gcsec1.C execution test
FAIL: g++.dg/tree-ssa/ivopts-1.C scan-tree-dump-not ivopts "offset: (4294967292|0x0f+fc)"
XPASS: g++.old-deja/g++.mike/empty.C suggest (test for bogus messages, line 19)
XPASS: g++.old-deja/g++.mike/empty.C suggest (test for bogus messages, line 20)
=== g++ Summary for mips-sim-idt32/-EB ===
# of expected passes 16390
# of unexpected failures 2
# of unexpected successes 2
# of expected failures 81
# of unsupported tests 161
Running target mips-sim-idt32/-EB/-msoft-float
FAIL: g++.dg/eh/gcsec1.C execution test
FAIL: g++.dg/tree-ssa/ivopts-1.C scan-tree-dump-not ivopts "offset: (4294967292|0x0f+fc)"
XPASS: g++.old-deja/g++.mike/empty.C suggest (test for bogus messages, line 19)
XPASS: g++.old-deja/g++.mike/empty.C suggest (test for bogus messages, line 20)
=== g++ Summary for mips-sim-idt32/-EB/-msoft-float ===
# of expected passes 16379
# of unexpected failures 2
# of unexpected successes 2
# of expected failures 81
# of unsupported tests 161
Running target mips-sim-idt32/-EL
FAIL: g++.dg/eh/gcsec1.C execution test
FAIL: g++.dg/tree-ssa/ivopts-1.C scan-tree-dump-not ivopts "offset: (4294967292|0x0f+fc)"
XPASS: g++.old-deja/g++.mike/empty.C suggest (test for bogus messages, line 19)
XPASS: g++.old-deja/g++.mike/empty.C suggest (test for bogus messages, line 20)
=== g++ Summary for mips-sim-idt32/-EL ===
# of expected passes 16390
# of unexpected failures 2
# of unexpected successes 2
# of expected failures 81
# of unsupported tests 161
Running target mips-sim-idt32/-EL/-msoft-float
FAIL: g++.dg/eh/gcsec1.C execution test
FAIL: g++.dg/tree-ssa/ivopts-1.C scan-tree-dump-not ivopts "offset: (4294967292|0x0f+fc)"
XPASS: g++.old-deja/g++.mike/empty.C suggest (test for bogus messages, line 19)
XPASS: g++.old-deja/g++.mike/empty.C suggest (test for bogus messages, line 20)
=== g++ Summary for mips-sim-idt32/-EL/-msoft-float ===
# of expected passes 16379
# of unexpected failures 2
# of unexpected successes 2
# of expected failures 81
# of unsupported tests 161
=== g++ Summary ===
# of expected passes 65538
# of unexpected failures 8
# of unexpected successes 8
# of expected failures 324
# of unsupported tests 644
/scratch/richard/gcc/HEAD/mipsisa64-elf/x86_64-unknown-linux-gnu/gcc/testsuite/g++/../../g++ version 4.3.0 20071119 (experimental) (GCC)
Host is x86_64-unknown-linux-gnu
=== objc tests ===
Running target mips-sim-idt32/-EB
FAIL: objc.dg/stabs-1.m scan-assembler (.SUBSPA.*[\$]CODE[\$]|.text"?)\\n\\t.stabs.*100,0,0,(\\\\.)?L?L[\$]?etext[0-9]*\\n(\\\\.)?L?L[\$]?etext
=== objc Summary for mips-sim-idt32/-EB ===
# of expected passes 1811
# of unexpected failures 1
# of expected failures 7
# of unsupported tests 24
Running target mips-sim-idt32/-EB/-msoft-float
FAIL: objc.dg/stabs-1.m scan-assembler (.SUBSPA.*[\$]CODE[\$]|.text"?)\\n\\t.stabs.*100,0,0,(\\\\.)?L?L[\$]?etext[0-9]*\\n(\\\\.)?L?L[\$]?etext
=== objc Summary for mips-sim-idt32/-EB/-msoft-float ===
# of expected passes 1811
# of unexpected failures 1
# of expected failures 7
# of unsupported tests 24
Running target mips-sim-idt32/-EL
FAIL: objc.dg/stabs-1.m scan-assembler (.SUBSPA.*[\$]CODE[\$]|.text"?)\\n\\t.stabs.*100,0,0,(\\\\.)?L?L[\$]?etext[0-9]*\\n(\\\\.)?L?L[\$]?etext
=== objc Summary for mips-sim-idt32/-EL ===
# of expected passes 1811
# of unexpected failures 1
# of expected failures 7
# of unsupported tests 24
Running target mips-sim-idt32/-EL/-msoft-float
FAIL: objc.dg/stabs-1.m scan-assembler (.SUBSPA.*[\$]CODE[\$]|.text"?)\\n\\t.stabs.*100,0,0,(\\\\.)?L?L[\$]?etext[0-9]*\\n(\\\\.)?L?L[\$]?etext
=== objc Summary for mips-sim-idt32/-EL/-msoft-float ===
# of expected passes 1811
# of unexpected failures 1
# of expected failures 7
# of unsupported tests 24
=== objc Summary ===
# of expected passes 7244
# of unexpected failures 4
# of expected failures 28
# of unsupported tests 96
/scratch/richard/gcc/HEAD/mipsisa64-elf/x86_64-unknown-linux-gnu/gcc/xgcc version 4.3.0 20071119 (experimental) (GCC)
Host is mipsisa64-unknown-elf
=== libstdc++ tests ===
Running target mips-sim-idt32/-EB
XPASS: 26_numerics/headers/cmath/c99_classification_macros_c.cc (test for excess errors)
FAIL: ext/throw_allocator/variadic_construct.cc (test for excess errors)
WARNING: ext/throw_allocator/variadic_construct.cc compilation failed to produce executable
=== libstdc++ Summary for mips-sim-idt32/-EB ===
# of expected passes 3557
# of unexpected failures 1
# of unexpected successes 1
# of expected failures 53
# of unsupported tests 368
Running target mips-sim-idt32/-EB/-msoft-float
XPASS: 26_numerics/headers/cmath/c99_classification_macros_c.cc (test for excess errors)
FAIL: ext/throw_allocator/variadic_construct.cc (test for excess errors)
WARNING: ext/throw_allocator/variadic_construct.cc compilation failed to produce executable
=== libstdc++ Summary for mips-sim-idt32/-EB/-msoft-float ===
# of expected passes 3557
# of unexpected failures 1
# of unexpected successes 1
# of expected failures 53
# of unsupported tests 368
Running target mips-sim-idt32/-EL
XPASS: 26_numerics/headers/cmath/c99_classification_macros_c.cc (test for excess errors)
FAIL: ext/throw_allocator/variadic_construct.cc (test for excess errors)
WARNING: ext/throw_allocator/variadic_construct.cc compilation failed to produce executable
=== libstdc++ Summary for mips-sim-idt32/-EL ===
# of expected passes 3557
# of unexpected failures 1
# of unexpected successes 1
# of expected failures 53
# of unsupported tests 368
Running target mips-sim-idt32/-EL/-msoft-float
XPASS: 26_numerics/headers/cmath/c99_classification_macros_c.cc (test for excess errors)
FAIL: ext/throw_allocator/variadic_construct.cc (test for excess errors)
WARNING: ext/throw_allocator/variadic_construct.cc compilation failed to produce executable
=== libstdc++ Summary for mips-sim-idt32/-EL/-msoft-float ===
# of expected passes 3557
# of unexpected failures 1
# of unexpected successes 1
# of expected failures 53
# of unsupported tests 368
=== libstdc++ Summary ===
# of expected passes 14228
# of unexpected failures 4
# of unexpected successes 4
# of expected failures 212
# of unsupported tests 1472
Compiler version: 4.3.0 20071119 (experimental) (GCC)
Platform: mipsisa64-unknown-elf
configure flags: --prefix=/scratch/richard/usr/gcc --exec-prefix=/scratch/richard/usr/gcc/H-x86_64-unknown-linux-gnu --build=x86_64-unknown-linux-gnu --host=x86_64-unknown-linux-gnu --target=mipsisa64-elf --enable-__cxa_atexit --with-gmp=/scratch/richard/usr/gmp/H-x86_64-unknown-linux-gnu --with-gnu-as --with-as=/scratch/richard/usr/src/H-x86_64-unknown-linux-gnu/bin/mipsisa64-elf-as --with-gnu-ld --with-ld=/scratch/richard/usr/src/H-x86_64-unknown-linux-gnu/bin/mipsisa64-elf-ld --enable-werror-always --enable-languages=c,c++,objc