This is the mail archive of the
gcc-testresults@gcc.gnu.org
mailing list for the GCC project.
Results for 4.2.2 testsuite on i686-sle10-linux-gnu
- From: Manfred Hollstein <mh at novell dot com>
- To: gcc-testresults at gcc dot gnu dot org
- Date: Fri, 9 Nov 2007 12:26:04 +0100
- Subject: Results for 4.2.2 testsuite on i686-sle10-linux-gnu
- Reply-to: Manfred Hollstein <manfred at die-hollsteins dot de>
Compiler version: 4.2.2
Platform: i686-sle10-linux-gnu
Sources: Official 4.2.2 tarball
LAST_UPDATED: Obtained from SVN: tags/gcc_4_2_2_release revision 129115
Patches: None.
Environment: - SUSE Linux Enterprise 10 SP1 + recommended updates as of today
- Linux version 2.6.16.53-0.16-smp (geeko@buildhost) (gcc version 4.1.2 20070115 (prerelease) (SUSE Linux)) #1 SMP Tue Oct 2 16:57:49 UTC 2007
- binutils-2.18 (FSF release)
- dejagnu-1.4.4-16.4 (SLE 10 SP1)
- expect-5.43.0-16.2 (SLE 10 SP1)
- glibc-2.4-31.30 (SLE 10 SP1)
Remarks: None.
configure flags: --host=i686-sle10-linux-gnu --target=i686-sle10-linux-gnu --build=i686-sle10-linux-gnu --srcdir=../gcc-4.2.2 --prefix=/opt/gnu --with-gnu-as --with-gnu-ld --enable-__cxa_atexit --enable-checking=release --enable-clocale=gnu --enable-interpreter --enable-shared --enable-threads=posix --with-system-zlib --with-local-prefix=/opt/gnu --disable-nls --verbose --enable-languages=c,ada,c++,fortran,java,objc
BOOT_CC: gcc version 4.2.1
BOOT_CFLAGS: -O2
CFLAGS: -O2
CXXFLAGS: -O2 -g
GCJFLAGS: -O2 -g
Native configuration is i686-sle10-linux-gnu
=== acats tests ===
=== acats Summary ===
# of expected passes 2315
# of unexpected failures 0
=== g++ tests ===
Running target unix
FAIL: g++.dg/other/unused1.C scan-assembler (string|ascii?)z?\\t"class2("|\\\\\\\\000)
XPASS: g++.dg/tree-ssa/ivopts-1.C scan-tree-dump-not offset: -4B
XPASS: g++.dg/tree-ssa/ivopts-1.C scan-tree-dump-not &x\\[5\\]
=== g++ Summary ===
# of expected passes 13572
# of unexpected failures 1
# of unexpected successes 2
# of expected failures 66
# of unsupported tests 74
/home/gnu/work/GNU/gcc-4.2.2-i686-sle10-linux-gnu/gcc/testsuite/g++/../../g++ version 4.2.2
=== gcc tests ===
Running target unix
UNRESOLVED: gcc.c-torture/execute/mayalias-2.c execution, -O3 -g
FAIL: gcc.dg/vect/pr20122.c scan-tree-dump-times vectorized 1 loops 2
=== gcc Summary ===
# of expected passes 42262
# of unexpected failures 1
# of expected failures 116
# of unresolved testcases 1
# of untested testcases 28
# of unsupported tests 293
/home/gnu/work/GNU/gcc-4.2.2-i686-sle10-linux-gnu/gcc/xgcc version 4.2.2
=== gfortran tests ===
Running target unix
XPASS: gfortran.dg/csqrt_2.f -O0 execution test
XPASS: gfortran.dg/csqrt_2.f -O1 execution test
XPASS: gfortran.dg/csqrt_2.f -O2 execution test
XPASS: gfortran.dg/csqrt_2.f -O3 -fomit-frame-pointer execution test
XPASS: gfortran.dg/csqrt_2.f -O3 -fomit-frame-pointer -funroll-loops execution test
XPASS: gfortran.dg/csqrt_2.f -O3 -fomit-frame-pointer -funroll-all-loops -finline-functions execution test
XPASS: gfortran.dg/csqrt_2.f -O3 -g execution test
XPASS: gfortran.dg/csqrt_2.f -Os execution test
=== gfortran Summary ===
# of expected passes 16263
# of unexpected successes 8
# of expected failures 7
# of unsupported tests 16
/home/gnu/work/GNU/gcc-4.2.2-i686-sle10-linux-gnu/gcc/testsuite/gfortran/../../gfortran version 4.2.2
=== gnat tests ===
Running target unix
=== gnat Summary ===
# of expected passes 42
=== objc tests ===
Running target unix
=== objc Summary ===
# of expected passes 1806
# of expected failures 7
# of unsupported tests 24
/home/gnu/work/GNU/gcc-4.2.2-i686-sle10-linux-gnu/gcc/xgcc version 4.2.2
=== libffi tests ===
Running target unix
FAIL: libffi.call/return_fl2.c -O0 -W -Wall execution test
FAIL: libffi.call/return_fl2.c -O2 execution test
FAIL: libffi.call/return_fl2.c -O3 execution test
FAIL: libffi.call/return_fl2.c -Os execution test
=== libffi Summary ===
# of expected passes 1080
# of unexpected failures 4
# of unsupported tests 8
=== libgomp tests ===
Running target unix
=== libgomp Summary ===
# of expected passes 1574
=== libjava tests ===
Running target unix
FAIL: events output
=== libjava Summary ===
# of expected passes 7005
# of unexpected failures 1
# of expected failures 12
# of untested testcases 8
=== libmudflap tests ===
Running target unix
=== libmudflap Summary ===
# of expected passes 1814
=== libstdc++ tests ===
Running target unix
XPASS: 26_numerics/cmath/c99_classification_macros_c.cc (test for excess errors)
=== libstdc++ Summary ===
# of expected passes 4477
# of unexpected successes 1
# of expected failures 15