This is the mail archive of the
gcc-testresults@gcc.gnu.org
mailing list for the GCC project.
Results for 4.2.2 testsuite on i386-pc-solaris2.11
- From: "sang-suan gam" <sangsuan dot gam at gmail dot com>
- To: gcc-testresults at gcc dot gnu dot org
- Cc: sangsuan dot gam at gmail dot com
- Date: Tue, 6 Nov 2007 12:12:12 +0800
- Subject: Results for 4.2.2 testsuite on i386-pc-solaris2.11
Built on Solaris Express Developer Edition 9/07 snv_70b X86, using gmake.
LAST_UPDATED: Obtained from SVN: tags/gcc_4_2_2_release revision 129115
Native configuration is i386-pc-solaris2.11
=== g++ tests ===
Running target unix
XPASS: g++.dg/other/ucnid-1.C (test for excess errors)
FAIL: g++.dg/other/unused1.C scan-assembler
(string|ascii?)z?\\t"class2("|\\\\\\\\000)
XPASS: g++.dg/tree-ssa/ivopts-1.C scan-tree-dump-not offset: -4B
XPASS: g++.dg/tree-ssa/ivopts-1.C scan-tree-dump-not &x\\[5\\]
XPASS: g++.old-deja/g++.other/init18.C execution test
XPASS: g++.old-deja/g++.other/init19.C execution test
=== g++ Summary ===
# of expected passes 13416
# of unexpected failures 1
# of unexpected successes 5
# of expected failures 67
# of unsupported tests 128
/export/home/wilabs/obj/gcc-4.2.2/gcc/testsuite/g++/../../g++ version 4.2.2
=== gcc tests ===
Running target unix
UNRESOLVED: gcc.c-torture/execute/mayalias-2.c execution, -O3 -g
XPASS: gcc.dg/ucnid-2.c (test for excess errors)
XPASS: gcc.dg/ucnid-3.c (test for excess errors)
XPASS: gcc.dg/ucnid-4.c (test for excess errors)
FAIL: largefile.c -O0 -g (test for excess errors)
FAIL: largefile.c -O0 (test for excess errors)
FAIL: largefile.c -O1 (test for excess errors)
FAIL: largefile.c -O2 (test for excess errors)
FAIL: largefile.c -O3 -fomit-frame-pointer (test for excess errors)
FAIL: largefile.c -O3 -g (test for excess errors)
FAIL: largefile.c -Os (test for excess errors)
FAIL: gcc.target/i386/abi-1.c scan-assembler xmm0
=== gcc Summary ===
# of expected passes 42118
# of unexpected failures 8
# of unexpected successes 3
# of expected failures 116
# of unresolved testcases 1
# of untested testcases 35
# of unsupported tests 326
/export/home/wilabs/obj/gcc-4.2.2/gcc/xgcc version 4.2.2
=== objc tests ===
Running target unix
=== objc Summary ===
# of expected passes 1806
# of expected failures 7
# of unsupported tests 24
/export/home/wilabs/obj/gcc-4.2.2/gcc/xgcc version 4.2.2
=== libffi tests ===
Running target unix
FAIL: libffi.call/return_fl2.c -O0 -W -Wall execution test
FAIL: libffi.call/return_fl2.c -O2 execution test
FAIL: libffi.call/return_fl2.c -O3 execution test
FAIL: libffi.call/return_fl2.c -Os execution test
=== libffi Summary ===
# of expected passes 1080
# of unexpected failures 4
# of unsupported tests 8
=== libgomp tests ===
Running target unix
=== libgomp Summary ===
# of expected passes 496
=== libjava tests ===
Running target unix
FAIL: events output
FAIL: Throw_2 execution - source compiled test
FAIL: Throw_2 execution - gij test
FAIL: Throw_2 execution - bytecode->native test
FAIL: Throw_2 execution - gij test
FAIL: Throw_2 -findirect-dispatch execution - bytecode->native test
FAIL: Throw_2 -O3 execution - source compiled test
FAIL: Throw_2 execution - gij test
FAIL: Throw_2 -O3 execution - bytecode->native test
FAIL: Throw_2 execution - gij test
FAIL: Throw_2 -O3 -findirect-dispatch execution - bytecode->native test
=== libjava Summary ===
# of expected passes 6985
# of unexpected failures 11
# of expected failures 12
# of untested testcases 18
=== libstdc++ tests ===
Running target unix
=== libstdc++ Summary ===
# of expected passes 3833
# of expected failures 15
# of unsupported tests 322
Compiler version: 4.2.2
Platform: i386-pc-solaris2.11
configure flags: --prefix=/export/home/wilabs --with-gnu-as
--with-as=/usr/sfw/bin/gas --without-gnu-ld --with-ld=/usr/ccs/bin/ld
--enable-languages=c,c++,java,objc