This is the mail archive of the
gcc-testresults@gcc.gnu.org
mailing list for the GCC project.
Results for 4.2.2 testsuite on i686-pc-linux-gnu
- From: Greg Schafer <gschafer at zip dot com dot au>
- To: gcc-testresults at gcc dot gnu dot org
- Date: Wed, 24 Oct 2007 13:42:43 +1000
- Subject: Results for 4.2.2 testsuite on i686-pc-linux-gnu
This is using the GCC 4.2.2 Release tarball and is based on the
DIY Linux Reference Build recipe from:
http://www.diy-linux.org/
Using these packages:
FSF binutils-2.18
glibc-2.6.1
Running under a 2.6.23 kernel.
NOTE: This is in the context of a full Linux system bootstrap where
the initial GCC was built via a 3-stage bootstrap, hence the
`--disable-bootstrap' used here.
LAST_UPDATED: Obtained from SVN: tags/gcc_4_2_2_release revision 129115
Native configuration is i686-pc-linux-gnu
=== g++ tests ===
Running target unix
FAIL: g++.dg/other/unused1.C scan-assembler (string|ascii?)z?\\t"class2("|\\\\\\\\000)
XPASS: g++.dg/tree-ssa/ivopts-1.C scan-tree-dump-not offset: -4B
XPASS: g++.dg/tree-ssa/ivopts-1.C scan-tree-dump-not &x\\[5\\]
=== g++ Summary ===
# of expected passes 13572
# of unexpected failures 1
# of unexpected successes 2
# of expected failures 66
# of unsupported tests 74
/home/pkgmgr/src/gcc-build/gcc/testsuite/g++/../../g++ version 4.2.2
=== gcc tests ===
Running target unix
UNRESOLVED: gcc.c-torture/execute/mayalias-2.c execution, -O3 -g
=== gcc Summary ===
# of expected passes 42263
# of expected failures 116
# of unresolved testcases 1
# of untested testcases 28
# of unsupported tests 293
/home/pkgmgr/src/gcc-build/gcc/xgcc version 4.2.2
=== libgomp tests ===
Running target unix
=== libgomp Summary ===
# of expected passes 496
=== libmudflap tests ===
Running target unix
=== libmudflap Summary ===
# of expected passes 1814
=== libstdc++ tests ===
Running target unix
XPASS: 26_numerics/cmath/c99_classification_macros_c.cc (test for excess errors)
=== libstdc++ Summary ===
# of expected passes 3845
# of unexpected successes 1
# of expected failures 15
# of unsupported tests 316
Compiler version: 4.2.2
Platform: i686-pc-linux-gnu
configure flags: --libexecdir=/usr/lib --enable-shared --disable-multilib --disable-bootstrap --enable-clocale=gnu --enable-threads=posix --enable-__cxa_atexit --enable-languages=c,c++