This is the mail archive of the
gcc-testresults@gcc.gnu.org
mailing list for the GCC project.
Results for 4.2.2 testsuite on hppa64-hp-hpux11.11
- From: John David Anglin <dave at hiauly3 dot hia dot nrc dot ca>
- To: dave at hiauly3 dot hia dot nrc dot ca, gcc-testresults at gcc dot gnu dot org
- Date: Wed, 10 Oct 2007 13:16:35 -0400 (EDT)
- Subject: Results for 4.2.2 testsuite on hppa64-hp-hpux11.11
LAST_UPDATED: Wed Oct 10 03:21:55 UTC 2007 (revision 129192)
Native configuration is hppa64-hp-hpux11.11
=== g++ tests ===
Running target unix
XPASS: g++.dg/eh/weak1.C execution test
FAIL: g++.dg/other/unused1.C scan-assembler (string|ascii?)z?\\t"class2("|\\\\\\\\000)
XPASS: g++.dg/tree-ssa/ivopts-1.C scan-tree-dump-not offset: -4B
XPASS: g++.dg/tree-ssa/ivopts-1.C scan-tree-dump-not &x\\[5\\]
=== g++ Summary ===
# of expected passes 12644
# of unexpected failures 1
# of unexpected successes 3
# of expected failures 69
# of unsupported tests 148
/mnt/gnu/gcc/objdir/gcc/testsuite/g++/../../g++ version 4.2.2
=== gcc tests ===
Running target unix
XPASS: gcc.c-torture/execute/mayalias-2.c compilation, -O3 -g
XPASS: gcc.dg/cpp/cmdlne-dI-M.c scan-file (^|\\\\n)cmdlne-dI-M.*:[^\\\\n]*cmdlne-dI-M.c
XPASS: gcc.dg/cpp/cmdlne-dM-M.c scan-file (^|\\\\n)cmdlne-dM-M[^\\\\n]*:[^\\\\n]*cmdlne-dM-M.c
XPASS: gcc.dg/funcorder.c scan-assembler-not link_error,%r
FAIL: gcc.dg/pr32912-2.c (test for excess errors)
FAIL: gcc.dg/pr32912-2.c execution test
=== gcc Summary ===
# of expected passes 39974
# of unexpected failures 2
# of unexpected successes 4
# of expected failures 83
# of untested testcases 28
# of unsupported tests 440
/mnt/gnu/gcc/objdir/gcc/xgcc version 4.2.2
=== gfortran tests ===
Running target unix
=== gfortran Summary ===
# of expected passes 16023
# of expected failures 6
# of unsupported tests 105
/mnt/gnu/gcc/objdir/gcc/testsuite/gfortran/../../gfortran version 4.2.2
=== obj-c++ tests ===
Running target unix
FAIL: obj-c++.dg/bitfield-1.mm (test for excess errors)
FAIL: obj-c++.dg/bitfield-4.mm (test for excess errors)
FAIL: obj-c++.dg/cxx-ivars-2.mm execution test
FAIL: obj-c++.dg/encode-8.mm execution test
FAIL: obj-c++.dg/isa-field-1.mm (test for excess errors)
FAIL: obj-c++.dg/layout-1.mm (test for excess errors)
FAIL: obj-c++.dg/lookup-2.mm (test for excess errors)
WARNING: obj-c++.dg/lookup-2.mm compilation failed to produce executable
FAIL: obj-c++.dg/try-catch-2.mm (test for excess errors)
WARNING: obj-c++.dg/try-catch-2.mm compilation failed to produce executable
FAIL: obj-c++.dg/try-catch-9.mm (test for excess errors)
WARNING: obj-c++.dg/try-catch-9.mm compilation failed to produce executable
=== obj-c++ Summary ===
# of expected passes 426
# of unexpected failures 9
# of unsupported tests 13
/mnt/gnu/gcc/objdir/gcc/testsuite/obj-c++/../../g++ version 4.2.2
=== objc tests ===
Running target unix
=== objc Summary ===
# of expected passes 1804
# of expected failures 7
# of unsupported tests 25
/mnt/gnu/gcc/objdir/gcc/xgcc version 4.2.2
=== libgomp tests ===
Running target unix
=== libgomp Summary ===
# of expected passes 1340
# of unsupported tests 118
=== libstdc++ tests ===
Running target unix
=== libstdc++ Summary ===
# of expected passes 3813
# of expected failures 15
# of unsupported tests 332
Compiler version: 4.2.2
Platform: hppa64-hp-hpux11.11
configure flags: --with-gnu-as --with-as=/opt/gnu64/bin/as --with-ld=/usr/ccs/bin/ld --enable-shared --with-local-prefix=/opt/gnu64 --prefix=/opt/gnu64/gcc/gcc-4.2.2 --host=hppa64-hp-hpux11.11 --enable-threads=posix --disable-nls --disable-checking --with-gmp=/opt/gnu64/gcc/gcc-4.2.2 -enable-languages=c,c++,objc,obj-c++,fortran --enable-languages=c,c++,fortran,objc,obj-c++