This is the mail archive of the
gcc-testresults@gcc.gnu.org
mailing list for the GCC project.
Results for 4.3.0 20071001 (experimental) (GCC) gfortran testsuite on i686-pc-cygwin
- From: coudert at quatramaran dot ens dot fr (François-Xavier Coudert)
- To: gcc-testresults at gcc dot gnu dot org
- Date: Wed, 3 Oct 2007 01:50:38 +0200 (CEST)
- Subject: Results for 4.3.0 20071001 (experimental) (GCC) gfortran testsuite on i686-pc-cygwin
LAST_UPDATED:
Native configuration is i686-pc-cygwin
=== gfortran tests ===
Running target unix
FAIL: gfortran.dg/do_3.F90 execution test
FAIL: gfortran.dg/do_3.F90 execution test
FAIL: gfortran.dg/do_3.F90 execution test
FAIL: gfortran.dg/do_3.F90 execution test
FAIL: gfortran.dg/nint_2.f90 execution test
FAIL: gfortran.fortran-torture/execute/intrinsic_integer.f90 execution, -O0
FAIL: gfortran.fortran-torture/execute/intrinsic_integer.f90 execution, -O1
FAIL: gfortran.fortran-torture/execute/intrinsic_integer.f90 execution, -O2
FAIL: gfortran.fortran-torture/execute/intrinsic_integer.f90 execution, -Os
=== gfortran Summary ===
# of expected passes 21220
# of unexpected failures 9
# of expected failures 9
# of unsupported tests 94
/home/FX/ibin/gcc/testsuite/gfortran/../../gfortran version 4.3.0 20071001 (experimental) (GCC)
Compiler version: 4.3.0 20071001 (experimental) (GCC) gfortran
Platform: i686-pc-cygwin
configure flags: --prefix=/home/FX/irun/ --enable-languages=c,fortran --with-gmp=/home/FX/local