This is the mail archive of the
gcc-testresults@gcc.gnu.org
mailing list for the GCC project.
Results for 4.3.0 20071002 (experimental) [trunk revision 128947] (GCC) testsuite on x86_64-suse-linux-gnu
- From: ebotcazou at libertysurf dot fr (Eric Botcazou)
- To: gcc-testresults at gcc dot gnu dot org
- Date: Tue, 02 Oct 2007 19:33:54 +0200
- Subject: Results for 4.3.0 20071002 (experimental) [trunk revision 128947] (GCC) testsuite on x86_64-suse-linux-gnu
LAST_UPDATED: Tue Oct 2 05:34:19 UTC 2007 (revision 128947)
=== acats tests ===
FAIL: c37213b
=== acats Summary ===
# of expected passes 2314
# of unexpected failures 1
Native configuration is x86_64-suse-linux-gnu
=== gcc tests ===
Running target unix
FAIL: gcc.c-torture/compile/limits-structnest.c -O2 (test for excess errors)
FAIL: gcc.c-torture/compile/limits-structnest.c -O3 -fomit-frame-pointer (test for excess errors)
FAIL: gcc.c-torture/compile/limits-structnest.c -O3 -g (test for excess errors)
FAIL: gcc.c-torture/compile/limits-structnest.c -Os (test for excess errors)
FAIL: gcc.c-torture/execute/mayalias-2.c compilation, -O3 -g (internal compiler error)
UNRESOLVED: gcc.c-torture/execute/mayalias-2.c execution, -O3 -g
FAIL: gcc.c-torture/execute/mayalias-3.c compilation, -O3 -g (internal compiler error)
UNRESOLVED: gcc.c-torture/execute/mayalias-3.c execution, -O3 -g
XPASS: gcc.dg/cpp/cmdlne-dI-M.c scan-file (^|\\\\n)cmdlne-dI-M.*:[^\\\\n]*cmdlne-dI-M.c
XPASS: gcc.dg/cpp/cmdlne-dM-M.c scan-file (^|\\\\n)cmdlne-dM-M[^\\\\n]*:[^\\\\n]*cmdlne-dM-M.c
XPASS: gcc.dg/tree-ssa/update-threading.c scan-tree-dump-times Invalid sum 0
FAIL: compiler driver --coverage option(s) (assembler options)
=== gcc Summary ===
# of expected passes 47124
# of unexpected failures 7
# of unexpected successes 3
# of expected failures 162
# of unresolved testcases 2
# of untested testcases 35
# of unsupported tests 456
/home/eric/build/gcc/native/gcc/xgcc version 4.3.0 20071002 (experimental) [trunk revision 128947] (GCC)
=== gfortran tests ===
Running target unix
FAIL: gfortran.dg/csqrt_2.f -O0 execution test
FAIL: gfortran.dg/csqrt_2.f -O1 execution test
FAIL: gfortran.dg/csqrt_2.f -O2 execution test
FAIL: gfortran.dg/csqrt_2.f -O3 -fomit-frame-pointer execution test
FAIL: gfortran.dg/csqrt_2.f -O3 -fomit-frame-pointer -funroll-loops execution test
FAIL: gfortran.dg/csqrt_2.f -O3 -fomit-frame-pointer -funroll-all-loops -finline-functions execution test
FAIL: gfortran.dg/csqrt_2.f -O3 -g execution test
FAIL: gfortran.dg/csqrt_2.f -Os execution test
FAIL: gfortran.dg/do_3.F90 -O3 -fomit-frame-pointer execution test
FAIL: gfortran.dg/do_3.F90 -O3 -fomit-frame-pointer -funroll-loops execution test
FAIL: gfortran.dg/do_3.F90 -O3 -fomit-frame-pointer -funroll-all-loops -finline-functions execution test
FAIL: gfortran.dg/do_3.F90 -O3 -g execution test
=== gfortran Summary ===
# of expected passes 21420
# of unexpected failures 12
# of expected failures 9
# of unsupported tests 18
/home/eric/build/gcc/native/gcc/testsuite/gfortran/../../gfortran version 4.3.0 20071002 (experimental) [trunk revision 128947] (GCC)
=== g++ tests ===
Running target unix
XPASS: g++.dg/tree-ssa/copyprop-1.C scan-tree-dump-not .* = [^>;]*;
XPASS: g++.dg/tree-ssa/ivopts-1.C scan-tree-dump-not offset: -4B
XPASS: g++.dg/tree-ssa/ivopts-1.C scan-tree-dump-not &x\\[5\\]
=== g++ Summary ===
# of expected passes 16632
# of unexpected successes 3
# of expected failures 84
# of unsupported tests 118
/home/eric/build/gcc/native/gcc/testsuite/g++/../../g++ version 4.3.0 20071002 (experimental) [trunk revision 128947] (GCC)
=== gnat tests ===
Running target unix
FAIL: gnat.dg/frame_overflow.adb (test for errors, line 12)
FAIL: gnat.dg/frame_overflow.adb (test for errors, line 21)
=== gnat Summary ===
# of expected passes 298
# of unexpected failures 2
=== obj-c++ tests ===
Running target unix
FAIL: obj-c++.dg/bitfield-1.mm (internal compiler error)
FAIL: obj-c++.dg/bitfield-1.mm (test for excess errors)
WARNING: obj-c++.dg/bitfield-1.mm compilation failed to produce executable
FAIL: obj-c++.dg/bitfield-4.mm (test for excess errors)
FAIL: obj-c++.dg/comp-types-10.mm (internal compiler error)
FAIL: obj-c++.dg/comp-types-10.mm (test for excess errors)
FAIL: obj-c++.dg/cxx-ivars-2.mm execution test
FAIL: obj-c++.dg/encode-2.mm scan-assembler {Vec<float>=ffi}
FAIL: obj-c++.dg/encode-2.mm scan-assembler {Vec<double>=ddi}
FAIL: obj-c++.dg/encode-3.mm execution test
FAIL: obj-c++.dg/encode-8.mm execution test
FAIL: obj-c++.dg/gnu-runtime-2.mm (test for excess errors)
FAIL: obj-c++.dg/isa-field-1.mm (test for excess errors)
FAIL: obj-c++.dg/layout-1.mm (test for excess errors)
FAIL: obj-c++.dg/lookup-2.mm (test for excess errors)
WARNING: obj-c++.dg/lookup-2.mm compilation failed to produce executable
FAIL: obj-c++.dg/try-catch-2.mm (test for excess errors)
WARNING: obj-c++.dg/try-catch-2.mm compilation failed to produce executable
FAIL: obj-c++.dg/try-catch-9.mm (internal compiler error)
FAIL: obj-c++.dg/try-catch-9.mm (test for excess errors)
WARNING: obj-c++.dg/try-catch-9.mm compilation failed to produce executable
=== obj-c++ Summary ===
# of expected passes 420
# of unexpected failures 17
# of unsupported tests 13
/home/eric/build/gcc/native/gcc/testsuite/obj-c++/../../g++ version 4.3.0 20071002 (experimental) [trunk revision 128947] (GCC)
=== objc tests ===
Running target unix
=== objc Summary ===
# of expected passes 1812
# of expected failures 7
# of unsupported tests 24
/home/eric/build/gcc/native/gcc/xgcc version 4.3.0 20071002 (experimental) [trunk revision 128947] (GCC)
=== libffi tests ===
Running target unix
=== libffi Summary ===
# of expected passes 1108
# of unsupported tests 8
=== libgomp tests ===
Running target unix
=== libgomp Summary ===
# of expected passes 1623
=== libjava tests ===
Running target unix
FAIL: LargeFile execution - source compiled test
FAIL: LargeFile -findirect-dispatch execution - source compiled test
FAIL: LargeFile -O3 execution - source compiled test
FAIL: LargeFile -O3 -findirect-dispatch execution - source compiled test
=== libjava Summary ===
# of expected passes 2542
# of unexpected failures 4
# of untested testcases 4
=== libstdc++ tests ===
Running target unix
XPASS: 26_numerics/headers/cmath/c99_classification_macros_c.cc (test for excess errors)
XPASS: 27_io/fpos/14320-1.cc execution test
=== libstdc++ Summary ===
# of expected passes 5317
# of unexpected successes 2
# of expected failures 56
# of unsupported tests 8
Compiler version: 4.3.0 20071002 (experimental) [trunk revision 128947] (GCC)
Platform: x86_64-suse-linux-gnu
configure flags: x86_64-suse-linux --prefix=/home/eric/install/gcc --with-as=/home/eric/build/binutils-2_17-branch/native/gas/as-new --with-ld=/home/eric/build/binutils-2_17-branch/native/ld/ld-new --enable-languages=c,c++,objc,obj-c++,java,fortran,ada --enable-checking=yes,rtl --enable-__cxa_atexit --disable-nls --disable-libmudflap
BOOT_CFLAGS=-g -O2