This is the mail archive of the
gcc-testresults@gcc.gnu.org
mailing list for the GCC project.
Results for 4.3.0 20070925 (experimental) [trunk revision 128761] (GCC) testsuite on i586-suse-linux-gnu
- From: ebotcazou at libertysurf dot fr (Eric Botcazou)
- To: gcc-testresults at gcc dot gnu dot org
- Date: Tue, 25 Sep 2007 19:06:27 +0200
- Subject: Results for 4.3.0 20070925 (experimental) [trunk revision 128761] (GCC) testsuite on i586-suse-linux-gnu
LAST_UPDATED: Tue Sep 25 12:52:21 UTC 2007 (revision 128761)
=== acats tests ===
=== acats Summary ===
# of expected passes 2315
# of unexpected failures 0
Native configuration is i586-suse-linux-gnu
=== gcc tests ===
Running target unix
FAIL: gcc.c-torture/execute/mayalias-2.c compilation, -O3 -g (internal compiler error)
UNRESOLVED: gcc.c-torture/execute/mayalias-2.c execution, -O3 -g
FAIL: gcc.c-torture/execute/mayalias-3.c compilation, -O3 -g (internal compiler error)
UNRESOLVED: gcc.c-torture/execute/mayalias-3.c execution, -O3 -g
XPASS: gcc.dg/cpp/cmdlne-dI-M.c scan-file (^|\\\\n)cmdlne-dI-M.*:[^\\\\n]*cmdlne-dI-M.c
XPASS: gcc.dg/cpp/cmdlne-dM-M.c scan-file (^|\\\\n)cmdlne-dM-M[^\\\\n]*:[^\\\\n]*cmdlne-dM-M.c
FAIL: gcc.dg/dfp/convert-bfp-4.c execution test
FAIL: gcc.dg/dfp/convert-bfp-5.c execution test
XPASS: gcc.dg/tree-ssa/update-threading.c scan-tree-dump-times Invalid sum 0
FAIL: gcc.misc-tests/linkage.c link
FAIL: compiler driver --coverage option(s) (assembler options)
=== gcc Summary ===
# of expected passes 47152
# of unexpected failures 6
# of unexpected successes 3
# of expected failures 160
# of unresolved testcases 2
# of untested testcases 35
# of unsupported tests 343
/home/eric/build/gcc/native32/gcc/xgcc version 4.3.0 20070925 (experimental) [trunk revision 128761] (GCC)
=== g++ tests ===
Running target unix
XPASS: g++.dg/tree-ssa/copyprop-1.C scan-tree-dump-not .* = [^>;]*;
XPASS: g++.dg/tree-ssa/ivopts-1.C scan-tree-dump-not offset: -4B
XPASS: g++.dg/tree-ssa/ivopts-1.C scan-tree-dump-not &x\\[5\\]
=== g++ Summary ===
# of expected passes 16696
# of unexpected successes 3
# of expected failures 84
# of unsupported tests 88
/home/eric/build/gcc/native32/gcc/testsuite/g++/../../g++ version 4.3.0 20070925 (experimental) [trunk revision 128761] (GCC)
=== gnat tests ===
Running target unix
=== gnat Summary ===
# of expected passes 301
=== libgomp tests ===
Running target unix
=== libgomp Summary ===
# of expected passes 496
=== libstdc++ tests ===
Running target unix
XPASS: 26_numerics/headers/cmath/c99_classification_macros_c.cc (test for excess errors)
=== libstdc++ Summary ===
# of expected passes 5177
# of unexpected successes 1
# of expected failures 57
# of unsupported tests 8
Compiler version: 4.3.0 20070925 (experimental) [trunk revision 128761] (GCC)
Platform: i586-suse-linux-gnu
configure flags: i586-suse-linux --prefix=/home/eric/install/gcc --with-as=/home/eric/build/binutils-2_17-branch/native32/gas/as-new --with-ld=/home/eric/build/binutils-2_17-branch/native32/ld/ld-new --enable-languages=c,c++,ada --enable-checking=yes,rtl --enable-__cxa_atexit --disable-nls --disable-libmudflap
BOOT_CFLAGS=-g -O2 -fomit-frame-pointer