This is the mail archive of the
gcc-testresults@gcc.gnu.org
mailing list for the GCC project.
Results for 4.3.0 20070916 (experimental) [trunk revision 128522] (Debian 20070916-1) testsuite on ia64-unknown-linux-gnu
- From: Matthias Klose <doko at debian dot org>
- To: gcc-testresults at gcc dot gnu dot org
- Cc: debian-gcc at lists dot debian dot org
- Date: Tue, 18 Sep 2007 17:58:51 -0600
- Subject: Results for 4.3.0 20070916 (experimental) [trunk revision 128522] (Debian 20070916-1) testsuite on ia64-unknown-linux-gnu
- Reply-to: Matthias Klose <doko at debian dot org>
LAST_UPDATED: Sun Sep 16 07:54:18 UTC 2007 (revision 128522)
Target: ia64-linux-gnu
gcc version 4.3.0 20070916 (experimental) [trunk revision 128522] (Debian 20070916-1)
=== acats tests ===
FAIL: cxb3014
FAIL: cxb3016
=== acats Summary ===
# of expected passes 2313
# of unexpected failures 2
Native configuration is ia64-unknown-linux-gnu
=== g++ tests ===
Running target unix
XPASS: g++.dg/tree-ssa/copyprop-1.C scan-tree-dump-not .* = [^>;]*;
FAIL: g++.dg/tree-prof/indir-call-prof.C scan-tree-dump Indirect call -> direct call.* AA transformation on insn
FAIL: g++.dg/tree-prof/indir-call-prof.C scan-tree-dump Indirect call -> direct call.* AA transformation on insn
FAIL: g++.dg/tree-prof/indir-call-prof.C scan-tree-dump Indirect call -> direct call.* AA transformation on insn
FAIL: g++.dg/tree-prof/indir-call-prof.C scan-tree-dump Indirect call -> direct call.* AA transformation on insn
FAIL: g++.dg/tree-prof/indir-call-prof.C scan-tree-dump Indirect call -> direct call.* AA transformation on insn
FAIL: g++.dg/tree-prof/indir-call-prof.C scan-tree-dump Indirect call -> direct call.* AA transformation on insn
FAIL: g++.dg/tree-prof/indir-call-prof.C scan-tree-dump Indirect call -> direct call.* AA transformation on insn
=== g++ Summary ===
# of expected passes 15848
# of unexpected failures 7
# of unexpected successes 1
# of expected failures 87
# of unsupported tests 129
/build/buildd/gcc-snapshot-20070916/build/gcc/testsuite/g++/../../g++ version 4.3.0 20070916 (experimental) [trunk revision 128522] (Debian 20070916-1)
=== gcc tests ===
Running target unix
FAIL: gcc.c-torture/execute/mayalias-2.c compilation, -O3 -g (internal compiler error)
UNRESOLVED: gcc.c-torture/execute/mayalias-2.c execution, -O3 -g
FAIL: gcc.c-torture/execute/mayalias-3.c compilation, -O3 -g (internal compiler error)
UNRESOLVED: gcc.c-torture/execute/mayalias-3.c execution, -O3 -g
FAIL: gcc.dg/builtin-apply4.c execution test
FAIL: gcc.dg/pr30643.c scan-assembler-not undefined
XPASS: gcc.dg/torture/builtin-math-4.c -O0 (test for excess errors)
XPASS: gcc.dg/torture/builtin-math-4.c -O1 (test for excess errors)
XPASS: gcc.dg/torture/builtin-math-4.c -O2 (test for excess errors)
XPASS: gcc.dg/torture/builtin-math-4.c -O3 -fomit-frame-pointer (test for excess errors)
XPASS: gcc.dg/torture/builtin-math-4.c -O3 -fomit-frame-pointer -funroll-loops (test for excess errors)
XPASS: gcc.dg/torture/builtin-math-4.c -O3 -fomit-frame-pointer -funroll-all-loops -finline-functions (test for excess errors)
XPASS: gcc.dg/torture/builtin-math-4.c -O3 -g (test for excess errors)
XPASS: gcc.dg/torture/builtin-math-4.c -Os (test for excess errors)
UNRESOLVED: gcc.dg/torture/fp-int-convert-float128-timode.c -O0 compilation failed to produce executable
UNRESOLVED: gcc.dg/torture/fp-int-convert-float128-timode.c -O1 compilation failed to produce executable
UNRESOLVED: gcc.dg/torture/fp-int-convert-float128-timode.c -O2 compilation failed to produce executable
UNRESOLVED: gcc.dg/torture/fp-int-convert-float128-timode.c -O3 -fomit-frame-pointer compilation failed to produce executable
UNRESOLVED: gcc.dg/torture/fp-int-convert-float128-timode.c -O3 -g compilation failed to produce executable
UNRESOLVED: gcc.dg/torture/fp-int-convert-float128-timode.c -Os compilation failed to produce executable
FAIL: gcc.dg/torture/fp-int-convert-float128.c -O0 (test for excess errors)
UNRESOLVED: gcc.dg/torture/fp-int-convert-float128.c -O0 compilation failed to produce executable
FAIL: gcc.dg/torture/fp-int-convert-float128.c -O1 (test for excess errors)
UNRESOLVED: gcc.dg/torture/fp-int-convert-float128.c -O1 compilation failed to produce executable
FAIL: gcc.dg/torture/fp-int-convert-float128.c -O2 (test for excess errors)
UNRESOLVED: gcc.dg/torture/fp-int-convert-float128.c -O2 compilation failed to produce executable
FAIL: gcc.dg/torture/fp-int-convert-float128.c -O3 -fomit-frame-pointer (test for excess errors)
UNRESOLVED: gcc.dg/torture/fp-int-convert-float128.c -O3 -fomit-frame-pointer compilation failed to produce executable
FAIL: gcc.dg/torture/fp-int-convert-float128.c -O3 -g (test for excess errors)
UNRESOLVED: gcc.dg/torture/fp-int-convert-float128.c -O3 -g compilation failed to produce executable
FAIL: gcc.dg/torture/fp-int-convert-float128.c -Os (test for excess errors)
UNRESOLVED: gcc.dg/torture/fp-int-convert-float128.c -Os compilation failed to produce executable
XPASS: gcc.dg/tree-ssa/loop-1.c scan-assembler-times foo 5
FAIL: gcc.dg/tree-ssa/ssa-fre-4.c scan-tree-dump Replaced \\(char\\) .*with
XPASS: gcc.dg/tree-ssa/update-threading.c scan-tree-dump-times Invalid sum 0
FAIL: gcc.dg/vect/vect-104.c scan-tree-dump-times vectorized 1 loops 0
FAIL: gcc.dg/vect/vect-iv-6.c scan-tree-dump-times vectorized 1 loops 1
FAIL: gcc.dg/vect/vect-outer-2.c scan-tree-dump-times OUTER LOOP VECTORIZED 1
FAIL: gcc.dg/vect/vect-outer-2a.c scan-tree-dump-times OUTER LOOP VECTORIZED 1
FAIL: gcc.dg/vect/vect-outer-2c.c scan-tree-dump-times OUTER LOOP VECTORIZED 1
FAIL: gcc.dg/vect/vect-outer-4c.c scan-tree-dump-times OUTER LOOP VECTORIZED 1
FAIL: gcc.dg/vect/vect-outer-5.c scan-tree-dump-times zero step in outer loop. 1
FAIL: gcc.dg/vect/vect-strided-store-u16-i4.c scan-tree-dump-times vectorized 1 loops 1
FAIL: gcc.dg/vect/vect-vfa-slp.c scan-tree-dump-times vectorized 1 loops 1
ERROR: gcc.dg/vect/slp-10.c: error executing dg-final: syntax error in target selector "target !{vect_int_mult}"
UNRESOLVED: gcc.dg/vect/slp-10.c: error executing dg-final: syntax error in target selector "target !{vect_int_mult}"
FAIL: gcc.dg/vect/slp-15.c scan-tree-dump-times vectorizing stmts using SLP 2
FAIL: gcc.dg/vect/slp-25.c scan-tree-dump-times Alignment of access forced using peeling 2
FAIL: gcc.dg/vect/slp-28.c scan-tree-dump-times vectorized 1 loops 1
FAIL: gcc.dg/vect/slp-28.c scan-tree-dump-times vectorizing stmts using SLP 1
FAIL: gcc.dg/vect/slp-3.c scan-tree-dump-times vectorized 3 loops 1
FAIL: gcc.dg/vect/slp-3.c scan-tree-dump-times vectorizing stmts using SLP 3
ERROR: gcc.dg/vect/slp-33.c: error executing dg-final: syntax error in target selector "target !{vect_int_mult}"
UNRESOLVED: gcc.dg/vect/slp-33.c: error executing dg-final: syntax error in target selector "target !{vect_int_mult}"
FAIL: gcc.dg/vect/no-vfa-pr29145.c scan-tree-dump-times vectorized 0 loops 2
FAIL: gcc.dg/vect/no-vfa-pr29145.c scan-tree-dump-times vectorized 1 loops 1
FAIL: gcc.dg/vect/no-vfa-vect-depend-1.c scan-tree-dump-times vectorized 1 loops 1
FAIL: gcc.dg/vect/no-scevccp-outer-16.c scan-tree-dump-times OUTER LOOP VECTORIZED. 1
FAIL: gcc.dg/vect/no-scevccp-outer-17.c scan-tree-dump-times OUTER LOOP VECTORIZED. 1
FAIL: gcc.dg/vect/no-scevccp-outer-18.c scan-tree-dump-times OUTER LOOP VECTORIZED. 1
FAIL: gcc.dg/vect/no-scevccp-outer-19.c scan-tree-dump-times OUTER LOOP VECTORIZED. 1
FAIL: gcc.dg/vect/no-scevccp-outer-21.c scan-tree-dump-times OUTER LOOP VECTORIZED. 1
=== gcc Summary ===
# of expected passes 44383
# of unexpected failures 34
# of unexpected successes 10
# of expected failures 201
# of unresolved testcases 16
# of untested testcases 35
# of unsupported tests 314
/build/buildd/gcc-snapshot-20070916/build/gcc/xgcc version 4.3.0 20070916 (experimental) [trunk revision 128522] (Debian 20070916-1)
=== gfortran tests ===
Running target unix
FAIL: gfortran.dg/do_3.F90 -O3 -fomit-frame-pointer execution test
FAIL: gfortran.dg/do_3.F90 -O3 -fomit-frame-pointer -funroll-loops execution test
FAIL: gfortran.dg/do_3.F90 -O3 -fomit-frame-pointer -funroll-all-loops -finline-functions execution test
FAIL: gfortran.dg/do_3.F90 -O3 -g execution test
=== gfortran Summary ===
# of expected passes 21095
# of unexpected failures 4
# of expected failures 17
# of unsupported tests 29
/build/buildd/gcc-snapshot-20070916/build/gcc/testsuite/gfortran/../../gfortran version 4.3.0 20070916 (experimental) [trunk revision 128522] (Debian 20070916-1)
=== gnat tests ===
Running target unix
FAIL: gnat.dg/frame_overflow.adb (test for errors, line 12)
FAIL: gnat.dg/frame_overflow.adb (test for errors, line 21)
=== gnat Summary ===
# of expected passes 295
# of unexpected failures 2
=== obj-c++ tests ===
Running target unix
FAIL: obj-c++.dg/basic.mm (internal compiler error)
FAIL: obj-c++.dg/basic.mm (test for excess errors)
UNRESOLVED: obj-c++.dg/basic.mm compilation failed to produce executable
FAIL: obj-c++.dg/bitfield-1.mm (internal compiler error)
FAIL: obj-c++.dg/bitfield-1.mm (test for excess errors)
UNRESOLVED: obj-c++.dg/bitfield-1.mm compilation failed to produce executable
FAIL: obj-c++.dg/bitfield-4.mm (test for excess errors)
FAIL: obj-c++.dg/comp-types-10.mm (internal compiler error)
FAIL: obj-c++.dg/comp-types-10.mm (test for excess errors)
FAIL: obj-c++.dg/cxx-ivars-2.mm execution test
FAIL: obj-c++.dg/cxx-scope-2.mm (internal compiler error)
FAIL: obj-c++.dg/cxx-scope-2.mm (test for warnings, line 14)
FAIL: obj-c++.dg/cxx-scope-2.mm (test for warnings, line 16)
FAIL: obj-c++.dg/cxx-scope-2.mm (test for excess errors)
FAIL: obj-c++.dg/encode-2.mm scan-assembler {Vec<float>=ffi}
FAIL: obj-c++.dg/encode-2.mm scan-assembler {Vec<double>=ddi}
FAIL: obj-c++.dg/encode-3.mm execution test
FAIL: obj-c++.dg/encode-8.mm execution test
FAIL: obj-c++.dg/gnu-runtime-2.mm (test for excess errors)
FAIL: obj-c++.dg/isa-field-1.mm (test for excess errors)
FAIL: obj-c++.dg/layout-1.mm (test for excess errors)
FAIL: obj-c++.dg/lookup-2.mm (test for excess errors)
UNRESOLVED: obj-c++.dg/lookup-2.mm compilation failed to produce executable
FAIL: obj-c++.dg/no-extra-load.mm (internal compiler error)
FAIL: obj-c++.dg/no-extra-load.mm (test for excess errors)
ERROR: obj-c++.dg/no-extra-load.mm: error executing dg-final: couldn't open "no-extra-load.s": no such file or directory
UNRESOLVED: obj-c++.dg/no-extra-load.mm: error executing dg-final: couldn't open "no-extra-load.s": no such file or directory
FAIL: obj-c++.dg/try-catch-2.mm (test for excess errors)
UNRESOLVED: obj-c++.dg/try-catch-2.mm compilation failed to produce executable
FAIL: obj-c++.dg/try-catch-9.mm (internal compiler error)
FAIL: obj-c++.dg/try-catch-9.mm (test for excess errors)
UNRESOLVED: obj-c++.dg/try-catch-9.mm compilation failed to produce executable
=== obj-c++ Summary ===
# of expected passes 413
# of unexpected failures 25
# of unresolved testcases 6
# of unsupported tests 13
/build/buildd/gcc-snapshot-20070916/build/gcc/testsuite/obj-c++/../../g++ version 4.3.0 20070916 (experimental) [trunk revision 128522] (Debian 20070916-1)
=== objc tests ===
Running target unix
=== objc Summary ===
# of expected passes 1810
# of expected failures 7
# of unsupported tests 25
/build/buildd/gcc-snapshot-20070916/build/gcc/xgcc version 4.3.0 20070916 (experimental) [trunk revision 128522] (Debian 20070916-1)
=== treelang tests ===
Running target unix
=== treelang Summary ===
# of expected passes 52
=== libffi tests ===
Running target unix
=== libffi Summary ===
# of expected passes 1108
# of unsupported tests 8
=== libgomp tests ===
Running target unix
=== libgomp Summary ===
# of expected passes 1607
=== libjava tests ===
Running target unix
FAIL: getlocalvartable output
FAIL: Throw_3 -O3 output - source compiled test
FAIL: Throw_3 -O3 -findirect-dispatch output - source compiled test
=== libjava Summary ===
# of expected passes 2547
# of unexpected failures 3
=== libmudflap tests ===
Running target unix
FAIL: libmudflap.c++/pass41-frag.cxx execution test
FAIL: libmudflap.c++/pass41-frag.cxx ( -O) execution test
FAIL: libmudflap.c++/pass41-frag.cxx (-O2) execution test
FAIL: libmudflap.c++/pass41-frag.cxx (-O3) execution test
=== libmudflap Summary ===
# of expected passes 1371
# of unexpected failures 4
=== libstdc++ tests ===
Running target unix
XPASS: 26_numerics/headers/cmath/c99_classification_macros_c.cc (test for excess errors)
XPASS: 27_io/fpos/14320-1.cc execution test
=== libstdc++ Summary ===
# of expected passes 4542
# of unexpected successes 2
# of expected failures 56
# of unsupported tests 324
Compiler version: 4.3.0 20070916 (experimental) [trunk revision 128522] (Debian 20070916-1)
Platform: ia64-unknown-linux-gnu
configure flags: -v --with-pkgversion='Debian 20070916-1' --with-bugurl=file:///usr/share/doc/gcc-snapshot/README.Bugs --enable-languages=c,c++,java,fortran,objc,obj-c++,ada,treelang --prefix=/usr/lib/gcc-snapshot --enable-shared --with-system-zlib --disable-nls --enable-clocale=gnu --enable-libstdcxx-debug --enable-java-awt=gtk --enable-gtk-cairo --disable-plugin --with-java-home=/usr/lib/gcc-snapshot/jre --with-ecj-jar=/usr/share/java/eclipse-ecj.jar --enable-mpfr --disable-libssp --with-system-libunwind --disable-werror --build=ia64-linux-gnu --host=ia64-linux-gnu --target=ia64-linux-gnu
BOOT_CFLAGS=
Build Dependencies:
Desired=Unknown/Install/Remove/Purge/Hold
| Status=Not/Installed/Config-files/Unpacked/Failed-config/Half-installed
|/ Err?=(none)/Hold/Reinst-required/X=both-problems (Status,Err: uppercase=bad)
||/ Name Version Description
+++-==============-==============-==============================================
ii binutils 2.18-1 The GNU assembler, linker and binary utilities
ii libc6.1 2.6.1-1 GNU C Library: Shared libraries
Patches that Debian applied in this version:
pr33273:
Proposed patch for PR middle-end/33273
cpu-default-i486:
set default 32bit ix86 architecture to i486
multiarch-include:
biarch-include.dpatch
Adds biarch include directories
/usr/local/include/<arch>-linux-gnu
/usr/include/<arch>-linux-gnu
to the system include paths, depending on 32/64 bit mode.
gcc-ice-hack:
Retry the build on an ice, save the calling options and preprocessed
source when the ice is reproducible.
libjava-disable-static:
Disable building the static libjava.
ada-driver-check:
Simplify Ada driver check (we always build using the required
Ada version. Needed for warnings on alpha.
gcc-ice-apport:
Report an ICE to apport (if apport is available
and the environment variable GCC_NOAPPORT is not set)
Counting all warnings,
there are 0 warnings in stage3 of this bootstrap.
Number of warnings per file:
Number of warning types: