This is the mail archive of the
gcc-testresults@gcc.gnu.org
mailing list for the GCC project.
Results for 4.3.0 20070829 (experimental) [trunk revision 127876] (GCC) testsuite on hppa64-hp-hpux11.11
- From: John David Anglin <dave at hiauly3 dot hia dot nrc dot ca>
- To: dave at hiauly3 dot hia dot nrc dot ca, gcc-testresults at gcc dot gnu dot org
- Date: Wed, 29 Aug 2007 21:59:04 -0400 (EDT)
- Subject: Results for 4.3.0 20070829 (experimental) [trunk revision 127876] (GCC) testsuite on hppa64-hp-hpux11.11
LAST_UPDATED: Wed Aug 29 01:23:21 UTC 2007 (revision 127876)
Native configuration is hppa64-hp-hpux11.11
=== g++ tests ===
Running target unix
XPASS: g++.dg/eh/weak1.C execution test
XPASS: g++.dg/tree-ssa/copyprop-1.C scan-tree-dump-not .* = [^>;]*;
XPASS: g++.dg/tree-ssa/ivopts-1.C scan-tree-dump-not offset: -4B
XPASS: g++.dg/tree-ssa/ivopts-1.C scan-tree-dump-not &x\\[5\\]
=== g++ Summary ===
# of expected passes 15551
# of unexpected successes 4
# of expected failures 89
# of unsupported tests 171
/test/gnu/gcc/objdir/gcc/testsuite/g++/../../g++ version 4.3.0 20070829 (experimental) [trunk revision 127876] (GCC)
=== gcc tests ===
Running target unix
FAIL: gcc.c-torture/execute/mayalias-2.c compilation, -O3 -g (internal compiler error)
UNRESOLVED: gcc.c-torture/execute/mayalias-2.c execution, -O3 -g
FAIL: gcc.c-torture/execute/mayalias-3.c compilation, -O3 -g (internal compiler error)
UNRESOLVED: gcc.c-torture/execute/mayalias-3.c execution, -O3 -g
XPASS: gcc.dg/cpp/cmdlne-dI-M.c scan-file (^|\\\\n)cmdlne-dI-M.*:[^\\\\n]*cmdlne-dI-M.c
XPASS: gcc.dg/cpp/cmdlne-dM-M.c scan-file (^|\\\\n)cmdlne-dM-M[^\\\\n]*:[^\\\\n]*cmdlne-dM-M.c
FAIL: gcc.dg/builtins-20.c (test for excess errors)
FAIL: gcc.dg/builtins-59.c scan-tree-dump __builtin_cexpi
FAIL: gcc.dg/builtins-59.c scan-tree-dump-not sincos
FAIL: gcc.dg/builtins-61.c scan-tree-dump cexpi
FAIL: gcc.dg/builtins-61.c scan-tree-dump sin
FAIL: gcc.dg/builtins-61.c scan-tree-dump cos
FAIL: gcc.dg/builtins-61.c scan-tree-dump return 0.0
FAIL: gcc.dg/builtins-62.c scan-tree-dump-times cexpi 3
XPASS: gcc.dg/funcorder.c scan-assembler-not link_error,%r
FAIL: gcc.dg/pr32912-2.c execution test
XPASS: gcc.dg/tree-ssa/update-threading.c scan-tree-dump-times Invalid sum 0
=== gcc Summary ===
# of expected passes 42867
# of unexpected failures 11
# of unexpected successes 4
# of expected failures 102
# of unresolved testcases 2
# of untested testcases 35
# of unsupported tests 400
/test/gnu/gcc/objdir/gcc/xgcc version 4.3.0 20070829 (experimental) [trunk revision 127876] (GCC)
=== gfortran tests ===
Running target unix
FAIL: gfortran.dg/gamma_1.f90 -O0 (test for excess errors)
WARNING: gfortran.dg/gamma_1.f90 -O0 compilation failed to produce executable
FAIL: gfortran.dg/gamma_1.f90 -O1 (test for excess errors)
WARNING: gfortran.dg/gamma_1.f90 -O1 compilation failed to produce executable
FAIL: gfortran.dg/gamma_1.f90 -O2 (test for excess errors)
WARNING: gfortran.dg/gamma_1.f90 -O2 compilation failed to produce executable
FAIL: gfortran.dg/gamma_1.f90 -O3 -fomit-frame-pointer (test for excess errors)
WARNING: gfortran.dg/gamma_1.f90 -O3 -fomit-frame-pointer compilation failed to produce executable
FAIL: gfortran.dg/gamma_1.f90 -O3 -fomit-frame-pointer -funroll-loops (test for excess errors)
WARNING: gfortran.dg/gamma_1.f90 -O3 -fomit-frame-pointer -funroll-loops compilation failed to produce executable
FAIL: gfortran.dg/gamma_1.f90 -O3 -fomit-frame-pointer -funroll-all-loops -finline-functions (test for excess errors)
WARNING: gfortran.dg/gamma_1.f90 -O3 -fomit-frame-pointer -funroll-all-loops -finline-functions compilation failed to produce executable
FAIL: gfortran.dg/gamma_1.f90 -O3 -g (test for excess errors)
WARNING: gfortran.dg/gamma_1.f90 -O3 -g compilation failed to produce executable
FAIL: gfortran.dg/gamma_1.f90 -Os (test for excess errors)
WARNING: gfortran.dg/gamma_1.f90 -Os compilation failed to produce executable
FAIL: gfortran.dg/integer_exponentiation_2.f90 -O1 execution test
FAIL: gfortran.dg/integer_exponentiation_2.f90 -O2 execution test
FAIL: gfortran.dg/integer_exponentiation_2.f90 -O3 -fomit-frame-pointer execution test
FAIL: gfortran.dg/integer_exponentiation_2.f90 -O3 -fomit-frame-pointer -funroll-loops execution test
FAIL: gfortran.dg/integer_exponentiation_2.f90 -O3 -fomit-frame-pointer -funroll-all-loops -finline-functions execution test
FAIL: gfortran.dg/integer_exponentiation_2.f90 -O3 -g execution test
FAIL: gfortran.dg/integer_exponentiation_2.f90 -Os execution test
FAIL: gfortran.dg/nint_2.f90 -O0 execution test
=== gfortran Summary ===
# of expected passes 20507
# of unexpected failures 16
# of expected failures 8
# of unsupported tests 122
/test/gnu/gcc/objdir/gcc/testsuite/gfortran/../../gfortran version 4.3.0 20070829 (experimental) [trunk revision 127876] (GCC)
=== obj-c++ tests ===
Running target unix
FAIL: obj-c++.dg/bitfield-1.mm (internal compiler error)
FAIL: obj-c++.dg/bitfield-1.mm (test for excess errors)
WARNING: obj-c++.dg/bitfield-1.mm compilation failed to produce executable
FAIL: obj-c++.dg/bitfield-4.mm (test for excess errors)
FAIL: obj-c++.dg/comp-types-10.mm (internal compiler error)
FAIL: obj-c++.dg/comp-types-10.mm (test for excess errors)
FAIL: obj-c++.dg/cxx-ivars-2.mm execution test
FAIL: obj-c++.dg/encode-2.mm scan-assembler {Vec<float>=ffi}
FAIL: obj-c++.dg/encode-2.mm scan-assembler {Vec<double>=ddi}
FAIL: obj-c++.dg/encode-3.mm execution test
FAIL: obj-c++.dg/encode-8.mm execution test
FAIL: obj-c++.dg/gnu-runtime-2.mm (test for excess errors)
FAIL: obj-c++.dg/isa-field-1.mm (test for excess errors)
FAIL: obj-c++.dg/layout-1.mm (test for excess errors)
FAIL: obj-c++.dg/lookup-2.mm (test for excess errors)
WARNING: obj-c++.dg/lookup-2.mm compilation failed to produce executable
FAIL: obj-c++.dg/try-catch-2.mm (test for excess errors)
WARNING: obj-c++.dg/try-catch-2.mm compilation failed to produce executable
FAIL: obj-c++.dg/try-catch-9.mm (internal compiler error)
FAIL: obj-c++.dg/try-catch-9.mm (test for excess errors)
WARNING: obj-c++.dg/try-catch-9.mm compilation failed to produce executable
=== obj-c++ Summary ===
# of expected passes 420
# of unexpected failures 17
# of unsupported tests 13
/test/gnu/gcc/objdir/gcc/testsuite/obj-c++/../../g++ version 4.3.0 20070829 (experimental) [trunk revision 127876] (GCC)
=== objc tests ===
Running target unix
FAIL: objc/execute/pr25328.m compilation, -O1 -fgnu-runtime (internal compiler error)
UNRESOLVED: objc/execute/pr25328.m execution, -O1 -fgnu-runtime
FAIL: objc/execute/pr25328.m compilation, -O2 -fgnu-runtime (internal compiler error)
UNRESOLVED: objc/execute/pr25328.m execution, -O2 -fgnu-runtime
FAIL: objc/execute/pr25328.m compilation, -O3 -fomit-frame-pointer -fgnu-runtime (internal compiler error)
UNRESOLVED: objc/execute/pr25328.m execution, -O3 -fomit-frame-pointer -fgnu-runtime
FAIL: objc/execute/pr25328.m compilation, -O3 -g -fgnu-runtime (internal compiler error)
UNRESOLVED: objc/execute/pr25328.m execution, -O3 -g -fgnu-runtime
FAIL: objc/execute/pr25328.m compilation, -Os -fgnu-runtime (internal compiler error)
UNRESOLVED: objc/execute/pr25328.m execution, -Os -fgnu-runtime
=== objc Summary ===
# of expected passes 1800
# of unexpected failures 5
# of expected failures 7
# of unresolved testcases 5
# of unsupported tests 25
/test/gnu/gcc/objdir/gcc/xgcc version 4.3.0 20070829 (experimental) [trunk revision 127876] (GCC)
=== libgomp tests ===
Running target unix
WARNING: program timed out.
FAIL: libgomp.c/nestedfn-5.c execution test
WARNING: program timed out.
FAIL: libgomp.c/pr29947-1.c execution test
WARNING: program timed out.
FAIL: libgomp.c/pr29947-2.c execution test
FAIL: libgomp.c++/ctor-8.C -O0 execution test
FAIL: libgomp.c++/ctor-8.C -O1 execution test
FAIL: libgomp.c++/ctor-8.C -O3 -fomit-frame-pointer -funroll-loops execution test
FAIL: libgomp.c++/ctor-8.C -O3 -fomit-frame-pointer -funroll-all-loops -finline-functions execution test
FAIL: libgomp.c++/ctor-8.C -O3 -g execution test
FAIL: libgomp.c++/ctor-8.C -Os execution test
FAIL: libgomp.c++/ctor-9.C -O3 -fomit-frame-pointer execution test
WARNING: program timed out.
FAIL: libgomp.c++/pr26943.C -O0 execution test
WARNING: program timed out.
FAIL: libgomp.c++/pr26943.C -O1 execution test
WARNING: program timed out.
FAIL: libgomp.c++/pr26943.C -O2 execution test
WARNING: program timed out.
FAIL: libgomp.c++/pr26943.C -O3 -fomit-frame-pointer execution test
WARNING: program timed out.
FAIL: libgomp.c++/pr26943.C -O3 -fomit-frame-pointer -funroll-loops execution test
WARNING: program timed out.
FAIL: libgomp.c++/pr26943.C -O3 -fomit-frame-pointer -funroll-all-loops -finline-functions execution test
WARNING: program timed out.
FAIL: libgomp.c++/pr26943.C -O3 -g execution test
WARNING: program timed out.
FAIL: libgomp.c++/pr26943.C -Os execution test
FAIL: libgomp.fortran/crayptr2.f90 -O0 execution test
FAIL: libgomp.fortran/crayptr2.f90 -O1 execution test
FAIL: libgomp.fortran/crayptr2.f90 -O2 execution test
FAIL: libgomp.fortran/crayptr2.f90 -O3 -fomit-frame-pointer execution test
FAIL: libgomp.fortran/crayptr2.f90 -O3 -fomit-frame-pointer -funroll-loops execution test
FAIL: libgomp.fortran/crayptr2.f90 -O3 -fomit-frame-pointer -funroll-all-loops -finline-functions execution test
FAIL: libgomp.fortran/crayptr2.f90 -O3 -g execution test
FAIL: libgomp.fortran/crayptr2.f90 -Os execution test
WARNING: program timed out.
FAIL: libgomp.fortran/do1.f90 -O0 execution test
WARNING: program timed out.
FAIL: libgomp.fortran/do1.f90 -O1 execution test
WARNING: program timed out.
FAIL: libgomp.fortran/do1.f90 -O2 execution test
WARNING: program timed out.
FAIL: libgomp.fortran/do1.f90 -O3 -fomit-frame-pointer execution test
WARNING: program timed out.
FAIL: libgomp.fortran/do1.f90 -O3 -fomit-frame-pointer -funroll-loops execution test
WARNING: program timed out.
FAIL: libgomp.fortran/do1.f90 -O3 -fomit-frame-pointer -funroll-all-loops -finline-functions execution test
WARNING: program timed out.
FAIL: libgomp.fortran/do1.f90 -O3 -g execution test
WARNING: program timed out.
FAIL: libgomp.fortran/do1.f90 -Os execution test
WARNING: program timed out.
FAIL: libgomp.fortran/do2.f90 -O0 execution test
WARNING: program timed out.
FAIL: libgomp.fortran/do2.f90 -O1 execution test
WARNING: program timed out.
FAIL: libgomp.fortran/do2.f90 -O2 execution test
WARNING: program timed out.
FAIL: libgomp.fortran/do2.f90 -O3 -fomit-frame-pointer execution test
WARNING: program timed out.
FAIL: libgomp.fortran/do2.f90 -O3 -fomit-frame-pointer -funroll-loops execution test
WARNING: program timed out.
FAIL: libgomp.fortran/do2.f90 -O3 -fomit-frame-pointer -funroll-all-loops -finline-functions execution test
WARNING: program timed out.
FAIL: libgomp.fortran/do2.f90 -O3 -g execution test
WARNING: program timed out.
FAIL: libgomp.fortran/do2.f90 -Os execution test
WARNING: program timed out.
FAIL: libgomp.fortran/omp_parse1.f90 -O0 execution test
WARNING: program timed out.
FAIL: libgomp.fortran/omp_parse1.f90 -O1 execution test
WARNING: program timed out.
FAIL: libgomp.fortran/omp_parse1.f90 -O2 execution test
WARNING: program timed out.
FAIL: libgomp.fortran/omp_parse1.f90 -O3 -fomit-frame-pointer execution test
WARNING: program timed out.
FAIL: libgomp.fortran/omp_parse1.f90 -O3 -fomit-frame-pointer -funroll-loops execution test
WARNING: program timed out.
FAIL: libgomp.fortran/omp_parse1.f90 -O3 -fomit-frame-pointer -funroll-all-loops -finline-functions execution test
WARNING: program timed out.
FAIL: libgomp.fortran/omp_parse1.f90 -O3 -g execution test
WARNING: program timed out.
FAIL: libgomp.fortran/omp_parse1.f90 -Os execution test
FAIL: libgomp.fortran/threadprivate1.f90 -O0 execution test
FAIL: libgomp.fortran/threadprivate1.f90 -O3 -fomit-frame-pointer execution test
FAIL: libgomp.fortran/threadprivate1.f90 -O3 -fomit-frame-pointer -funroll-loops execution test
FAIL: libgomp.fortran/threadprivate1.f90 -O3 -fomit-frame-pointer -funroll-all-loops -finline-functions execution test
FAIL: libgomp.fortran/threadprivate1.f90 -O3 -g execution test
WARNING: program timed out.
FAIL: libgomp.fortran/threadprivate2.f90 -O0 execution test
FAIL: libgomp.fortran/threadprivate2.f90 -O1 execution test
FAIL: libgomp.fortran/threadprivate2.f90 -O2 execution test
FAIL: libgomp.fortran/threadprivate2.f90 -O3 -fomit-frame-pointer execution test
FAIL: libgomp.fortran/threadprivate2.f90 -O3 -fomit-frame-pointer -funroll-loops execution test
FAIL: libgomp.fortran/threadprivate2.f90 -O3 -fomit-frame-pointer -funroll-all-loops -finline-functions execution test
FAIL: libgomp.fortran/threadprivate2.f90 -O3 -g execution test
FAIL: libgomp.fortran/threadprivate2.f90 -Os execution test
FAIL: libgomp.fortran/threadprivate3.f90 -O0 execution test
FAIL: libgomp.fortran/threadprivate3.f90 -O1 execution test
FAIL: libgomp.fortran/threadprivate3.f90 -O2 execution test
FAIL: libgomp.fortran/threadprivate3.f90 -O3 -fomit-frame-pointer execution test
FAIL: libgomp.fortran/threadprivate3.f90 -O3 -fomit-frame-pointer -funroll-all-loops -finline-functions execution test
FAIL: libgomp.fortran/threadprivate3.f90 -O3 -g execution test
FAIL: libgomp.fortran/threadprivate3.f90 -Os execution test
=== libgomp Summary ===
# of expected passes 1521
# of unexpected failures 70
# of unsupported tests 9
=== libstdc++ tests ===
Running target unix
=== libstdc++ Summary ===
# of expected passes 4473
# of expected failures 57
# of unsupported tests 340
Compiler version: 4.3.0 20070829 (experimental) [trunk revision 127876] (GCC)
Platform: hppa64-hp-hpux11.11
configure flags: --with-gnu-as --with-as=/opt/gnu64/bin/as --with-ld=/usr/ccs/bin/ld --enable-shared --disable-nls --with-local-prefix=/opt/gnu64 --prefix=/opt/gnu64/gcc/gcc-4.3.0 --build=hppa64-hp-hpux11.11 --enable-threads=posix --disable-libmudflap --with-gmp=/opt/gnu64/gcc/gcc-4.3.0 --enable-languages=c,c++,fortran,objc,obj-c++