This is the mail archive of the
gcc-testresults@gcc.gnu.org
mailing list for the GCC project.
Results for 4.3.0 20070813 (experimental) testsuite on x86_64-unknown-linux-gnu
- From: Weidong Cui <mason dot cui at gmail dot com>
- To: gcc-testresults at gcc dot gnu dot org
- Date: Mon, 13 Aug 2007 05:11:43 -0700 (PDT)
- Subject: Results for 4.3.0 20070813 (experimental) testsuite on x86_64-unknown-linux-gnu
LAST_UPDATED: Mon Aug 13 14:26:49 UTC 2007 (revision 127391)
Native configuration is x86_64-unknown-linux-gnu
=== gcc tests ===
Running target unix
FAIL: gcc.c-torture/compile/20000127-1.c -O1 (test for excess errors)
FAIL: gcc.c-torture/execute/20040709-2.c compilation, -O3 -g (internal compiler error)
UNRESOLVED: gcc.c-torture/execute/20040709-2.c execution, -O3 -g
FAIL: gcc.c-torture/execute/mayalias-2.c compilation, -O3 -g (internal compiler error)
UNRESOLVED: gcc.c-torture/execute/mayalias-2.c execution, -O3 -g
FAIL: gcc.c-torture/execute/mayalias-3.c compilation, -O3 -g (internal compiler error)
UNRESOLVED: gcc.c-torture/execute/mayalias-3.c execution, -O3 -g
FAIL: gcc.dg/builtins-61.c scan-tree-dump return 0.0
XPASS: gcc.dg/tree-ssa/update-threading.c scan-tree-dump-times Invalid sum 0
=== gcc Summary ===
# of expected passes 46199
# of unexpected failures 5
# of unexpected successes 1
# of expected failures 138
# of unresolved testcases 3
# of untested testcases 35
# of unsupported tests 497
/home/cuiwd/gcc4/build/gcc/xgcc version 4.3.0 20070813 (experimental)
=== gfortran tests ===
Running target unix
=== gfortran Summary ===
# of expected passes 20649
# of expected failures 8
# of unsupported tests 18
/home/cuiwd/gcc4/build/gcc/testsuite/gfortran/../../gfortran version 4.3.0 20070813 (experimental)
=== g++ tests ===
Running target unix
XPASS: g++.dg/tree-ssa/copyprop-1.C scan-tree-dump-not .* = [^>;]*;
XPASS: g++.dg/tree-ssa/ivopts-1.C scan-tree-dump-not offset: -4B
XPASS: g++.dg/tree-ssa/ivopts-1.C scan-tree-dump-not &x\\[5\\]
=== g++ Summary ===
# of expected passes 16259
# of unexpected successes 3
# of expected failures 87
# of unsupported tests 113
/home/cuiwd/gcc4/build/gcc/testsuite/g++/../../g++ version 4.3.0 20070813 (experimental)
=== objc tests ===
Running target unix
=== objc Summary ===
# of expected passes 1812
# of expected failures 7
# of unsupported tests 24
/home/cuiwd/gcc4/build/gcc/xgcc version 4.3.0 20070813 (experimental)
=== libffi tests ===
Running target unix
=== libffi Summary ===
# of expected passes 1096
# of unsupported tests 8
=== libgomp tests ===
Running target unix
=== libgomp Summary ===
# of expected passes 1607
=== libjava tests ===
Running target unix
=== libjava Summary ===
# of expected passes 2538
=== libmudflap tests ===
Running target unix
FAIL: libmudflap.c++/pass41-frag.cxx execution test
FAIL: libmudflap.c++/pass41-frag.cxx (-static) execution test
FAIL: libmudflap.c++/pass41-frag.cxx ( -O) execution test
FAIL: libmudflap.c++/pass41-frag.cxx (-O2) execution test
FAIL: libmudflap.c++/pass41-frag.cxx (-O3) execution test
=== libmudflap Summary ===
# of expected passes 1821
# of unexpected failures 5
=== libstdc++ tests ===
Running target unix
FAIL: abi_check
XPASS: 26_numerics/headers/cmath/c99_classification_macros_c.cc (test for excess errors)
XPASS: 27_io/fpos/14320-1.cc execution test
=== libstdc++ Summary ===
# of expected passes 4475
# of unexpected failures 1
# of unexpected successes 2
# of expected failures 53
# of unsupported tests 316
Compiler version: 4.3.0 20070813 (experimental)
Platform: x86_64-unknown-linux-gnu
configure flags: --enable-clocale=gnu --with-system-zlib --with-demangler-in-ld --enable-shared --enable-threads-osix --enable-haifa --enable-checking=assert --prefix=/home/cuiwd/gcc4/ins --with-gmp=/home/cuiwd/gmp --with-mpfr=/home/cuiwd/mpfr