This is the mail archive of the
gcc-testresults@gcc.gnu.org
mailing list for the GCC project.
Results for 4.2.1 testsuite on i686-pc-cygwin
- From: "Larry Robinson" <silver-dad at comcast dot net>
- To: <gcc-testresults at gcc dot gnu dot org>
- Date: Thu, 9 Aug 2007 16:42:53 -0700
- Subject: Results for 4.2.1 testsuite on i686-pc-cygwin
Windows XP Pro/SP2 cygwin Intel Core 2 Duo, 1.86GHz system with packages:
binutils 20060817-1
bison 2.3-1
cygwin 1.7.0 cygwin1-20070427.dll snapshot
dejagnu 20021217-2 1.4.2.x
expect 20030128-1 5.26
gcc 3.4.4-3
gcc-ada 3.4.4-3
gcc-g++ 3.4.4-3
gmp 4.2.1-1
make 3.81-1
mpfr 2.2.1-1
tcltk 20060202-1 8.4
w32api 3.9-1
BOOT_CFLAGS='-O2 -march=prescott -pipe'
CFLAGS='-O2 -march=prescott -pipe'
CXXFLAGS='-O2 -pipe -march=prescott'
FCFLAGS='-O2 -pipe -march=prescott'
FFLAGS='-O2 -pipe -march=prescott'
GCJFLAGS='-O2 -pipe -march=prescott'
LIBFCFLAGS='-O2 -pipe -march=prescott'
LIBFFLAGS='-O2 -pipe -march=prescott'
LIBCFLAGS='-O2 -pipe -march=prescott'
LIBCXXFLAGS='-O2 -pipe -march=prescott'
LIBGCJFLAGS='-O2 -pipe -march=prescott'
Note: libgcj not built due to following problem:
/home/LarryR/Build/gcc-4.2.1/gcc/gcj
-B/home/LarryR/Build/gcc-4.2.1/i686-pc-cygwin/libjava/
-B/home/LarryR/Build/gcc-4.2.1/gcc/ -ffloat-store -fomit-frame-pointer
-fclasspath=
-fbootclasspath=/home/LarryR/Build/gcc-4.2.1/i686-pc-cygwin/libjava/classpat
h/lib --encoding=UTF-8 -Wno-deprecated -fbootstrap-classes -g -O2 -fjni
-findirect-dispatch -fno-indirect-classes -c @gnu-xml.list -o gnu-xml.o
/tmp/ccvLp0i2jx: In method
'_GLOBAL__I_0__ZN3gnu3xml8aelfred222JAXPFactory$JaxpParser6finit$EJvv()':
/tmp/ccvLp0i2jx:0: internal compiler error: Segmentation fault
LAST_UPDATED: Obtained from SVN: tags/gcc_4_2_1_release revision 126787
=== acats tests ===
FAIL: c23003b
FAIL: c23003g
FAIL: c23003i
FAIL: cxg2002
FAIL: cxg2003
FAIL: cxg2004
FAIL: cxg2006
FAIL: cxg2007
FAIL: cxg2010
FAIL: cxg2011
FAIL: cxg2012
FAIL: cxg2013
FAIL: cxg2014
FAIL: cxg2015
FAIL: cxg2016
FAIL: cxg2017
FAIL: cxg2018
FAIL: cxg2019
FAIL: cxg2020
FAIL: cxg2021
=== acats Summary ===
# of expected passes 1939
# of unexpected failures 20
# of unsupported tests 356
Native configuration is i686-pc-cygwin
=== g++ tests ===
Running target unix
FAIL: tmpdir-g++.dg-struct-layout-1/t024 cp_compat_x_tst.o-cp_compat_y_tst.o
execute
FAIL: tmpdir-g++.dg-struct-layout-1/t026 cp_compat_x_tst.o-cp_compat_y_tst.o
execute
FAIL: g++.dg/abi/local1.C execution test
FAIL: g++.dg/abi/rtti1.C scan-assembler-dem-not \\ntypeinfo for A[: \\t\\n]
FAIL: g++.dg/abi/rtti3.C scan-assembler .weak[ \\t]_?_ZTSPP1A
FAIL: g++.dg/abi/thunk4.C scan-assembler .weak[ \\t]_?_ZThn._N7Derived3FooEv
FAIL: g++.dg/ext/attribute-test-3.C execution test
FAIL: g++.dg/ext/attribute-test-4.C execution test
FAIL: g++.dg/ext/dllimport7.C C++ specific error (test for errors, line 24)
FAIL: g++.dg/opt/complex3.C (internal compiler error)
FAIL: g++.dg/opt/complex3.C (test for excess errors)
FAIL: g++.dg/opt/vt1.C scan-assembler-not
section[^\\n\\r]*_ZTV1S[^\\n\\r]*"[^w"\\n\\r]*"
FAIL: g++.dg/other/unused1.C scan-assembler
(string|ascii?)z?\\t"class2("|\\\\\\\\000)
FAIL: g++.dg/other/unused1.C scan-assembler
(string|ascii?)z?\\t"printer("|\\\\\\\\000)
XPASS: g++.dg/tree-ssa/ivopts-1.C scan-tree-dump-not offset: -4B
XPASS: g++.dg/tree-ssa/ivopts-1.C scan-tree-dump-not &x\\[5\\]
FAIL: g++.dg/pch/externc-1.C -g assembly comparison
FAIL: g++.dg/pch/externc-1.C -O2 -g assembly comparison
FAIL: g++.dg/pch/static-1.C -g assembly comparison
FAIL: g++.dg/pch/static-1.C -O2 -g assembly comparison
FAIL: g++.dg/pch/system-1.C -g assembly comparison
FAIL: g++.dg/pch/system-1.C -O2 -g assembly comparison
FAIL: g++.dg/pch/system-2.C -g assembly comparison
FAIL: g++.dg/pch/system-2.C -O2 -g assembly comparison
FAIL: g++.dg/pch/uninst.C -g assembly comparison
FAIL: g++.dg/pch/uninst.C -O2 -g assembly comparison
FAIL: g++.dg/pch/wchar-1.C -g assembly comparison
FAIL: g++.dg/pch/wchar-1.C -O2 -g assembly comparison
FAIL: g++.old-deja/g++.eh/badalloc1.C execution test
XPASS: g++.old-deja/g++.ext/attrib5.C execution test
FAIL: g++.old-deja/g++.law/profile1.C (test for excess errors)
WARNING: g++.old-deja/g++.law/profile1.C compilation failed to produce
executable
FAIL: g++.old-deja/g++.other/init5.C execution test
=== g++ Summary ===
# of expected passes 13612
# of unexpected failures 29
# of unexpected successes 3
# of expected failures 66
# of unsupported tests 168
/home/LarryR/build/gcc-4.2.1/gcc/testsuite/g++/../../g++ version 4.2.1
=== gcc tests ===
Running target unix
FAIL: gcc.c-torture/compile/20000804-1.c (test for excess errors)
FAIL: gcc.c-torture/execute/20050316-2.c execution, -O0
FAIL: gcc.c-torture/execute/20050316-2.c execution, -O1
FAIL: gcc.c-torture/execute/20050316-2.c execution, -O2
XPASS: gcc.c-torture/execute/mayalias-2.c compilation, -O3 -g
FAIL: gcc.dg/compat/vector-2 c_compat_x_tst.o-c_compat_y_tst.o execute
FAIL: gcc.dg/cpp/include2.c (test for excess errors)
FAIL: gcc.dg/20021014-1.c (test for excess errors)
WARNING: gcc.dg/20021014-1.c compilation failed to produce executable
FAIL: gcc.dg/builtin-apply4.c execution test
FAIL: gcc.dg/builtins-38.c (internal compiler error)
FAIL: gcc.dg/builtins-38.c (test for excess errors)
FAIL: gcc.dg/nest.c (test for excess errors)
WARNING: gcc.dg/nest.c compilation failed to produce executable
FAIL: gcc.dg/nested-func-4.c (test for excess errors)
WARNING: gcc.dg/nested-func-4.c compilation failed to produce executable
FAIL: gcc.dg/pr25993.c (test for excess errors)
FAIL: gcc.dg/pr32450.c (test for excess errors)
WARNING: gcc.dg/pr32450.c compilation failed to produce executable
FAIL: gcc.dg/setjmp-3.c (test for excess errors)
WARNING: gcc.dg/setjmp-3.c compilation failed to produce executable
FAIL: gcc.dg/setjmp-4.c (test for excess errors)
WARNING: gcc.dg/setjmp-4.c compilation failed to produce executable
FAIL: largefile.c (test for excess errors)
FAIL: largefile.c (test for excess errors)
FAIL: largefile.c (test for excess errors)
FAIL: largefile.c (test for excess errors)
FAIL: largefile.c (test for excess errors)
FAIL: largefile.c (test for excess errors)
FAIL: largefile.c (test for excess errors)
FAIL: gcc.dg/tree-ssa/gen-vect-11b.c scan-tree-dump-times vectorized 0 loops
1
FAIL: gcc.dg/tree-ssa/gen-vect-11c.c scan-tree-dump-times vectorized 0 loops
1
FAIL: gcc.dg/tree-ssa/loop-1.c scan-assembler-times foo 5
FAIL: compiler driver --coverage option(s) (compiler options)
FAIL: gcc.target/i386/pic-1.c (test for errors, line 10)
FAIL: gcc.target/i386/ssefn-1.c scan-assembler-not movsd
FAIL: gcc.target/i386/ssefn-1.c scan-assembler-not mulsd
=== gcc Summary ===
# of expected passes 43736
# of unexpected failures 30
# of unexpected successes 1
# of expected failures 114
# of untested testcases 35
# of unsupported tests 362
/home/LarryR/build/gcc-4.2.1/gcc/xgcc version 4.2.1
=== gfortran tests ===
Running target unix
=== gfortran Summary ===
# of expected passes 16066
# of expected failures 7
# of unsupported tests 86
/home/LarryR/build/gcc-4.2.1/gcc/testsuite/gfortran/../../gfortran version
4.2.1
=== gnat tests ===
Running target unix
=== gnat Summary ===
# of expected passes 42
=== obj-c++ tests ===
Running target unix
FAIL: obj-c++.dg/cxx-ivars-2.mm execution test
FAIL: obj-c++.dg/encode-8.mm execution test
FAIL: obj-c++.dg/isa-field-1.mm (test for excess errors)
FAIL: obj-c++.dg/lookup-2.mm (test for excess errors)
WARNING: obj-c++.dg/lookup-2.mm compilation failed to produce executable
FAIL: obj-c++.dg/try-catch-2.mm (test for excess errors)
WARNING: obj-c++.dg/try-catch-2.mm compilation failed to produce executable
FAIL: obj-c++.dg/try-catch-9.mm (test for excess errors)
WARNING: obj-c++.dg/try-catch-9.mm compilation failed to produce executable
=== obj-c++ Summary ===
# of expected passes 429
# of unexpected failures 6
# of unsupported tests 13
/home/LarryR/build/gcc-4.2.1/gcc/testsuite/obj-c++/../../g++ version 4.2.1
=== objc tests ===
Running target unix
=== objc Summary ===
# of expected passes 1886
# of expected failures 7
# of unsupported tests 24
/home/LarryR/build/gcc-4.2.1/gcc/xgcc version 4.2.1
=== treelang tests ===
Running target unix
ERROR: tcl error sourcing
/home/LarryR/src/gcc-4.2.1/gcc/testsuite/treelang/output/output.exp.
ERROR: rm: cannot remove \`treelang/output-1': No such file or directory
=== treelang Summary ===
# of expected passes 52
=== libstdc++ tests ===
Running target unix
FAIL: 26_numerics/cmath/c99_classification_macros_c.cc (test for excess
errors)
FAIL: 27_io/basic_filebuf/seekoff/char/1-io.cc execution test
FAIL: 27_io/basic_filebuf/seekoff/char/1-io.cc execution test
FAIL: 27_io/basic_filebuf/seekoff/char/2-io.cc execution test
FAIL: 27_io/basic_filebuf/seekoff/char/2-io.cc execution test
FAIL: 27_io/basic_filebuf/seekpos/char/1-io.cc execution test
FAIL: 27_io/basic_filebuf/seekpos/char/1-io.cc execution test
FAIL: 27_io/basic_filebuf/seekpos/char/2-io.cc execution test
FAIL: 27_io/basic_filebuf/seekpos/char/2-io.cc execution test
FAIL: 27_io/basic_filebuf/sgetn/char/1-in.cc execution test
FAIL: 27_io/basic_filebuf/sgetn/char/1-in.cc execution test
FAIL: 27_io/basic_filebuf/sgetn/char/1-in.cc execution test
FAIL: 27_io/basic_filebuf/sgetn/char/1-io.cc execution test
FAIL: 27_io/basic_filebuf/sgetn/char/1-io.cc execution test
FAIL: 27_io/basic_filebuf/sgetn/char/1-io.cc execution test
FAIL: 27_io/basic_filebuf/sgetn/char/2-in.cc execution test
FAIL: 27_io/basic_filebuf/sgetn/char/2-in.cc execution test
FAIL: 27_io/basic_filebuf/sgetn/char/2-in.cc execution test
FAIL: 27_io/basic_filebuf/sgetn/char/2-io.cc execution test
FAIL: 27_io/basic_filebuf/sgetn/char/2-io.cc execution test
FAIL: 27_io/basic_filebuf/sgetn/char/2-io.cc execution test
FAIL: 27_io/basic_istream/extractors_arithmetic/char/12.cc execution test
FAIL: 27_io/basic_istream/extractors_arithmetic/char/12.cc execution test
FAIL: 27_io/basic_istream/extractors_arithmetic/char/12.cc execution test
FAIL: 27_io/basic_istream/readsome/char/6746-2.cc execution test
FAIL: 27_io/basic_istream/readsome/char/6746-2.cc execution test
FAIL: 27_io/basic_istream/readsome/char/6746-2.cc execution test
FAIL: ext/pb_ds/example/priority_queue_dijkstra.cc execution test
FAIL: ext/pb_ds/example/priority_queue_dijkstra.cc execution test
FAIL: tr1/2_general_utilities/memory/shared_ptr/thread/mutex_weaktoshared.cc
execution test
FAIL: tr1/2_general_utilities/memory/shared_ptr/thread/mutex_weaktoshared.cc
execution test
FAIL: tr1/2_general_utilities/memory/shared_ptr/thread/mutex_weaktoshared.cc
execution test
FAIL: tr1/2_general_utilities/memory/shared_ptr/thread/mutex_weaktoshared.cc
execution test
=== libstdc++ Summary ===
# of expected passes 6990
# of unexpected failures 33
# of expected failures 31
# of unsupported tests 447
Compiler version: 4.2.1
Platform: i686-pc-cygwin
configure flags: --verbose --prefix=/gcc-4.2.1 --with-arch=prescott
--disable-nls --without-included-gettext
--enable-version-specific-runtime-libs --without-x --disable-libgcj
--disable-libgcj-debug --disable-java-awt --with-system-zlib
--enable-java-gc=boehm --enable-threads=posix --enable-sjlj-exceptions
--disable-win32-registry --with-win32-nlsapi=unicode
--enable-hash-synchronization --enable-libstdcxx-debug
'--enable-cxx-flags=-O2 -pipe -march=prescott'
'--enable-libstdcxx-debug-flags=-g3 -O0 -pipe -march=prescott'
--enable-languages=c,ada,c++,fortran,java,objc,obj-c++,treelang