This is the mail archive of the gcc-testresults@gcc.gnu.org mailing list for the GCC project.
Index Nav: | [Date Index] [Subject Index] [Author Index] [Thread Index] | |
---|---|---|
Message Nav: | [Date Prev] [Date Next] | [Thread Prev] [Thread Next] |
Other format: | [Raw text] |
LAST_UPDATED: Native configuration is x86_64-unknown-linux-gnu === gcc tests === Running target unix FAIL: gcc.c-torture/execute/mayalias-2.c compilation, -O3 -g (internal compiler error) UNRESOLVED: gcc.c-torture/execute/mayalias-2.c execution, -O3 -g FAIL: gcc.c-torture/execute/mayalias-3.c compilation, -O3 -g (internal compiler error) UNRESOLVED: gcc.c-torture/execute/mayalias-3.c execution, -O3 -g XPASS: gcc.dg/cpp/cmdlne-dI-M.c scan-file (^|\\\\n)cmdlne-dI-M.*:[^\\\\n]*cmdlne-dI-M.c XPASS: gcc.dg/cpp/cmdlne-dM-M.c scan-file (^|\\\\n)cmdlne-dM-M[^\\\\n]*:[^\\\\n]*cmdlne-dM-M.c FAIL: gcc.dg/cpp/direct2s.c (test for excess errors) FAIL: gcc.dg/builtins-61.c scan-tree-dump return 0.0 FAIL: gcc.dg/torture/builtin-pow-mpfr-1.c -O0 scan-tree-dump pow FAIL: gcc.dg/torture/builtin-pow-mpfr-1.c -O1 scan-tree-dump pow FAIL: gcc.dg/torture/builtin-pow-mpfr-1.c -O2 scan-tree-dump pow FAIL: gcc.dg/torture/builtin-pow-mpfr-1.c -O3 -fomit-frame-pointer scan-tree-dump pow FAIL: gcc.dg/torture/builtin-pow-mpfr-1.c -O3 -g scan-tree-dump pow FAIL: gcc.dg/torture/builtin-pow-mpfr-1.c -Os scan-tree-dump pow XPASS: gcc.dg/tree-ssa/update-threading.c scan-tree-dump-times Invalid sum 0 === gcc Summary === # of expected passes 46105 # of unexpected failures 10 # of unexpected successes 3 # of expected failures 138 # of unresolved testcases 2 # of untested testcases 35 # of unsupported tests 496 /home/rask/build/gcc-x86_64-unknown-linux-gnu/gcc/xgcc version 4.3.0 20070729 (experimental) === gfortran tests === Running target unix === gfortran Summary === # of expected passes 19917 # of expected failures 9 # of unsupported tests 18 /home/rask/build/gcc-x86_64-unknown-linux-gnu/gcc/testsuite/gfortran/../../gfortran version 4.3.0 20070729 (experimental) === g++ tests === Running target unix XPASS: g++.dg/tree-ssa/copyprop-1.C scan-tree-dump-not .* = [^>;]*; XPASS: g++.dg/tree-ssa/ivopts-1.C scan-tree-dump-not offset: -4B XPASS: g++.dg/tree-ssa/ivopts-1.C scan-tree-dump-not &x\\[5\\] === g++ Summary === # of expected passes 16224 # of unexpected successes 3 # of expected failures 87 # of unsupported tests 113 /home/rask/build/gcc-x86_64-unknown-linux-gnu/gcc/testsuite/g++/../../g++ version 4.3.0 20070729 (experimental) === objc tests === Running target unix === objc Summary === # of expected passes 1812 # of expected failures 7 # of unsupported tests 24 /home/rask/build/gcc-x86_64-unknown-linux-gnu/gcc/xgcc version 4.3.0 20070729 (experimental) Compiler version: 4.3.0 20070729 (experimental) Platform: x86_64-unknown-linux-gnu configure flags: --target x86_64-unknown-linux-gnu --with-newlib --enable-sim --disable-gdb --disable-nls --enable-checking=yes,rtl --without-newlib --disable-multilib --disable-binutils --disable-gas --disable-ld --disable-gprof
Index Nav: | [Date Index] [Subject Index] [Author Index] [Thread Index] | |
---|---|---|
Message Nav: | [Date Prev] [Date Next] | [Thread Prev] [Thread Next] |