This is the mail archive of the
gcc-testresults@gcc.gnu.org
mailing list for the GCC project.
Results for 4.2.1 (Debian 4.2.1-0) libjava testsuite on ia64-unknown-linux-gnu
- From: Matthias Klose <doko at debian dot org>
- To: gcc-testresults at gcc dot gnu dot org
- Cc: debian-gcc at lists dot debian dot org
- Date: Fri, 20 Jul 2007 17:56:09 -0600
- Subject: Results for 4.2.1 (Debian 4.2.1-0) libjava testsuite on ia64-unknown-linux-gnu
- Reply-to: Matthias Klose <doko at debian dot org>
LAST_UPDATED: Thu Jul 19 15:44:56 UTC 2007 (revision 126787)
Target: ia64-linux-gnu
gcc version 4.2.1 (Debian 4.2.1-0)
Native configuration is ia64-unknown-linux-gnu
=== libjava tests ===
Running target unix
FAIL: getlocalvartable output
FAIL: Throw_3 -O3 output - source compiled test
FAIL: Throw_3 -O3 -findirect-dispatch output - source compiled test
=== libjava Summary ===
# of expected passes 2543
# of unexpected failures 3
Compiler version: 4.2.1 (Debian 4.2.1-0) libjava
Platform: ia64-unknown-linux-gnu
configure flags: -v --prefix=/usr --enable-shared --with-system-zlib --libexecdir=/usr/lib --without-included-gettext --enable-threads=posix --enable-nls --with-gxx-include-dir=/usr/include/c++/4.2 --program-suffix=-4.2 --enable-clocale=gnu --enable-java-awt=gtk --enable-gtk-cairo --enable-plugin --with-java-home=/usr/lib/jvm/java-1.5.0-gcj-4.2-1.5.0.0/jre --with-ecj-jar=/usr/share/java/ecj.jar --disable-libmudflap --disable-libssp --disable-werror --with-system-libunwind --enable-checking=release --build=ia64-linux-gnu --host=ia64-linux-gnu --target=ia64-linux-gnu --enable-languages=c,c++,java
BOOT_CFLAGS=-O2
Build Dependencies:
Desired=Unknown/Install/Remove/Purge/Hold
| Status=Not/Installed/Config-files/Unpacked/Failed-config/Half-installed
|/ Err?=(none)/Hold/Reinst-required/X=both-problems (Status,Err: uppercase=bad)
||/ Name Version Description
+++-==============-=================-==============================================
ii binutils 2.17cvs20070713-1 The GNU assembler, linker and binary utilities
ii libc6.1 2.6-1 GNU C Library: Shared libraries
Patches that Debian applied in this version:
rename-info-files:
Allow transformations on info file names. Reference the
transformed info file names in the texinfo files.
gcc-version:
Add package identification to the gcc version string
gcc-textdomain:
Set gettext's domain and textdomain to the versioned package name.
gcc-driver-extra-langs:
Add options and specs for languages that are not built from a source
(but built from separate sources).
gcc-hash-style-both:
Link using --hash-style=both (alpha, amd64, ia64, i386, powerpc, ppc64, s390, sparc)
libstdc++-pic:
Build and install libstdc++_pic.a library.
libstdc++-doclink:
adjust hrefs to point to the local documentation
gccbug:
Use sensible-editor instead of vi as fallback editor
gccbug-posix:
Make gccbug POSIX compliant (patch by David Weinehall)
http://www.opengroup.org/onlinepubs/009695399/utilities/test.html
libstdc++-doxygen:
libstdc++ doxygen docs: Set SHORT_NAMES to YES
libjava-stacktrace:
libgcj: Lookup source file name and line number in separated
debug files found in /usr/lib/debug
libjava-subdir:
- Set the libjava sublibdir to /usr/lib/gcj-4.2
- Set the default libgcj database dir to /var/lib/gcj-4.2
libjava-lib32subdir:
- When running the i386 binaries on amd64, look in /usr/lib32/gcj-x-y
libjava-jnipath:
- Add /usr/lib/jni to java.library.path.
- When running the i386 binaries on amd64, look in
- /usr/lib32/gcj-x.y and /usr/lib32/jni instead.
libjava-lib32-properties:
- When running the i386 binaries on amd64, adjust the properties
java.home, gnu.classpath.home.url, sun.boot.class.path,
gnu.gcj.precompiled.db.path.
libjava-sjlj:
Don't try to use _Unwind_Backtrace on SJLJ targets.
See bug #387875, #388505, GCC PR 29206.
libjava-rpath:
- Link ecjx and gij with -rpath \$(dbexecdir)
libjava-examples:
Fix build for libjava/classpath/examples
libffi-configure:
Add --enable-libffi option to toplevel configure script
pr20218:
Backport from mainline for PR middle-end/17982, PR middle-end/20218.
pr20218-mips:
Backport from mainline for PR middle-end/20218, mips part.
pr28102:
Apply proposed fix for PR target/28102.
pr31868:
Backport from mainline for PR target/31868
pr32723:
Proposed patch for PR tree-optimization/32723
alpha-no-ev4-directive:
boehm-gc-nocheck:
Disable running the boehm-gc testsuite. Hangs the buildd at least on hppa.
note-gnu-stack:
Add .note.GNU-stack sections for gcc's crt files, libffi and boehm-gc
Taken from FC.
arm-pr28516:
Fix PR28516 on ARM
arm-pr30486:
Fix 30486 on ARM
arm-unbreak-eabi-armv4t:
Fix armv4t build on ARM
m68k-save_pic:
gcc/config/m68k/m68k.c:
correctly save the pic register, when not done by reload()
(fixes _Unwind_RaiseException and thus exception handling)
fixes 345574
m68k-dwarf:
correct the dwarf frame information, but preserve compatibility
m68k-limit_reload:
correctly limit reload class
fixes 375522
m68k-prevent-qipush:
prevent combine from creating a byte push on the stack (invalid on m68k)
m68k-return:
don't use single return if fp register have to be restored
fixes 386864
m68k-sig-unwind:
add support for unwinding over signal frames
m68k-align-code:
use "move.l %a4,%a4" to advance within code.
m68k-align-stack:
try to keep the stack word aligned
m68k-secondary-addr-reload:
add secondary reloads to allow reload to get byte values into addr regs
m68k-notice-move:
don't set cc_status for fp move without fp register
m68k-symbolic-operand:
better recognize symbolic operands in addresses
m68k-bitfield-offset:
only use constant offset for register bitfields
(combine expects shifts, but does a rotate)
mips-libspec:
mips*-linux: Always imply -lpthread for -pthread
mips-libjava-interp:
Enable the libjava interpreter on mips/mipsel.
pr27880:
PR target/27880: Restore static linking on ia64 with system libunwind
by adding unwind-compat to the static libgcc.
cpu-default-i486:
set default 32bit ix86 architecture to i486
reporting:
Add Debian URL for bug reporting instructions.
gcc-ice-hack:
2004-01-23 Jakub Jelinek <jakub@redhat.com>
* system.h (ICE_EXIT_CODE): Define.
* gcc.c (execute): Don't free first string early, but at the end
of the function. Call retry_ice if compiler exited with
ICE_EXIT_CODE.
(retry_ice): New function.
* diagnostic.c (diagnostic_count_diagnostic,
diagnostic_action_after_output, error_recursion): Exit with
ICE_EXIT_CODE instead of FATAL_EXIT_CODE.
multiarch-include:
biarch-include.dpatch
Adds biarch include directories
/usr/local/include/<arch>-linux-gnu
/usr/include/<arch>-linux-gnu
to the system include paths, depending on 32/64 bit mode.
libjava-disable-static:
Disable building the static libjava.
ada-driver-check:
Simplify Ada driver check (we always build using the required
Ada version. Needed for warnings on alpha.
Counting all warnings,
there are 0 warnings in stage3 of this bootstrap.
Number of warnings per file:
Number of warning types: