This is the mail archive of the
gcc-testresults@gcc.gnu.org
mailing list for the GCC project.
Results for 4.3.0 20070713 (experimental) testsuite on ia64-suse-linux-gnu
- From: Andreas Schwab <schwab at suse dot de>
- To: gcc-testresults at gcc dot gnu dot org
- Date: Fri, 13 Jul 2007 12:17:01 +0200
- Subject: Results for 4.3.0 20070713 (experimental) testsuite on ia64-suse-linux-gnu
LAST_UPDATED: Fri Jul 13 08:01:55 UTC 2007 (revision 126613M)
=== acats tests ===
FAIL: ae2113b
FAIL: c38202a
FAIL: c85014b
FAIL: c87b26b
FAIL: c910001
FAIL: c930001
FAIL: c93008b
FAIL: c94002b
FAIL: c94002d
FAIL: c94002e
FAIL: c94002f
FAIL: c94002g
FAIL: c94008c
FAIL: c95012a
FAIL: c95085a
FAIL: c954015
FAIL: c954019
FAIL: c954022
FAIL: c954026
FAIL: c954a03
FAIL: c97113a
FAIL: c97201g
FAIL: c97201h
FAIL: c97201x
FAIL: c97202a
FAIL: c97205a
FAIL: c97205b
FAIL: c97305a
FAIL: c97305b
FAIL: c97305c
FAIL: c97305d
FAIL: c974002
FAIL: c974003
FAIL: c974008
FAIL: c974009
FAIL: c974010
FAIL: c974011
FAIL: cc1207b
FAIL: cc3019c
FAIL: cd92001
FAIL: ce2103a
FAIL: ce2202a
FAIL: ce3815a
FAIL: cxb3014
FAIL: cxb3016
FAIL: cxh1001
=== acats Summary ===
# of expected passes 2269
# of unexpected failures 46
Native configuration is ia64-suse-linux-gnu
=== g++ tests ===
Running target unix
FAIL: g++.dg/opt/alias3.C (test for excess errors)
FAIL: g++.dg/opt/inline9.C (test for excess errors)
FAIL: g++.dg/opt/pr24665.C (internal compiler error)
FAIL: g++.dg/opt/pr24665.C (test for excess errors)
XPASS: g++.dg/tree-ssa/copyprop-1.C scan-tree-dump-not .* = [^>;]*;
FAIL: g++.dg/tree-ssa/pr28003.C execution test
FAIL: g++.dg/warn/effc3.C (test for excess errors)
FAIL: g++.dg/tree-prof/indir-call-prof.C scan-tree-dump Indirect call -> direct call.* AA transformation on insn
FAIL: g++.dg/tree-prof/indir-call-prof.C scan-tree-dump Indirect call -> direct call.* AA transformation on insn
FAIL: g++.dg/tree-prof/indir-call-prof.C scan-tree-dump Indirect call -> direct call.* AA transformation on insn
FAIL: g++.dg/tree-prof/indir-call-prof.C scan-tree-dump Indirect call -> direct call.* AA transformation on insn
FAIL: g++.dg/tree-prof/indir-call-prof.C scan-tree-dump Indirect call -> direct call.* AA transformation on insn
FAIL: g++.dg/tree-prof/indir-call-prof.C scan-tree-dump Indirect call -> direct call.* AA transformation on insn
FAIL: g++.dg/tree-prof/indir-call-prof.C scan-tree-dump Indirect call -> direct call.* AA transformation on insn
=== g++ Summary ===
# of expected passes 15526
# of unexpected failures 13
# of unexpected successes 1
# of expected failures 86
# of unsupported tests 124
/tmp/cvs/gcc-20070713/Build/gcc/testsuite/g++/../../g++ version 4.3.0 20070713 (experimental)
=== gcc tests ===
Running target unix
FAIL: gcc.c-torture/execute/mayalias-2.c compilation, -O3 -g (internal compiler error)
UNRESOLVED: gcc.c-torture/execute/mayalias-2.c execution, -O3 -g
FAIL: gcc.c-torture/execute/mayalias-3.c compilation, -O3 -g (internal compiler error)
UNRESOLVED: gcc.c-torture/execute/mayalias-3.c execution, -O3 -g
FAIL: gcc.dg/debug/20020220-1.c -gdwarf-21 (test for excess errors)
FAIL: gcc.dg/debug/20020220-1.c -gdwarf-21 -O (test for excess errors)
FAIL: gcc.dg/debug/20020220-1.c -gdwarf-21 -O3 (test for excess errors)
FAIL: gcc.dg/debug/20020220-1.c -gdwarf-2 (test for excess errors)
FAIL: gcc.dg/debug/20020220-1.c -gdwarf-2 -O (test for excess errors)
FAIL: gcc.dg/debug/20020220-1.c -gdwarf-2 -O3 (test for excess errors)
FAIL: gcc.dg/debug/20020220-1.c -gdwarf-23 (test for excess errors)
FAIL: gcc.dg/debug/20020220-1.c -gdwarf-23 -O (test for excess errors)
FAIL: gcc.dg/debug/20020220-1.c -gdwarf-23 -O3 (test for excess errors)
FAIL: gcc.dg/debug/20050907-1.c -gdwarf-21 (test for excess errors)
FAIL: gcc.dg/debug/20050907-1.c -gdwarf-21 -O (test for excess errors)
FAIL: gcc.dg/debug/20050907-1.c -gdwarf-21 -O3 (test for excess errors)
FAIL: gcc.dg/debug/20050907-1.c -gdwarf-2 (test for excess errors)
FAIL: gcc.dg/debug/20050907-1.c -gdwarf-2 -O (test for excess errors)
FAIL: gcc.dg/debug/20050907-1.c -gdwarf-2 -O3 (test for excess errors)
FAIL: gcc.dg/debug/20050907-1.c -gdwarf-23 (test for excess errors)
FAIL: gcc.dg/debug/20050907-1.c -gdwarf-23 -O (test for excess errors)
FAIL: gcc.dg/debug/20050907-1.c -gdwarf-23 -O3 (test for excess errors)
FAIL: gcc.dg/20020312-2.c (test for excess errors)
FAIL: gcc.dg/20020411-1.c (test for excess errors)
FAIL: gcc.dg/20021018-1.c (test for excess errors)
FAIL: gcc.dg/20030711-1.c (test for excess errors)
FAIL: gcc.dg/20031202-1.c (test for excess errors)
FAIL: gcc.dg/20040625-1.c (test for excess errors)
FAIL: gcc.dg/20050307-1.c (test for excess errors)
FAIL: gcc.dg/20060425-1.c (test for excess errors)
FAIL: gcc.dg/20070507-1.c (test for excess errors)
FAIL: gcc.dg/attr-noinline.c (test for excess errors)
FAIL: gcc.dg/builtin-apply4.c execution test
FAIL: gcc.dg/builtin-object-size-1.c (test for excess errors)
FAIL: gcc.dg/builtin-object-size-2.c (test for excess errors)
FAIL: gcc.dg/builtin-object-size-3.c (test for excess errors)
FAIL: gcc.dg/builtin-object-size-4.c (test for excess errors)
FAIL: gcc.dg/builtins-61.c scan-tree-dump return 0.0
FAIL: gcc.dg/cleanup-10.c (test for excess errors)
FAIL: gcc.dg/cleanup-11.c (test for excess errors)
FAIL: gcc.dg/cleanup-3.c (test for excess errors)
FAIL: gcc.dg/cleanup-4.c (test for excess errors)
FAIL: gcc.dg/cleanup-8.c (test for excess errors)
FAIL: gcc.dg/cleanup-9.c (test for excess errors)
FAIL: gcc.dg/const-float128-ped.c (test for warnings, line 5)
FAIL: gcc.dg/const-float128-ped.c (test for excess errors)
FAIL: gcc.dg/const-float128.c (test for excess errors)
FAIL: gcc.dg/const-float80-ped.c (test for warnings, line 6)
FAIL: gcc.dg/const-float80-ped.c (test for excess errors)
FAIL: gcc.dg/const-float80.c (test for excess errors)
FAIL: gcc.dg/ftrapv-1.c (test for excess errors)
FAIL: gcc.dg/ftrapv-2.c (test for excess errors)
FAIL: gcc.dg/loop-6.c (test for excess errors)
FAIL: gcc.dg/pr26729-1.c (test for excess errors)
FAIL: gcc.dg/pr27363.c (test for excess errors)
FAIL: gcc.dg/pr27671-2.c (test for excess errors)
FAIL: gcc.dg/pr27959.c (test for excess errors)
FAIL: gcc.dg/pr30286.c (test for excess errors)
FAIL: gcc.dg/pr30643.c scan-assembler-not undefined
FAIL: gcc.dg/pr32450.c (test for excess errors)
FAIL: gcc.dg/range-test-1.c (test for excess errors)
FAIL: gcc.dg/sibcall-3.c (test for excess errors)
FAIL: gcc.dg/sibcall-4.c (test for excess errors)
FAIL: gcc.dg/transparent-union-5.c (test for excess errors)
FAIL: gcc.dg/tls/opt-11.c (test for excess errors)
FAIL: gcc.dg/tls/opt-12.c (test for excess errors)
FAIL: gcc.dg/torture/builtin-convert-2.c -O0 (test for excess errors)
FAIL: gcc.dg/torture/builtin-convert-2.c -O1 (test for excess errors)
FAIL: gcc.dg/torture/builtin-convert-2.c -O2 (test for excess errors)
FAIL: gcc.dg/torture/builtin-convert-2.c -O3 -fomit-frame-pointer (test for excess errors)
FAIL: gcc.dg/torture/builtin-convert-2.c -O3 -g (test for excess errors)
FAIL: gcc.dg/torture/builtin-convert-2.c -Os (test for excess errors)
FAIL: gcc.dg/torture/builtin-convert-3.c -O0 (test for excess errors)
FAIL: gcc.dg/torture/builtin-convert-3.c -O1 (test for excess errors)
FAIL: gcc.dg/torture/builtin-convert-3.c -O2 (test for excess errors)
FAIL: gcc.dg/torture/builtin-convert-3.c -O3 -fomit-frame-pointer (test for excess errors)
FAIL: gcc.dg/torture/builtin-convert-3.c -O3 -g (test for excess errors)
FAIL: gcc.dg/torture/builtin-convert-3.c -Os (test for excess errors)
FAIL: gcc.dg/torture/builtin-convert-4.c -O0 (test for excess errors)
FAIL: gcc.dg/torture/builtin-convert-4.c -O1 (test for excess errors)
FAIL: gcc.dg/torture/builtin-convert-4.c -O2 (test for excess errors)
FAIL: gcc.dg/torture/builtin-convert-4.c -O3 -fomit-frame-pointer (test for excess errors)
FAIL: gcc.dg/torture/builtin-convert-4.c -O3 -fomit-frame-pointer -funroll-loops (test for excess errors)
FAIL: gcc.dg/torture/builtin-convert-4.c -O3 -fomit-frame-pointer -funroll-all-loops -finline-functions (test for excess errors)
FAIL: gcc.dg/torture/builtin-convert-4.c -O3 -g (test for excess errors)
FAIL: gcc.dg/torture/builtin-convert-4.c -Os (test for excess errors)
FAIL: gcc.dg/torture/builtin-frexp-1.c -O0 (test for excess errors)
FAIL: gcc.dg/torture/builtin-frexp-1.c -O1 (test for excess errors)
FAIL: gcc.dg/torture/builtin-frexp-1.c -O2 (test for excess errors)
FAIL: gcc.dg/torture/builtin-frexp-1.c -O3 -fomit-frame-pointer (test for excess errors)
FAIL: gcc.dg/torture/builtin-frexp-1.c -O3 -fomit-frame-pointer -funroll-loops (test for excess errors)
FAIL: gcc.dg/torture/builtin-frexp-1.c -O3 -fomit-frame-pointer -funroll-all-loops -finline-functions (test for excess errors)
FAIL: gcc.dg/torture/builtin-frexp-1.c -O3 -g (test for excess errors)
FAIL: gcc.dg/torture/builtin-frexp-1.c -Os (test for excess errors)
FAIL: gcc.dg/torture/builtin-integral-1.c -O0 (test for excess errors)
FAIL: gcc.dg/torture/builtin-integral-1.c -O1 (test for excess errors)
FAIL: gcc.dg/torture/builtin-integral-1.c -O2 (test for excess errors)
FAIL: gcc.dg/torture/builtin-integral-1.c -O3 -fomit-frame-pointer (test for excess errors)
FAIL: gcc.dg/torture/builtin-integral-1.c -O3 -g (test for excess errors)
FAIL: gcc.dg/torture/builtin-integral-1.c -Os (test for excess errors)
FAIL: gcc.dg/torture/builtin-ldexp-1.c -O0 (test for excess errors)
FAIL: gcc.dg/torture/builtin-ldexp-1.c -O1 (test for excess errors)
FAIL: gcc.dg/torture/builtin-ldexp-1.c -O2 (test for excess errors)
FAIL: gcc.dg/torture/builtin-ldexp-1.c -O3 -fomit-frame-pointer (test for excess errors)
FAIL: gcc.dg/torture/builtin-ldexp-1.c -O3 -fomit-frame-pointer -funroll-loops (test for excess errors)
FAIL: gcc.dg/torture/builtin-ldexp-1.c -O3 -fomit-frame-pointer -funroll-all-loops -finline-functions (test for excess errors)
FAIL: gcc.dg/torture/builtin-ldexp-1.c -O3 -g (test for excess errors)
FAIL: gcc.dg/torture/builtin-ldexp-1.c -Os (test for excess errors)
FAIL: gcc.dg/torture/builtin-logb-1.c -O0 (test for excess errors)
FAIL: gcc.dg/torture/builtin-logb-1.c -O1 (test for excess errors)
FAIL: gcc.dg/torture/builtin-logb-1.c -O2 (test for excess errors)
FAIL: gcc.dg/torture/builtin-logb-1.c -O3 -fomit-frame-pointer (test for excess errors)
FAIL: gcc.dg/torture/builtin-logb-1.c -O3 -fomit-frame-pointer -funroll-loops (test for excess errors)
FAIL: gcc.dg/torture/builtin-logb-1.c -O3 -fomit-frame-pointer -funroll-all-loops -finline-functions (test for excess errors)
FAIL: gcc.dg/torture/builtin-logb-1.c -O3 -g (test for excess errors)
FAIL: gcc.dg/torture/builtin-logb-1.c -Os (test for excess errors)
FAIL: gcc.dg/torture/builtin-minmax-1.c -O0 (test for excess errors)
FAIL: gcc.dg/torture/builtin-minmax-1.c -O1 (test for excess errors)
FAIL: gcc.dg/torture/builtin-minmax-1.c -O2 (test for excess errors)
FAIL: gcc.dg/torture/builtin-minmax-1.c -O3 -fomit-frame-pointer (test for excess errors)
FAIL: gcc.dg/torture/builtin-minmax-1.c -O3 -fomit-frame-pointer -funroll-loops (test for excess errors)
FAIL: gcc.dg/torture/builtin-minmax-1.c -O3 -fomit-frame-pointer -funroll-all-loops -finline-functions (test for excess errors)
FAIL: gcc.dg/torture/builtin-minmax-1.c -O3 -g (test for excess errors)
FAIL: gcc.dg/torture/builtin-minmax-1.c -Os (test for excess errors)
FAIL: gcc.dg/torture/builtin-modf-1.c -O0 (test for excess errors)
FAIL: gcc.dg/torture/builtin-modf-1.c -O1 (test for excess errors)
FAIL: gcc.dg/torture/builtin-modf-1.c -O2 (test for excess errors)
FAIL: gcc.dg/torture/builtin-modf-1.c -O3 -fomit-frame-pointer (test for excess errors)
FAIL: gcc.dg/torture/builtin-modf-1.c -O3 -fomit-frame-pointer -funroll-loops (test for excess errors)
FAIL: gcc.dg/torture/builtin-modf-1.c -O3 -fomit-frame-pointer -funroll-all-loops -finline-functions (test for excess errors)
FAIL: gcc.dg/torture/builtin-modf-1.c -O3 -g (test for excess errors)
FAIL: gcc.dg/torture/builtin-modf-1.c -Os (test for excess errors)
WARNING: gcc.dg/torture/fp-int-convert-float128-timode.c -O0 compilation failed to produce executable
WARNING: gcc.dg/torture/fp-int-convert-float128-timode.c -O1 compilation failed to produce executable
WARNING: gcc.dg/torture/fp-int-convert-float128-timode.c -O2 compilation failed to produce executable
WARNING: gcc.dg/torture/fp-int-convert-float128-timode.c -O3 -fomit-frame-pointer compilation failed to produce executable
WARNING: gcc.dg/torture/fp-int-convert-float128-timode.c -O3 -g compilation failed to produce executable
WARNING: gcc.dg/torture/fp-int-convert-float128-timode.c -Os compilation failed to produce executable
FAIL: gcc.dg/torture/fp-int-convert-float128.c -O0 (test for excess errors)
WARNING: gcc.dg/torture/fp-int-convert-float128.c -O0 compilation failed to produce executable
FAIL: gcc.dg/torture/fp-int-convert-float128.c -O1 (test for excess errors)
WARNING: gcc.dg/torture/fp-int-convert-float128.c -O1 compilation failed to produce executable
FAIL: gcc.dg/torture/fp-int-convert-float128.c -O2 (test for excess errors)
WARNING: gcc.dg/torture/fp-int-convert-float128.c -O2 compilation failed to produce executable
FAIL: gcc.dg/torture/fp-int-convert-float128.c -O3 -fomit-frame-pointer (test for excess errors)
WARNING: gcc.dg/torture/fp-int-convert-float128.c -O3 -fomit-frame-pointer compilation failed to produce executable
FAIL: gcc.dg/torture/fp-int-convert-float128.c -O3 -g (test for excess errors)
WARNING: gcc.dg/torture/fp-int-convert-float128.c -O3 -g compilation failed to produce executable
FAIL: gcc.dg/torture/fp-int-convert-float128.c -Os (test for excess errors)
WARNING: gcc.dg/torture/fp-int-convert-float128.c -Os compilation failed to produce executable
FAIL: gcc.dg/torture/pr25718-1.c -O0 (test for excess errors)
FAIL: gcc.dg/torture/pr25718-1.c -O1 (test for excess errors)
FAIL: gcc.dg/torture/pr25718-1.c -O2 (test for excess errors)
FAIL: gcc.dg/torture/pr25718-1.c -O3 -fomit-frame-pointer (test for excess errors)
FAIL: gcc.dg/torture/pr25718-1.c -O3 -g (test for excess errors)
FAIL: gcc.dg/torture/pr25718-1.c -Os (test for excess errors)
FAIL: gcc.dg/torture/pr30665-1.c -O0 (test for excess errors)
FAIL: gcc.dg/torture/pr30665-1.c -O1 (test for excess errors)
FAIL: gcc.dg/torture/pr30665-1.c -O2 (test for excess errors)
FAIL: gcc.dg/torture/pr30665-1.c -O3 -fomit-frame-pointer (test for excess errors)
FAIL: gcc.dg/torture/pr30665-1.c -O3 -g (test for excess errors)
FAIL: gcc.dg/torture/pr30665-1.c -Os (test for excess errors)
FAIL: gcc.dg/torture/pr30665-2.c -O0 (test for excess errors)
FAIL: gcc.dg/torture/pr30665-2.c -O1 (test for excess errors)
FAIL: gcc.dg/torture/pr30665-2.c -O2 (test for excess errors)
FAIL: gcc.dg/torture/pr30665-2.c -O3 -fomit-frame-pointer (test for excess errors)
FAIL: gcc.dg/torture/pr30665-2.c -O3 -g (test for excess errors)
FAIL: gcc.dg/torture/pr30665-2.c -Os (test for excess errors)
FAIL: gcc.dg/tree-prof/update-cunroll-2.c compilation, -fprofile-generate -D_PROFILE_GENERATE
UNRESOLVED: gcc.dg/tree-prof/update-cunroll-2.c execution, -fprofile-generate -D_PROFILE_GENERATE
UNRESOLVED: gcc.dg/tree-prof/update-cunroll-2.c compilation, -fprofile-use -D_PROFILE_USE
UNRESOLVED: gcc.dg/tree-prof/update-cunroll-2.c execution, -fprofile-use -D_PROFILE_USE
FAIL: gcc.dg/tree-prof/update-tailcall.c compilation, -fprofile-generate -D_PROFILE_GENERATE
UNRESOLVED: gcc.dg/tree-prof/update-tailcall.c execution, -fprofile-generate -D_PROFILE_GENERATE
UNRESOLVED: gcc.dg/tree-prof/update-tailcall.c compilation, -fprofile-use -D_PROFILE_USE
UNRESOLVED: gcc.dg/tree-prof/update-tailcall.c execution, -fprofile-use -D_PROFILE_USE
FAIL: gcc.dg/tree-prof/val-prof-6.c compilation, -fprofile-generate -D_PROFILE_GENERATE
UNRESOLVED: gcc.dg/tree-prof/val-prof-6.c execution, -fprofile-generate -D_PROFILE_GENERATE
UNRESOLVED: gcc.dg/tree-prof/val-prof-6.c compilation, -fprofile-use -D_PROFILE_USE
UNRESOLVED: gcc.dg/tree-prof/val-prof-6.c execution, -fprofile-use -D_PROFILE_USE
FAIL: gcc.dg/tree-ssa/20040210-1.c (test for excess errors)
FAIL: gcc.dg/tree-ssa/20040326-1.c (test for excess errors)
FAIL: gcc.dg/tree-ssa/loadpre6.c (test for excess errors)
XPASS: gcc.dg/tree-ssa/loop-1.c scan-assembler-times foo 5
FAIL: gcc.dg/tree-ssa/pr22591.c (test for excess errors)
FAIL: gcc.dg/tree-ssa/ssa-dce-2.c (test for excess errors)
XPASS: gcc.dg/tree-ssa/update-threading.c scan-tree-dump-times Invalid sum 0
FAIL: gcc.dg/tree-ssa/vrp27.c (test for excess errors)
FAIL: gcc.dg/vect/vect-strided-store-u16-i4.c scan-tree-dump-times vectorized 1 loops 1
FAIL: gcc.target/ia64/20030225-2.c (test for excess errors)
=== gcc Summary ===
# of expected passes 43598
# of unexpected failures 165
# of unexpected successes 2
# of expected failures 181
# of unresolved testcases 11
# of untested testcases 35
# of unsupported tests 392
/tmp/cvs/gcc-20070713/Build/gcc/xgcc version 4.3.0 20070713 (experimental)
=== gfortran tests ===
Running target unix
FAIL: gfortran.dg/array_constructor_6.f90 -O3 -fomit-frame-pointer -funroll-loops execution test
FAIL: gfortran.dg/array_constructor_6.f90 -O3 -fomit-frame-pointer -funroll-all-loops -finline-functions execution test
FAIL: gfortran.dg/auto_array_1.f90 -O3 -fomit-frame-pointer -funroll-loops execution test
FAIL: gfortran.dg/auto_array_1.f90 -O3 -fomit-frame-pointer -funroll-all-loops -finline-functions execution test
=== gfortran Summary ===
# of expected passes 19402
# of unexpected failures 4
# of expected failures 15
# of unsupported tests 28
/tmp/cvs/gcc-20070713/Build/gcc/testsuite/gfortran/../../gfortran version 4.3.0 20070713 (experimental)
=== gnat tests ===
Running target unix
FAIL: gnat.dg/frame_overflow.adb (test for errors, line 12)
FAIL: gnat.dg/frame_overflow.adb (test for errors, line 21)
FAIL: gnat.dg/specs/uc1.ads (test for excess errors)
=== gnat Summary ===
# of expected passes 234
# of unexpected failures 3
=== obj-c++ tests ===
Running target unix
FAIL: obj-c++.dg/bitfield-1.mm (internal compiler error)
FAIL: obj-c++.dg/bitfield-1.mm (test for excess errors)
WARNING: obj-c++.dg/bitfield-1.mm compilation failed to produce executable
FAIL: obj-c++.dg/bitfield-4.mm (test for excess errors)
FAIL: obj-c++.dg/comp-types-10.mm (internal compiler error)
FAIL: obj-c++.dg/comp-types-10.mm (test for excess errors)
FAIL: obj-c++.dg/cxx-class-1.mm (test for excess errors)
FAIL: obj-c++.dg/cxx-ivars-2.mm execution test
FAIL: obj-c++.dg/encode-2.mm scan-assembler {Vec<float>=ffi}
FAIL: obj-c++.dg/encode-2.mm scan-assembler {Vec<double>=ddi}
FAIL: obj-c++.dg/encode-3.mm execution test
FAIL: obj-c++.dg/encode-8.mm execution test
FAIL: obj-c++.dg/gnu-runtime-2.mm (test for excess errors)
FAIL: obj-c++.dg/isa-field-1.mm (test for excess errors)
FAIL: obj-c++.dg/layout-1.mm (test for excess errors)
FAIL: obj-c++.dg/lookup-2.mm (test for excess errors)
WARNING: obj-c++.dg/lookup-2.mm compilation failed to produce executable
FAIL: obj-c++.dg/try-catch-2.mm (test for excess errors)
WARNING: obj-c++.dg/try-catch-2.mm compilation failed to produce executable
FAIL: obj-c++.dg/try-catch-9.mm (internal compiler error)
FAIL: obj-c++.dg/try-catch-9.mm (test for excess errors)
WARNING: obj-c++.dg/try-catch-9.mm compilation failed to produce executable
=== obj-c++ Summary ===
# of expected passes 419
# of unexpected failures 18
# of unsupported tests 13
/tmp/cvs/gcc-20070713/Build/gcc/testsuite/obj-c++/../../g++ version 4.3.0 20070713 (experimental)
=== objc tests ===
Running target unix
=== objc Summary ===
# of expected passes 1810
# of expected failures 7
# of unsupported tests 25
/tmp/cvs/gcc-20070713/Build/gcc/xgcc version 4.3.0 20070713 (experimental)
=== libffi tests ===
Running target unix
=== libffi Summary ===
# of expected passes 1096
# of unsupported tests 8
=== libgomp tests ===
Running target unix
FAIL: libgomp.c/pr29947-1.c (test for excess errors)
FAIL: libgomp.c/pr29947-2.c (test for excess errors)
FAIL: libgomp.fortran/omp_parse3.f90 -O0 execution test
=== libgomp Summary ===
# of expected passes 1604
# of unexpected failures 3
=== libjava tests ===
Running target unix
FAIL: getlocalvartable output
FAIL: Throw_3 -O3 output - source compiled test
FAIL: Throw_3 -O3 -findirect-dispatch output - source compiled test
=== libjava Summary ===
# of expected passes 2535
# of unexpected failures 3
=== libmudflap tests ===
Running target unix
FAIL: libmudflap.c/fail27-frag.c (test for excess errors)
FAIL: libmudflap.c/fail27-frag.c (-O2) (test for excess errors)
FAIL: libmudflap.c/fail27-frag.c (-O3) (test for excess errors)
FAIL: libmudflap.c++/pass41-frag.cxx execution test
FAIL: libmudflap.c++/pass41-frag.cxx ( -O) execution test
FAIL: libmudflap.c++/pass41-frag.cxx (-O2) execution test
FAIL: libmudflap.c++/pass41-frag.cxx (-O3) execution test
=== libmudflap Summary ===
# of expected passes 1368
# of unexpected failures 7
=== libstdc++ tests ===
Running target unix
XPASS: 26_numerics/headers/cmath/c99_classification_macros_c.cc (test for excess errors)
XPASS: 27_io/fpos/14320-1.cc execution test
=== libstdc++ Summary ===
# of expected passes 5106
# of unexpected successes 2
# of expected failures 53
Compiler version: 4.3.0 20070713 (experimental)
Platform: ia64-suse-linux-gnu
configure flags: --prefix=/tmp/cvs/gcc-20070713/Build/root --build=ia64-suse-linux --host=ia64-suse-linux --enable-shared --enable-threads --enable-__cxa_atexit --with-system-zlib --with-system-libunwind