This is the mail archive of the
gcc-testresults@gcc.gnu.org
mailing list for the GCC project.
Results for 4.3.0 20070702 (experimental) testsuite on arm-none-linux-gnueabi
- From: CodeSourcery Automatic Testing System <gcc at codesourcery dot com>
- To: gcc-testresults at gcc dot gnu dot org
- Date: Mon, 2 Jul 2007 12:30:41 -0700
- Subject: Results for 4.3.0 20070702 (experimental) testsuite on arm-none-linux-gnueabi
LAST_UPDATED: Mon Jul 2 07:27:11 UTC 2007 (/trunk revision 126190)
Target is arm-none-linux-gnueabi
Host is i686-pc-linux-gnu
=== g++ tests ===
Running target qemu-system
FAIL: g++.dg/compat/eh/new1 cp_compat_x_tst.o compile, (internal compiler error)
UNRESOLVED: g++.dg/compat/eh/new1 cp_compat_x_tst.o-cp_compat_y_tst.o link
UNRESOLVED: g++.dg/compat/eh/new1 cp_compat_x_tst.o-cp_compat_y_tst.o execute
FAIL: g++.dg/abi/cookie2.C (internal compiler error)
FAIL: g++.dg/abi/cookie2.C (test for excess errors)
FAIL: g++.dg/abi/forced.C execution test
FAIL: g++.dg/eh/new1.C (internal compiler error)
FAIL: g++.dg/eh/new1.C (test for excess errors)
UNRESOLVED: g++.dg/eh/new1.C compilation failed to produce executable
FAIL: g++.dg/ext/java-1.C (test for excess errors)
FAIL: g++.dg/ext/visibility/arm3.C scan-not-hidden hidden[ \\t_]*_ZTI1A
FAIL: g++.dg/ext/visibility/arm3.C scan-not-hidden hidden[ \\t_]*_ZTS1A
FAIL: g++.dg/ext/visibility/arm3.C scan-not-hidden hidden[ \\t_]*_ZTI1B
FAIL: g++.dg/ext/visibility/arm3.C scan-not-hidden hidden[ \\t_]*_ZTS1B
FAIL: g++.dg/ext/visibility/ms-compat-1.C scan-hidden hidden[ \\t_]*__ZTI1T
FAIL: g++.dg/init/new5.C (internal compiler error)
FAIL: g++.dg/init/new5.C (test for excess errors)
UNRESOLVED: g++.dg/init/new5.C compilation failed to produce executable
XPASS: g++.dg/other/packed1.C execution test
FAIL: g++.dg/template/new1.C (internal compiler error)
FAIL: g++.dg/template/new1.C (test for excess errors)
UNRESOLVED: g++.dg/template/new1.C compilation failed to produce executable
FAIL: g++.dg/gomp/pr27325.C (internal compiler error)
FAIL: g++.dg/gomp/pr27325.C (test for excess errors)
FAIL: g++.dg/gomp/pr27337-2.C (internal compiler error)
FAIL: g++.dg/gomp/pr27337-2.C (test for excess errors)
FAIL: g++.dg/torture/str_empty.C -O0 (internal compiler error)
FAIL: g++.dg/torture/str_empty.C -O0 (test for excess errors)
FAIL: g++.dg/torture/str_empty.C -O1 (internal compiler error)
FAIL: g++.dg/torture/str_empty.C -O1 (test for excess errors)
FAIL: g++.dg/torture/str_empty.C -O2 (internal compiler error)
FAIL: g++.dg/torture/str_empty.C -O2 (test for excess errors)
FAIL: g++.dg/torture/str_empty.C -O3 -fomit-frame-pointer (internal compiler error)
FAIL: g++.dg/torture/str_empty.C -O3 -fomit-frame-pointer (test for excess errors)
FAIL: g++.dg/torture/str_empty.C -O3 -g (internal compiler error)
FAIL: g++.dg/torture/str_empty.C -O3 -g (test for excess errors)
FAIL: g++.dg/torture/str_empty.C -Os (internal compiler error)
FAIL: g++.dg/torture/str_empty.C -Os (test for excess errors)
FAIL: g++.old-deja/g++.abi/arraynew.C (internal compiler error)
FAIL: g++.old-deja/g++.abi/arraynew.C (test for excess errors)
UNRESOLVED: g++.old-deja/g++.abi/arraynew.C compilation failed to produce executable
FAIL: g++.old-deja/g++.brendan/new3.C (internal compiler error)
FAIL: g++.old-deja/g++.brendan/new3.C (test for excess errors)
UNRESOLVED: g++.old-deja/g++.brendan/new3.C compilation failed to produce executable
FAIL: g++.old-deja/g++.jason/enum6.C (test for excess errors)
FAIL: g++.old-deja/g++.jason/vecdel.C (internal compiler error)
FAIL: g++.old-deja/g++.jason/vecdel.C (test for excess errors)
UNRESOLVED: g++.old-deja/g++.jason/vecdel.C compilation failed to produce executable
FAIL: g++.old-deja/g++.law/ctors15.C (internal compiler error)
FAIL: g++.old-deja/g++.law/ctors15.C (test for excess errors)
UNRESOLVED: g++.old-deja/g++.law/ctors15.C compilation failed to produce executable
FAIL: g++.old-deja/g++.law/enum9.C (test for excess errors)
FAIL: g++.old-deja/g++.mike/eh46.C (internal compiler error)
FAIL: g++.old-deja/g++.mike/eh46.C (test for excess errors)
FAIL: g++.old-deja/g++.oliva/delete2.C (internal compiler error)
FAIL: g++.old-deja/g++.oliva/delete2.C (test for excess errors)
UNRESOLVED: g++.old-deja/g++.oliva/delete2.C compilation failed to produce executable
FAIL: g++.old-deja/g++.oliva/delete3.C (internal compiler error)
FAIL: g++.old-deja/g++.oliva/delete3.C (test for excess errors)
UNRESOLVED: g++.old-deja/g++.oliva/delete3.C compilation failed to produce executable
FAIL: g++.old-deja/g++.other/enum4.C (test for excess errors)
FAIL: g++.old-deja/g++.other/new3.C (internal compiler error)
FAIL: g++.old-deja/g++.other/new3.C (test for excess errors)
UNRESOLVED: g++.old-deja/g++.other/new3.C compilation failed to produce executable
FAIL: g++.old-deja/g++.pt/crash49.C (internal compiler error)
FAIL: g++.old-deja/g++.pt/crash49.C (test for excess errors)
=== g++ Summary ===
# of expected passes 16084
# of unexpected failures 53
# of unexpected successes 1
# of expected failures 87
# of unresolved testcases 12
# of unsupported tests 136
/scratch/gcc/nightly-2007-07-02-mainline/arm-none-linux-gnueabi/build_gcc/build/test-mainline-0-arm-none-linux-gnueabi/host-i686-pc-linux-gnu/fsf-mainline/bin/arm-none-linux-gnueabi-g++ version 4.3.0 20070702 (experimental)
Host is i686-pc-linux-gnu
=== gcc tests ===
Running target qemu-system
FAIL: gcc.c-torture/execute/mayalias-2.c compilation, -O3 -g (internal compiler error)
UNRESOLVED: gcc.c-torture/execute/mayalias-2.c execution, -O3 -g
FAIL: gcc.c-torture/execute/mayalias-3.c compilation, -O3 -g (internal compiler error)
UNRESOLVED: gcc.c-torture/execute/mayalias-3.c execution, -O3 -g
FAIL: gcc.dg/arm-g2.c scan-assembler mla[ \\t].*
FAIL: gcc.dg/builtins-61.c scan-tree-dump return 0.0
FAIL: gcc.dg/memcpy-1.c scan-tree-dump-times nasty_local 0
FAIL: gcc.dg/pr30957-1.c scan-rtl-dump Expanding Accumulator
FAIL: gcc.dg/var-expand1.c scan-rtl-dump Expanding Accumulator
XPASS: gcc.dg/tree-ssa/update-threading.c scan-tree-dump-times Invalid sum 0
=== gcc Summary ===
# of expected passes 43618
# of unexpected failures 7
# of unexpected successes 1
# of expected failures 98
# of unresolved testcases 2
# of untested testcases 35
# of unsupported tests 425
/scratch/gcc/nightly-2007-07-02-mainline/arm-none-linux-gnueabi/build_gcc/build/test-mainline-0-arm-none-linux-gnueabi/host-i686-pc-linux-gnu/fsf-mainline/bin/arm-none-linux-gnueabi-gcc version 4.3.0 20070702 (experimental)
Host is i686-pc-linux-gnu
=== libstdc++ tests ===
Running target qemu-system
FAIL: 20_util/make_signed/requirements/typedefs-2.cc (test for excess errors)
FAIL: 20_util/make_signed/requirements/typedefs_neg.cc (test for errors, line 497)
FAIL: 20_util/make_signed/requirements/typedefs_neg.cc (test for errors, line 463)
FAIL: 20_util/make_unsigned/requirements/typedefs-1.cc execution test
FAIL: 20_util/make_unsigned/requirements/typedefs-2.cc (test for excess errors)
FAIL: 20_util/make_unsigned/requirements/typedefs-2.cc execution test
FAIL: 20_util/make_unsigned/requirements/typedefs_neg.cc (test for errors, line 418)
FAIL: 20_util/make_unsigned/requirements/typedefs_neg.cc (test for errors, line 384)
FAIL: 27_io/ios_base/failure/what-1.cc (test for excess errors)
UNRESOLVED: 27_io/ios_base/failure/what-1.cc compilation failed to produce executable
=== libstdc++ Summary ===
# of expected passes 4435
# of unexpected failures 9
# of expected failures 54
# of unresolved testcases 1
# of unsupported tests 325
Host is i686-pc-linux-gnu
=== g++ tests ===
Running target qemu-system/-mthumb
FAIL: g++.dg/compat/eh/new1 cp_compat_x_tst.o compile, (internal compiler error)
UNRESOLVED: g++.dg/compat/eh/new1 cp_compat_x_tst.o-cp_compat_y_tst.o link
UNRESOLVED: g++.dg/compat/eh/new1 cp_compat_x_tst.o-cp_compat_y_tst.o execute
FAIL: g++.dg/abi/cookie2.C (internal compiler error)
FAIL: g++.dg/abi/cookie2.C (test for excess errors)
FAIL: g++.dg/abi/forced.C execution test
FAIL: g++.dg/eh/new1.C (internal compiler error)
FAIL: g++.dg/eh/new1.C (test for excess errors)
UNRESOLVED: g++.dg/eh/new1.C compilation failed to produce executable
FAIL: g++.dg/ext/java-1.C (test for excess errors)
FAIL: g++.dg/ext/visibility/arm3.C scan-not-hidden hidden[ \\t_]*_ZTI1A
FAIL: g++.dg/ext/visibility/arm3.C scan-not-hidden hidden[ \\t_]*_ZTS1A
FAIL: g++.dg/ext/visibility/arm3.C scan-not-hidden hidden[ \\t_]*_ZTI1B
FAIL: g++.dg/ext/visibility/arm3.C scan-not-hidden hidden[ \\t_]*_ZTS1B
FAIL: g++.dg/ext/visibility/ms-compat-1.C scan-hidden hidden[ \\t_]*__ZTI1T
FAIL: g++.dg/init/new5.C (internal compiler error)
FAIL: g++.dg/init/new5.C (test for excess errors)
UNRESOLVED: g++.dg/init/new5.C compilation failed to produce executable
XPASS: g++.dg/other/packed1.C execution test
FAIL: g++.dg/template/new1.C (internal compiler error)
FAIL: g++.dg/template/new1.C (test for excess errors)
UNRESOLVED: g++.dg/template/new1.C compilation failed to produce executable
FAIL: g++.dg/gomp/pr27325.C (internal compiler error)
FAIL: g++.dg/gomp/pr27325.C (test for excess errors)
FAIL: g++.dg/gomp/pr27337-2.C (internal compiler error)
FAIL: g++.dg/gomp/pr27337-2.C (test for excess errors)
FAIL: g++.dg/torture/str_empty.C -O0 (internal compiler error)
FAIL: g++.dg/torture/str_empty.C -O0 (test for excess errors)
FAIL: g++.dg/torture/str_empty.C -O1 (internal compiler error)
FAIL: g++.dg/torture/str_empty.C -O1 (test for excess errors)
FAIL: g++.dg/torture/str_empty.C -O2 (internal compiler error)
FAIL: g++.dg/torture/str_empty.C -O2 (test for excess errors)
FAIL: g++.dg/torture/str_empty.C -O3 -fomit-frame-pointer (internal compiler error)
FAIL: g++.dg/torture/str_empty.C -O3 -fomit-frame-pointer (test for excess errors)
FAIL: g++.dg/torture/str_empty.C -O3 -g (internal compiler error)
FAIL: g++.dg/torture/str_empty.C -O3 -g (test for excess errors)
FAIL: g++.dg/torture/str_empty.C -Os (internal compiler error)
FAIL: g++.dg/torture/str_empty.C -Os (test for excess errors)
FAIL: g++.old-deja/g++.abi/arraynew.C (internal compiler error)
FAIL: g++.old-deja/g++.abi/arraynew.C (test for excess errors)
UNRESOLVED: g++.old-deja/g++.abi/arraynew.C compilation failed to produce executable
FAIL: g++.old-deja/g++.brendan/new3.C (internal compiler error)
FAIL: g++.old-deja/g++.brendan/new3.C (test for excess errors)
UNRESOLVED: g++.old-deja/g++.brendan/new3.C compilation failed to produce executable
FAIL: g++.old-deja/g++.jason/enum6.C (test for excess errors)
FAIL: g++.old-deja/g++.jason/vecdel.C (internal compiler error)
FAIL: g++.old-deja/g++.jason/vecdel.C (test for excess errors)
UNRESOLVED: g++.old-deja/g++.jason/vecdel.C compilation failed to produce executable
FAIL: g++.old-deja/g++.law/ctors15.C (internal compiler error)
FAIL: g++.old-deja/g++.law/ctors15.C (test for excess errors)
UNRESOLVED: g++.old-deja/g++.law/ctors15.C compilation failed to produce executable
FAIL: g++.old-deja/g++.law/enum9.C (test for excess errors)
FAIL: g++.old-deja/g++.mike/eh46.C (internal compiler error)
FAIL: g++.old-deja/g++.mike/eh46.C (test for excess errors)
FAIL: g++.old-deja/g++.oliva/delete2.C (internal compiler error)
FAIL: g++.old-deja/g++.oliva/delete2.C (test for excess errors)
UNRESOLVED: g++.old-deja/g++.oliva/delete2.C compilation failed to produce executable
FAIL: g++.old-deja/g++.oliva/delete3.C (internal compiler error)
FAIL: g++.old-deja/g++.oliva/delete3.C (test for excess errors)
UNRESOLVED: g++.old-deja/g++.oliva/delete3.C compilation failed to produce executable
FAIL: g++.old-deja/g++.other/enum4.C (test for excess errors)
FAIL: g++.old-deja/g++.other/new3.C (internal compiler error)
FAIL: g++.old-deja/g++.other/new3.C (test for excess errors)
UNRESOLVED: g++.old-deja/g++.other/new3.C compilation failed to produce executable
FAIL: g++.old-deja/g++.pt/crash49.C (internal compiler error)
FAIL: g++.old-deja/g++.pt/crash49.C (test for excess errors)
=== g++ Summary ===
# of expected passes 16078
# of unexpected failures 53
# of unexpected successes 1
# of expected failures 87
# of unresolved testcases 12
# of unsupported tests 139
/scratch/gcc/nightly-2007-07-02-mainline/arm-none-linux-gnueabi/build_gcc/build/test-mainline-0-arm-none-linux-gnueabi/host-i686-pc-linux-gnu/fsf-mainline/bin/arm-none-linux-gnueabi-g++ version 4.3.0 20070702 (experimental)
Host is i686-pc-linux-gnu
=== gcc tests ===
Running target qemu-system/-mthumb
FAIL: gcc.c-torture/execute/20040709-1.c compilation, -O3 -fomit-frame-pointer (internal compiler error)
UNRESOLVED: gcc.c-torture/execute/20040709-1.c execution, -O3 -fomit-frame-pointer
FAIL: gcc.c-torture/execute/20040709-1.c compilation, -O3 -fomit-frame-pointer -funroll-loops (internal compiler error)
UNRESOLVED: gcc.c-torture/execute/20040709-1.c execution, -O3 -fomit-frame-pointer -funroll-loops
FAIL: gcc.c-torture/execute/20040709-1.c compilation, -O3 -fomit-frame-pointer -funroll-all-loops -finline-functions (internal compiler error)
UNRESOLVED: gcc.c-torture/execute/20040709-1.c execution, -O3 -fomit-frame-pointer -funroll-all-loops -finline-functions
FAIL: gcc.c-torture/execute/mayalias-2.c compilation, -O3 -g (internal compiler error)
UNRESOLVED: gcc.c-torture/execute/mayalias-2.c execution, -O3 -g
FAIL: gcc.c-torture/execute/mayalias-3.c compilation, -O3 -g (internal compiler error)
UNRESOLVED: gcc.c-torture/execute/mayalias-3.c execution, -O3 -g
FAIL: gcc.dg/builtins-61.c scan-tree-dump return 0.0
FAIL: gcc.dg/memcpy-1.c scan-tree-dump-times nasty_local 0
FAIL: gcc.dg/nested-func-4.c (test for excess errors)
UNRESOLVED: gcc.dg/nested-func-4.c compilation failed to produce executable
FAIL: gcc.dg/pr30957-1.c scan-rtl-dump Expanding Accumulator
FAIL: gcc.dg/sibcall-3.c execution test
FAIL: gcc.dg/sibcall-4.c execution test
FAIL: gcc.dg/var-expand1.c scan-rtl-dump Expanding Accumulator
XPASS: gcc.dg/tree-ssa/update-threading.c scan-tree-dump-times Invalid sum 0
=== gcc Summary ===
# of expected passes 43331
# of unexpected failures 12
# of unexpected successes 1
# of expected failures 99
# of unresolved testcases 6
# of untested testcases 35
# of unsupported tests 438
/scratch/gcc/nightly-2007-07-02-mainline/arm-none-linux-gnueabi/build_gcc/build/test-mainline-0-arm-none-linux-gnueabi/host-i686-pc-linux-gnu/fsf-mainline/bin/arm-none-linux-gnueabi-gcc version 4.3.0 20070702 (experimental)
Host is i686-pc-linux-gnu
=== libstdc++ tests ===
Running target qemu-system/-mthumb
FAIL: 20_util/make_signed/requirements/typedefs-2.cc (test for excess errors)
FAIL: 20_util/make_signed/requirements/typedefs_neg.cc (test for errors, line 497)
FAIL: 20_util/make_signed/requirements/typedefs_neg.cc (test for errors, line 463)
FAIL: 20_util/make_unsigned/requirements/typedefs-1.cc execution test
FAIL: 20_util/make_unsigned/requirements/typedefs-2.cc (test for excess errors)
FAIL: 20_util/make_unsigned/requirements/typedefs-2.cc execution test
FAIL: 20_util/make_unsigned/requirements/typedefs_neg.cc (test for errors, line 418)
FAIL: 20_util/make_unsigned/requirements/typedefs_neg.cc (test for errors, line 384)
FAIL: 27_io/ios_base/failure/what-1.cc (test for excess errors)
UNRESOLVED: 27_io/ios_base/failure/what-1.cc compilation failed to produce executable
=== libstdc++ Summary ===
# of expected passes 4435
# of unexpected failures 9
# of expected failures 54
# of unresolved testcases 1
# of unsupported tests 325
Compiler version: 4.3.0 20070702 (experimental)
Platform: arm-none-linux-gnueabi
configure flags: --build=i686-pc-linux-gnu --host=i686-pc-linux-gnu --target=arm-none-linux-gnueabi --enable-threads --disable-libmudflap --disable-libssp --disable-libgomp --disable-libstdcxx-pch --with-gnu-as --with-gnu-ld --enable-languages=c,c++ --enable-shared --enable-symvers=gnu --enable-__cxa_atexit --disable-nls --prefix=/opt/codesourcery --with-sysroot=/opt/codesourcery/arm-none-linux-gnueabi/libc --with-build-sysroot=/scratch/gcc/nightly-2007-07-02-mainline/arm-none-linux-gnueabi/build_gcc/install/arm-none-linux-gnueabi/libc --with-gmp=/scratch/gcc/nightly-2007-07-02-mainline/arm-none-linux-gnueabi/build_gcc/build/host-libs-mainline-0-arm-none-linux-gnueabi-i686-pc-linux-gnu/usr --with-mpfr=/scratch/gcc/nightly-2007-07-02-mainline/arm-none-linux-gnueabi/build_gcc/build/host-libs-mainline-0-arm-none-linux-gnueabi-i686-pc-linux-gnu/usr --enable-poison-system-directories --with-build-time-tools=/scratch/gcc/nightly-2007-07-02-mainline/arm-none-linux-gnueabi/build_gcc!
/install/arm-none-linux-gnueabi/bin --with-build-time-tools=/scratch/gcc/nightly-2007-07-02-mainline/arm-none-linux-gnueabi/build_gcc/install/arm-none-linux-gnueabi/bin