This is the mail archive of the
gcc-testresults@gcc.gnu.org
mailing list for the GCC project.
Results for 4.3.0 pointer_plus 20070602 (experimental) gcc testsuite on h8300-unknown-elf
- From: mstein at phenix dot rootshell dot be (mstein)
- To: gcc-testresults at gcc dot gnu dot org
- Date: Thu, 7 Jun 2007 07:01:22 +0200 (CEST)
- Subject: Results for 4.3.0 pointer_plus 20070602 (experimental) gcc testsuite on h8300-unknown-elf
Ubuntu 5 on pentium3-smp
cross tool versions:
GNU assembler (GNU Binutils) 2.17.50.20070603
GNU gdb 6.6.50.20070603-cvs
GNU ld (GNU Binutils) 2.17.50.20070603
GNU Make 3.80
expect version 5.42.1
host gcc version: gcc (GCC) 4.3.0 20070605 (experimental)
LAST_UPDATED: Tue Jun 5 22:12:57 UTC 2007 (revision 125345)
Target is h8300-unknown-elf
Host is i686-pc-linux-gnu
=== gcc tests ===
Running target h8300-sim
FAIL: gcc.c-torture/compile/20000804-1.c -O0 (test for excess errors)
FAIL: gcc.c-torture/compile/20001226-1.c -O3 -g (test for excess errors)
FAIL: gcc.c-torture/compile/20010327-1.c -O0 (test for excess errors)
FAIL: gcc.c-torture/compile/20010327-1.c -O1 (test for excess errors)
FAIL: gcc.c-torture/compile/20010327-1.c -O2 (test for excess errors)
FAIL: gcc.c-torture/compile/20010327-1.c -O3 -fomit-frame-pointer (test for excess errors)
FAIL: gcc.c-torture/compile/20010327-1.c -O3 -g (test for excess errors)
FAIL: gcc.c-torture/compile/20010327-1.c -Os (test for excess errors)
FAIL: gcc.c-torture/compile/20020604-1.c -O0 (test for excess errors)
FAIL: gcc.c-torture/compile/20020604-1.c -O1 (test for excess errors)
FAIL: gcc.c-torture/compile/20020604-1.c -O2 (test for excess errors)
FAIL: gcc.c-torture/compile/20020604-1.c -O3 -fomit-frame-pointer (test for excess errors)
FAIL: gcc.c-torture/compile/20020604-1.c -O3 -fomit-frame-pointer -funroll-loops (test for excess errors)
FAIL: gcc.c-torture/compile/20020604-1.c -O3 -fomit-frame-pointer -funroll-all-loops -finline-functions (test for excess errors)
FAIL: gcc.c-torture/compile/20020604-1.c -O3 -g (test for excess errors)
FAIL: gcc.c-torture/compile/20020604-1.c -Os (test for excess errors)
FAIL: gcc.c-torture/compile/limits-blockid.c -O0 (test for excess errors)
FAIL: gcc.c-torture/compile/limits-enumconst.c -O0 (test for excess errors)
FAIL: gcc.c-torture/compile/limits-enumconst.c -O1 (test for excess errors)
FAIL: gcc.c-torture/compile/limits-enumconst.c -O2 (test for excess errors)
FAIL: gcc.c-torture/compile/limits-enumconst.c -O3 -fomit-frame-pointer (test for excess errors)
FAIL: gcc.c-torture/compile/limits-enumconst.c -O3 -g (test for excess errors)
FAIL: gcc.c-torture/compile/limits-enumconst.c -Os (test for excess errors)
FAIL: gcc.c-torture/compile/limits-fndefn.c -O1 (internal compiler error)
FAIL: gcc.c-torture/compile/limits-fndefn.c -O1 (test for excess errors)
FAIL: gcc.c-torture/compile/limits-fndefn.c -O2 (internal compiler error)
FAIL: gcc.c-torture/compile/limits-fndefn.c -O2 (test for excess errors)
FAIL: gcc.c-torture/compile/limits-fndefn.c -O3 -fomit-frame-pointer (internal compiler error)
FAIL: gcc.c-torture/compile/limits-fndefn.c -O3 -fomit-frame-pointer (test for excess errors)
FAIL: gcc.c-torture/compile/limits-fndefn.c -O3 -g (internal compiler error)
FAIL: gcc.c-torture/compile/limits-fndefn.c -O3 -g (test for excess errors)
FAIL: gcc.c-torture/compile/limits-fndefn.c -Os (internal compiler error)
FAIL: gcc.c-torture/compile/limits-fndefn.c -Os (test for excess errors)
FAIL: gcc.c-torture/compile/limits-structnest.c -O2 (test for excess errors)
FAIL: gcc.c-torture/compile/limits-structnest.c -O3 -fomit-frame-pointer (test for excess errors)
FAIL: gcc.c-torture/compile/limits-structnest.c -O3 -g (test for excess errors)
FAIL: gcc.c-torture/compile/limits-structnest.c -Os (test for excess errors)
FAIL: gcc.c-torture/execute/builtins/pr23484-chk.c execution, -O1
FAIL: gcc.c-torture/execute/builtins/pr23484-chk.c execution, -O2
FAIL: gcc.c-torture/execute/builtins/pr23484-chk.c execution, -O3 -fomit-frame-pointer
FAIL: gcc.c-torture/execute/builtins/pr23484-chk.c execution, -O3 -g
FAIL: gcc.c-torture/execute/builtins/pr23484-chk.c execution, -Os
FAIL: gcc.c-torture/execute/builtins/snprintf-chk.c execution, -O3 -fomit-frame-pointer -funroll-all-loops -finline-functions
FAIL: gcc.c-torture/execute/builtins/vsnprintf-chk.c execution, -O3 -fomit-frame-pointer -funroll-all-loops -finline-functions
FAIL: gcc.c-torture/execute/builtins/vsprintf-chk.c execution, -O3 -fomit-frame-pointer -funroll-all-loops -finline-functions
FAIL: gcc.c-torture/execute/20000113-1.c compilation, -O3 -fomit-frame-pointer (internal compiler error)
UNRESOLVED: gcc.c-torture/execute/20000113-1.c execution, -O3 -fomit-frame-pointer
FAIL: gcc.c-torture/execute/20000113-1.c compilation, -O3 -g (internal compiler error)
UNRESOLVED: gcc.c-torture/execute/20000113-1.c execution, -O3 -g
FAIL: gcc.c-torture/execute/20031211-1.c compilation, -O1 (internal compiler error)
UNRESOLVED: gcc.c-torture/execute/20031211-1.c execution, -O1
FAIL: gcc.c-torture/execute/20031211-1.c compilation, -O2 (internal compiler error)
UNRESOLVED: gcc.c-torture/execute/20031211-1.c execution, -O2
FAIL: gcc.c-torture/execute/20031211-1.c compilation, -O3 -fomit-frame-pointer (internal compiler error)
UNRESOLVED: gcc.c-torture/execute/20031211-1.c execution, -O3 -fomit-frame-pointer
FAIL: gcc.c-torture/execute/20031211-1.c compilation, -O3 -g (internal compiler error)
UNRESOLVED: gcc.c-torture/execute/20031211-1.c execution, -O3 -g
FAIL: gcc.c-torture/execute/20031211-1.c compilation, -Os (internal compiler error)
UNRESOLVED: gcc.c-torture/execute/20031211-1.c execution, -Os
FAIL: gcc.c-torture/execute/20060102-1.c execution, -O1
FAIL: gcc.c-torture/execute/20060102-1.c execution, -O2
FAIL: gcc.c-torture/execute/20060102-1.c execution, -O3 -fomit-frame-pointer
FAIL: gcc.c-torture/execute/20060102-1.c execution, -O3 -g
FAIL: gcc.c-torture/execute/20060102-1.c execution, -Os
FAIL: gcc.c-torture/execute/20061101-1.c execution, -O0
FAIL: gcc.c-torture/execute/20061101-1.c execution, -O1
FAIL: gcc.c-torture/execute/20061101-1.c execution, -O2
FAIL: gcc.c-torture/execute/20061101-1.c execution, -O3 -fomit-frame-pointer
FAIL: gcc.c-torture/execute/20061101-1.c execution, -O3 -fomit-frame-pointer -funroll-loops
FAIL: gcc.c-torture/execute/20061101-1.c execution, -O3 -fomit-frame-pointer -funroll-all-loops -finline-functions
FAIL: gcc.c-torture/execute/20061101-1.c execution, -O3 -g
FAIL: gcc.c-torture/execute/20061101-1.c execution, -Os
FAIL: gcc.c-torture/execute/930718-1.c compilation, -O1 (internal compiler error)
UNRESOLVED: gcc.c-torture/execute/930718-1.c execution, -O1
FAIL: gcc.c-torture/execute/930718-1.c compilation, -O2 (internal compiler error)
UNRESOLVED: gcc.c-torture/execute/930718-1.c execution, -O2
FAIL: gcc.c-torture/execute/930718-1.c compilation, -O3 -fomit-frame-pointer (internal compiler error)
UNRESOLVED: gcc.c-torture/execute/930718-1.c execution, -O3 -fomit-frame-pointer
FAIL: gcc.c-torture/execute/930718-1.c compilation, -O3 -g (internal compiler error)
UNRESOLVED: gcc.c-torture/execute/930718-1.c execution, -O3 -g
FAIL: gcc.c-torture/execute/930718-1.c compilation, -Os (internal compiler error)
UNRESOLVED: gcc.c-torture/execute/930718-1.c execution, -Os
FAIL: gcc.c-torture/execute/960608-1.c compilation, -O3 -fomit-frame-pointer (internal compiler error)
UNRESOLVED: gcc.c-torture/execute/960608-1.c execution, -O3 -fomit-frame-pointer
FAIL: gcc.c-torture/execute/960608-1.c compilation, -O3 -g (internal compiler error)
UNRESOLVED: gcc.c-torture/execute/960608-1.c execution, -O3 -g
FAIL: gcc.c-torture/execute/960608-1.c compilation, -Os (internal compiler error)
UNRESOLVED: gcc.c-torture/execute/960608-1.c execution, -Os
FAIL: gcc.c-torture/execute/builtin-bitops-1.c compilation, -O0
UNRESOLVED: gcc.c-torture/execute/builtin-bitops-1.c execution, -O0
FAIL: gcc.c-torture/execute/builtin-bitops-1.c compilation, -O1
UNRESOLVED: gcc.c-torture/execute/builtin-bitops-1.c execution, -O1
FAIL: gcc.c-torture/execute/builtin-bitops-1.c compilation, -O2
UNRESOLVED: gcc.c-torture/execute/builtin-bitops-1.c execution, -O2
FAIL: gcc.c-torture/execute/builtin-bitops-1.c compilation, -O3 -fomit-frame-pointer
UNRESOLVED: gcc.c-torture/execute/builtin-bitops-1.c execution, -O3 -fomit-frame-pointer
FAIL: gcc.c-torture/execute/builtin-bitops-1.c compilation, -O3 -fomit-frame-pointer -funroll-loops
UNRESOLVED: gcc.c-torture/execute/builtin-bitops-1.c execution, -O3 -fomit-frame-pointer -funroll-loops
FAIL: gcc.c-torture/execute/builtin-bitops-1.c compilation, -O3 -fomit-frame-pointer -funroll-all-loops -finline-functions
UNRESOLVED: gcc.c-torture/execute/builtin-bitops-1.c execution, -O3 -fomit-frame-pointer -funroll-all-loops -finline-functions
FAIL: gcc.c-torture/execute/builtin-bitops-1.c compilation, -O3 -g
UNRESOLVED: gcc.c-torture/execute/builtin-bitops-1.c execution, -O3 -g
FAIL: gcc.c-torture/execute/builtin-bitops-1.c compilation, -Os
UNRESOLVED: gcc.c-torture/execute/builtin-bitops-1.c execution, -Os
FAIL: gcc.c-torture/execute/ffs-1.c compilation, -O0
UNRESOLVED: gcc.c-torture/execute/ffs-1.c execution, -O0
FAIL: gcc.c-torture/execute/ffs-1.c compilation, -O1
UNRESOLVED: gcc.c-torture/execute/ffs-1.c execution, -O1
FAIL: gcc.c-torture/execute/ffs-1.c compilation, -O2
UNRESOLVED: gcc.c-torture/execute/ffs-1.c execution, -O2
FAIL: gcc.c-torture/execute/ffs-1.c compilation, -O3 -fomit-frame-pointer
UNRESOLVED: gcc.c-torture/execute/ffs-1.c execution, -O3 -fomit-frame-pointer
FAIL: gcc.c-torture/execute/ffs-1.c compilation, -O3 -g
UNRESOLVED: gcc.c-torture/execute/ffs-1.c execution, -O3 -g
FAIL: gcc.c-torture/execute/ffs-1.c compilation, -Os
UNRESOLVED: gcc.c-torture/execute/ffs-1.c execution, -Os
FAIL: gcc.c-torture/execute/ffs-2.c compilation, -O0
UNRESOLVED: gcc.c-torture/execute/ffs-2.c execution, -O0
FAIL: gcc.c-torture/execute/ffs-2.c compilation, -O1
UNRESOLVED: gcc.c-torture/execute/ffs-2.c execution, -O1
FAIL: gcc.c-torture/execute/ffs-2.c compilation, -O2
UNRESOLVED: gcc.c-torture/execute/ffs-2.c execution, -O2
FAIL: gcc.c-torture/execute/ffs-2.c compilation, -O3 -fomit-frame-pointer
UNRESOLVED: gcc.c-torture/execute/ffs-2.c execution, -O3 -fomit-frame-pointer
FAIL: gcc.c-torture/execute/ffs-2.c compilation, -O3 -fomit-frame-pointer -funroll-loops
UNRESOLVED: gcc.c-torture/execute/ffs-2.c execution, -O3 -fomit-frame-pointer -funroll-loops
FAIL: gcc.c-torture/execute/ffs-2.c compilation, -O3 -fomit-frame-pointer -funroll-all-loops -finline-functions
UNRESOLVED: gcc.c-torture/execute/ffs-2.c execution, -O3 -fomit-frame-pointer -funroll-all-loops -finline-functions
FAIL: gcc.c-torture/execute/ffs-2.c compilation, -O3 -g
UNRESOLVED: gcc.c-torture/execute/ffs-2.c execution, -O3 -g
FAIL: gcc.c-torture/execute/ffs-2.c compilation, -Os
UNRESOLVED: gcc.c-torture/execute/ffs-2.c execution, -Os
FAIL: gcc.c-torture/execute/float-floor.c execution, -O0
FAIL: gcc.c-torture/execute/float-floor.c execution, -O1
FAIL: gcc.c-torture/execute/float-floor.c execution, -O2
FAIL: gcc.c-torture/execute/float-floor.c execution, -O3 -fomit-frame-pointer
FAIL: gcc.c-torture/execute/float-floor.c execution, -O3 -g
FAIL: gcc.c-torture/execute/float-floor.c execution, -Os
FAIL: gcc.c-torture/execute/mayalias-2.c compilation, -O3 -g (internal compiler error)
UNRESOLVED: gcc.c-torture/execute/mayalias-2.c execution, -O3 -g
FAIL: gcc.c-torture/execute/mayalias-3.c compilation, -O3 -g (internal compiler error)
UNRESOLVED: gcc.c-torture/execute/mayalias-3.c execution, -O3 -g
FAIL: gcc.c-torture/execute/nestfunc-3.c compilation, -O3 -fomit-frame-pointer -funroll-loops
UNRESOLVED: gcc.c-torture/execute/nestfunc-3.c execution, -O3 -fomit-frame-pointer -funroll-loops
FAIL: gcc.c-torture/execute/nestfunc-3.c compilation, -O3 -fomit-frame-pointer -funroll-all-loops -finline-functions
UNRESOLVED: gcc.c-torture/execute/nestfunc-3.c execution, -O3 -fomit-frame-pointer -funroll-all-loops -finline-functions
FAIL: gcc.c-torture/execute/nestfunc-3.c compilation, -O3 -g
UNRESOLVED: gcc.c-torture/execute/nestfunc-3.c execution, -O3 -g
FAIL: gcc.c-torture/execute/nestfunc-3.c compilation, -Os
UNRESOLVED: gcc.c-torture/execute/nestfunc-3.c execution, -Os
FAIL: gcc.c-torture/execute/pr23135.c execution, -O0
FAIL: gcc.c-torture/execute/pr23135.c execution, -O1
FAIL: gcc.c-torture/execute/pr23135.c execution, -O2
FAIL: gcc.c-torture/execute/pr23135.c execution, -O3 -fomit-frame-pointer
FAIL: gcc.c-torture/execute/pr23135.c execution, -O3 -g
FAIL: gcc.c-torture/execute/pr23135.c execution, -Os
FAIL: gcc.c-torture/execute/pr28651.c execution, -O0
FAIL: gcc.c-torture/execute/pr28651.c execution, -O1
FAIL: gcc.c-torture/execute/pr28651.c execution, -O2
FAIL: gcc.c-torture/execute/pr28651.c execution, -O3 -fomit-frame-pointer
FAIL: gcc.c-torture/execute/pr28651.c execution, -O3 -g
FAIL: gcc.c-torture/execute/pr28651.c execution, -Os
FAIL: gcc.c-torture/execute/pr29797-1.c execution, -O0
FAIL: gcc.c-torture/execute/pr29797-1.c execution, -O1
FAIL: gcc.c-torture/execute/pr29797-1.c execution, -O2
FAIL: gcc.c-torture/execute/pr29797-1.c execution, -O3 -fomit-frame-pointer
FAIL: gcc.c-torture/execute/pr29797-1.c execution, -O3 -g
FAIL: gcc.c-torture/execute/pr29797-1.c execution, -Os
FAIL: gcc.c-torture/execute/pr31448.c compilation, -O0
UNRESOLVED: gcc.c-torture/execute/pr31448.c execution, -O0
FAIL: gcc.c-torture/execute/pr31448.c compilation, -O1
UNRESOLVED: gcc.c-torture/execute/pr31448.c execution, -O1
FAIL: gcc.c-torture/execute/pr31448.c compilation, -O2
UNRESOLVED: gcc.c-torture/execute/pr31448.c execution, -O2
FAIL: gcc.c-torture/execute/pr31448.c compilation, -O3 -fomit-frame-pointer
UNRESOLVED: gcc.c-torture/execute/pr31448.c execution, -O3 -fomit-frame-pointer
FAIL: gcc.c-torture/execute/pr31448.c compilation, -O3 -g
UNRESOLVED: gcc.c-torture/execute/pr31448.c execution, -O3 -g
FAIL: gcc.c-torture/execute/pr31448.c compilation, -Os
UNRESOLVED: gcc.c-torture/execute/pr31448.c execution, -Os
FAIL: gcc.c-torture/execute/simd-1.c execution, -O0
FAIL: gcc.c-torture/execute/simd-1.c execution, -O1
FAIL: gcc.c-torture/execute/simd-1.c execution, -O2
FAIL: gcc.c-torture/execute/simd-1.c execution, -O3 -fomit-frame-pointer
FAIL: gcc.c-torture/execute/simd-1.c execution, -O3 -g
FAIL: gcc.c-torture/execute/simd-1.c execution, -Os
FAIL: gcc.c-torture/execute/ieee/unsafe-fp-assoc-1.c execution, -O0
FAIL: gcc.c-torture/execute/ieee/unsafe-fp-assoc-1.c execution, -O1
FAIL: gcc.c-torture/execute/ieee/unsafe-fp-assoc-1.c execution, -O2
FAIL: gcc.c-torture/execute/ieee/unsafe-fp-assoc-1.c execution, -O3 -fomit-frame-pointer
FAIL: gcc.c-torture/execute/ieee/unsafe-fp-assoc-1.c execution, -O3 -g
FAIL: gcc.c-torture/execute/ieee/unsafe-fp-assoc-1.c execution, -Os
FAIL: gcc.c-torture/unsorted/a3.c, -O1 (internal compiler error)
FAIL: gcc.c-torture/unsorted/a3.c, -O2 (internal compiler error)
FAIL: gcc.c-torture/unsorted/a3.c, -O3 -fomit-frame-pointer (internal compiler error)
FAIL: gcc.c-torture/unsorted/a3.c, -O3 -fomit-frame-pointer -funroll-loops (internal compiler error)
FAIL: gcc.c-torture/unsorted/a3.c, -O3 -fomit-frame-pointer -funroll-all-loops -finline-functions (internal compiler error)
FAIL: gcc.c-torture/unsorted/a3.c, -O3 -g (internal compiler error)
FAIL: gcc.c-torture/unsorted/a3.c, -Os (internal compiler error)
FAIL: gcc.c-torture/unsorted/dump-noaddr.c.057t.vrp1, -O2 comparison
FAIL: gcc.c-torture/unsorted/dump-noaddr.c.110t.vrp2, -O2 comparison
FAIL: gcc.c-torture/unsorted/dump-noaddr.c.057t.vrp1, -O3 -fomit-frame-pointer comparison
FAIL: gcc.c-torture/unsorted/dump-noaddr.c.110t.vrp2, -O3 -fomit-frame-pointer comparison
FAIL: gcc.c-torture/unsorted/dump-noaddr.c.057t.vrp1, -O3 -fomit-frame-pointer -funroll-loops comparison
FAIL: gcc.c-torture/unsorted/dump-noaddr.c.110t.vrp2, -O3 -fomit-frame-pointer -funroll-loops comparison
FAIL: gcc.c-torture/unsorted/dump-noaddr.c.057t.vrp1, -O3 -fomit-frame-pointer -funroll-all-loops -finline-functions comparison
FAIL: gcc.c-torture/unsorted/dump-noaddr.c.110t.vrp2, -O3 -fomit-frame-pointer -funroll-all-loops -finline-functions comparison
FAIL: gcc.c-torture/unsorted/dump-noaddr.c.057t.vrp1, -O3 -g comparison
FAIL: gcc.c-torture/unsorted/dump-noaddr.c.110t.vrp2, -O3 -g comparison
FAIL: gcc.c-torture/unsorted/dump-noaddr.c.057t.vrp1, -Os comparison
FAIL: gcc.c-torture/unsorted/dump-noaddr.c.110t.vrp2, -Os comparison
FAIL: gcc.dg/compat/scalar-by-value-1 c_compat_x_tst.o-c_compat_y_tst.o execute
FAIL: gcc.dg/compat/scalar-by-value-3 c_compat_x_tst.o-c_compat_y_tst.o execute
FAIL: gcc.dg/compat/struct-by-value-10 c_compat_x_tst.o-c_compat_y_tst.o execute
FAIL: gcc.dg/compat/struct-by-value-11 c_compat_x_tst.o-c_compat_y_tst.o execute
FAIL: gcc.dg/compat/struct-by-value-12 c_compat_x_tst.o-c_compat_y_tst.o execute
FAIL: gcc.dg/compat/struct-by-value-13 c_compat_x_tst.o-c_compat_y_tst.o execute
FAIL: gcc.dg/compat/struct-by-value-14 c_compat_x_tst.o-c_compat_y_tst.o execute
FAIL: gcc.dg/compat/struct-by-value-15 c_compat_x_tst.o-c_compat_y_tst.o execute
FAIL: gcc.dg/compat/struct-by-value-16 c_compat_x_tst.o-c_compat_y_tst.o execute
FAIL: gcc.dg/compat/struct-by-value-17 c_compat_x_tst.o-c_compat_y_tst.o execute
FAIL: gcc.dg/compat/struct-by-value-18 c_compat_x_tst.o-c_compat_y_tst.o execute
FAIL: gcc.dg/compat/struct-by-value-19 c_compat_x_tst.o-c_compat_y_tst.o execute
FAIL: gcc.dg/compat/struct-by-value-1 c_compat_x_tst.o-c_compat_y_tst.o execute
FAIL: gcc.dg/compat/struct-by-value-22 c_compat_x_tst.o-c_compat_y_tst.o execute
FAIL: gcc.dg/compat/struct-by-value-2 c_compat_x_tst.o-c_compat_y_tst.o execute
FAIL: gcc.dg/compat/struct-by-value-3 c_compat_x_tst.o-c_compat_y_tst.o execute
FAIL: gcc.dg/compat/struct-by-value-4 c_compat_x_tst.o-c_compat_y_tst.o execute
FAIL: gcc.dg/compat/struct-by-value-5a c_compat_x_tst.o-c_compat_y_tst.o execute
FAIL: gcc.dg/compat/struct-by-value-5b c_compat_x_tst.o-c_compat_y_tst.o execute
FAIL: gcc.dg/compat/struct-by-value-6a c_compat_x_tst.o-c_compat_y_tst.o execute
FAIL: gcc.dg/compat/struct-by-value-6b c_compat_x_tst.o-c_compat_y_tst.o execute
FAIL: gcc.dg/compat/struct-by-value-7a c_compat_x_tst.o-c_compat_y_tst.o execute
FAIL: gcc.dg/compat/struct-by-value-7b c_compat_x_tst.o-c_compat_y_tst.o execute
FAIL: gcc.dg/compat/struct-by-value-8 c_compat_x_tst.o-c_compat_y_tst.o execute
FAIL: gcc.dg/compat/struct-by-value-9 c_compat_x_tst.o-c_compat_y_tst.o execute
FAIL: gcc.dg/compat/struct-layout-1 c_compat_main_tst.o compile
FAIL: gcc.dg/compat/struct-layout-1 c_compat_x_tst.o compile
FAIL: gcc.dg/compat/struct-layout-1 c_compat_y_tst.o compile
UNRESOLVED: gcc.dg/compat/struct-layout-1 c_compat_x_tst.o-c_compat_y_tst.o link
UNRESOLVED: gcc.dg/compat/struct-layout-1 c_compat_x_tst.o-c_compat_y_tst.o execute
FAIL: gcc.dg/compat/struct-return-2 c_compat_x_tst.o-c_compat_y_tst.o execute
FAIL: gcc.dg/compat/vector-1 c_compat_x_tst.o compile
FAIL: gcc.dg/compat/vector-1 c_compat_y_tst.o compile
UNRESOLVED: gcc.dg/compat/vector-1 c_compat_x_tst.o-c_compat_y_tst.o link
UNRESOLVED: gcc.dg/compat/vector-1 c_compat_x_tst.o-c_compat_y_tst.o execute
FAIL: gcc.dg/compat/vector-2 c_compat_x_tst.o compile
FAIL: gcc.dg/compat/vector-2 c_compat_y_tst.o compile
UNRESOLVED: gcc.dg/compat/vector-2 c_compat_x_tst.o-c_compat_y_tst.o link
UNRESOLVED: gcc.dg/compat/vector-2 c_compat_x_tst.o-c_compat_y_tst.o execute
WARNING: Could not compile gcc.dg/compat/struct-layout-1 generator
FAIL: gcc.dg/cpp/_Pragma6.c (test for excess errors)
FAIL: gcc.dg/cpp/assert4.c (test for excess errors)
FAIL: gcc.dg/20061109-1.c (test for excess errors)
FAIL: gcc.dg/Wconversion-integer-no-sign.c (test for excess errors)
FAIL: gcc.dg/Wconversion-real-integer.c (test for warnings, line 34)
FAIL: gcc.dg/Wconversion-real-integer.c (test for warnings, line 35)
FAIL: gcc.dg/Wconversion-real-integer.c (test for warnings, line 38)
FAIL: gcc.dg/Wconversion-real-integer.c (test for warnings, line 39)
FAIL: gcc.dg/Wconversion-real-integer.c (test for warnings, line 40)
FAIL: gcc.dg/Wconversion-real-integer.c (test for warnings, line 41)
FAIL: gcc.dg/Wconversion-real-integer.c (test for excess errors)
FAIL: gcc.dg/Wconversion-real.c (test for warnings, line 20)
FAIL: gcc.dg/Wconversion-real.c (test for warnings, line 21)
FAIL: gcc.dg/Wconversion-real.c (test for warnings, line 22)
FAIL: gcc.dg/Wconversion-real.c (test for warnings, line 23)
FAIL: gcc.dg/Wconversion-real.c (test for warnings, line 26)
FAIL: gcc.dg/Wconversion-real.c (test for warnings, line 27)
FAIL: gcc.dg/Wconversion-real.c (test for warnings, line 28)
FAIL: gcc.dg/Wconversion-real.c (test for warnings, line 29)
FAIL: gcc.dg/Wtype-limits-Wextra.c (test for warnings, line 25)
FAIL: gcc.dg/Wtype-limits-Wextra.c (test for warnings, line 26)
FAIL: gcc.dg/Wtype-limits-Wextra.c (test for warnings, line 27)
FAIL: gcc.dg/Wtype-limits-Wextra.c (test for warnings, line 28)
FAIL: gcc.dg/Wtype-limits-Wextra.c (test for excess errors)
FAIL: gcc.dg/Wtype-limits.c (test for warnings, line 25)
FAIL: gcc.dg/Wtype-limits.c (test for warnings, line 26)
FAIL: gcc.dg/Wtype-limits.c (test for warnings, line 27)
FAIL: gcc.dg/Wtype-limits.c (test for warnings, line 28)
FAIL: gcc.dg/Wtype-limits.c (test for excess errors)
FAIL: gcc.dg/attr-alloc_size.c (test for excess errors)
FAIL: gcc.dg/builtin-apply2.c execution test
FAIL: gcc.dg/builtins-20.c (test for excess errors)
FAIL: gcc.dg/builtins-59.c scan-tree-dump __builtin_cexpi
FAIL: gcc.dg/builtins-59.c scan-tree-dump-not sincos
FAIL: gcc.dg/builtins-61.c scan-tree-dump cexpi
FAIL: gcc.dg/builtins-61.c scan-tree-dump sin
FAIL: gcc.dg/builtins-61.c scan-tree-dump cos
FAIL: gcc.dg/builtins-61.c scan-tree-dump return 0.0
FAIL: gcc.dg/builtins-62.c scan-tree-dump-times cexpi 3
FAIL: gcc.dg/float-range-3.c (test for excess errors)
FAIL: gcc.dg/float-range-4.c (test for excess errors)
FAIL: gcc.dg/float-range-5.c (test for excess errors)
FAIL: gcc.dg/fold-eqandshift-1.c (test for excess errors)
FAIL: gcc.dg/fold-eqandshift-1.c scan-tree-dump-times e < 0 1
FAIL: gcc.dg/fold-eqandshift-1.c scan-tree-dump-times if \\(0\\) 1
FAIL: gcc.dg/fold-eqandshift-3.c scan-tree-dump-times \\(a & 1073741824\\) != 0 1
FAIL: gcc.dg/fold-eqandshift-3.c scan-tree-dump-times \\(b & 1073741824\\) != 0 1
FAIL: gcc.dg/fold-overflow-1.c scan-assembler-times 2139095040 2
FAIL: gcc.dg/ftrapv-1.c (test for excess errors)
WARNING: gcc.dg/ftrapv-1.c compilation failed to produce executable
FAIL: gcc.dg/ftrapv-2.c (test for excess errors)
WARNING: gcc.dg/ftrapv-2.c compilation failed to produce executable
FAIL: gcc.dg/max-1.c (test for excess errors)
FAIL: gcc.dg/multiple-overflow-warn-3.c (test for warnings, line 8)
FAIL: gcc.dg/multiple-overflow-warn-3.c (test for excess errors)
FAIL: gcc.dg/pr19340.c (test for excess errors)
FAIL: gcc.dg/pr27639.c (test for excess errors)
FAIL: gcc.dg/pr27959.c (test for excess errors)
FAIL: gcc.dg/pr27959.c execution test
FAIL: gcc.dg/pr30744-1.c (test for excess errors)
FAIL: gcc.dg/pr30957-1.c scan-rtl-dump Expanding Accumulator
FAIL: gcc.dg/var-expand1.c scan-rtl-dump Expanding Accumulator
FAIL: gcc.dg/wtr-conversion-1.c (test for excess errors)
FAIL: gcc.dg/matrix/matrix-1.c scan-ipa-dump-times Flattened 3 dimensions 1
FAIL: gcc.dg/matrix/matrix-2.c scan-ipa-dump-times Flattened 2 dimensions 1
FAIL: gcc.dg/matrix/matrix-3.c scan-ipa-dump-times Flattened 2 dimensions 1
FAIL: gcc.dg/matrix/matrix-6.c scan-ipa-dump-times Flattened 2 dimensions 1
FAIL: gcc.dg/tls/opt-5.c (test for excess errors)
FAIL: gcc.dg/torture/builtin-frexp-1.c -O0 (test for excess errors)
FAIL: gcc.dg/torture/builtin-frexp-1.c -O1 (test for excess errors)
FAIL: gcc.dg/torture/builtin-frexp-1.c -O2 (test for excess errors)
FAIL: gcc.dg/torture/builtin-frexp-1.c -O3 -fomit-frame-pointer (test for excess errors)
FAIL: gcc.dg/torture/builtin-frexp-1.c -O3 -fomit-frame-pointer -funroll-loops (test for excess errors)
FAIL: gcc.dg/torture/builtin-frexp-1.c -O3 -fomit-frame-pointer -funroll-all-loops -finline-functions (test for excess errors)
FAIL: gcc.dg/torture/builtin-frexp-1.c -O3 -g (test for excess errors)
FAIL: gcc.dg/torture/builtin-frexp-1.c -Os (test for excess errors)
FAIL: gcc.dg/torture/builtin-pow-mpfr-1.c -O0 scan-tree-dump pow
FAIL: gcc.dg/torture/builtin-pow-mpfr-1.c -O1 scan-tree-dump pow
FAIL: gcc.dg/torture/builtin-pow-mpfr-1.c -O2 scan-tree-dump pow
FAIL: gcc.dg/torture/builtin-pow-mpfr-1.c -O3 -fomit-frame-pointer scan-tree-dump pow
FAIL: gcc.dg/torture/builtin-pow-mpfr-1.c -O3 -g scan-tree-dump pow
FAIL: gcc.dg/torture/builtin-pow-mpfr-1.c -Os scan-tree-dump pow
FAIL: gcc.dg/torture/fp-int-convert-double.c -O0 execution test
FAIL: gcc.dg/torture/fp-int-convert-double.c -O1 execution test
FAIL: gcc.dg/torture/fp-int-convert-double.c -O2 execution test
FAIL: gcc.dg/torture/fp-int-convert-double.c -O3 -fomit-frame-pointer execution test
FAIL: gcc.dg/torture/fp-int-convert-double.c -O3 -g execution test
FAIL: gcc.dg/torture/fp-int-convert-double.c -Os execution test
FAIL: gcc.dg/torture/fp-int-convert-float.c -O0 execution test
FAIL: gcc.dg/torture/fp-int-convert-float.c -O1 execution test
FAIL: gcc.dg/torture/fp-int-convert-float.c -O2 execution test
FAIL: gcc.dg/torture/fp-int-convert-float.c -O3 -fomit-frame-pointer execution test
FAIL: gcc.dg/torture/fp-int-convert-float.c -O3 -g execution test
FAIL: gcc.dg/torture/fp-int-convert-float.c -Os execution test
FAIL: gcc.dg/torture/fp-int-convert-long-double.c -O0 execution test
FAIL: gcc.dg/torture/fp-int-convert-long-double.c -O1 execution test
FAIL: gcc.dg/torture/fp-int-convert-long-double.c -O2 execution test
FAIL: gcc.dg/torture/fp-int-convert-long-double.c -O3 -fomit-frame-pointer execution test
FAIL: gcc.dg/torture/fp-int-convert-long-double.c -O3 -g execution test
FAIL: gcc.dg/torture/fp-int-convert-long-double.c -Os execution test
FAIL: gcc.dg/torture/pr27743.c -O0 (test for excess errors)
FAIL: gcc.dg/torture/pr27743.c -O0 execution test
FAIL: gcc.dg/torture/pr27743.c -O1 (test for excess errors)
FAIL: gcc.dg/torture/pr27743.c -O1 execution test
FAIL: gcc.dg/torture/pr27743.c -O2 (test for excess errors)
FAIL: gcc.dg/torture/pr27743.c -O2 execution test
FAIL: gcc.dg/torture/pr27743.c -O3 -fomit-frame-pointer (test for excess errors)
FAIL: gcc.dg/torture/pr27743.c -O3 -fomit-frame-pointer execution test
FAIL: gcc.dg/torture/pr27743.c -O3 -g (test for excess errors)
FAIL: gcc.dg/torture/pr27743.c -O3 -g execution test
FAIL: gcc.dg/torture/pr27743.c -Os (test for excess errors)
FAIL: gcc.dg/torture/pr27743.c -Os execution test
FAIL: gcc.dg/torture/pr28045.c -O1 (internal compiler error)
FAIL: gcc.dg/torture/pr28045.c -O1 (test for excess errors)
WARNING: gcc.dg/torture/pr28045.c -O1 compilation failed to produce executable
FAIL: gcc.dg/torture/pr28045.c -O2 (internal compiler error)
FAIL: gcc.dg/torture/pr28045.c -O2 (test for excess errors)
WARNING: gcc.dg/torture/pr28045.c -O2 compilation failed to produce executable
FAIL: gcc.dg/torture/pr28045.c -Os (internal compiler error)
FAIL: gcc.dg/torture/pr28045.c -Os (test for excess errors)
WARNING: gcc.dg/torture/pr28045.c -Os compilation failed to produce executable
FAIL: gcc.dg/torture/pr28814.c -O0 (test for excess errors)
FAIL: gcc.dg/torture/pr28814.c -O1 (test for excess errors)
FAIL: gcc.dg/torture/pr28814.c -O2 (test for excess errors)
FAIL: gcc.dg/torture/pr28814.c -O3 -fomit-frame-pointer (test for excess errors)
FAIL: gcc.dg/torture/pr28814.c -O3 -g (test for excess errors)
FAIL: gcc.dg/torture/pr28814.c -Os (test for excess errors)
FAIL: gcc.dg/torture/pr29584.c -O0 (test for excess errors)
FAIL: gcc.dg/torture/pr29584.c -O1 (test for excess errors)
FAIL: gcc.dg/torture/pr29584.c -O2 (test for excess errors)
FAIL: gcc.dg/torture/pr29584.c -O3 -fomit-frame-pointer (test for excess errors)
FAIL: gcc.dg/torture/pr29584.c -O3 -fomit-frame-pointer -funroll-loops (test for excess errors)
FAIL: gcc.dg/torture/pr29584.c -O3 -fomit-frame-pointer -funroll-all-loops -finline-functions (test for excess errors)
FAIL: gcc.dg/torture/pr29584.c -O3 -g (test for excess errors)
FAIL: gcc.dg/torture/pr29584.c -Os (test for excess errors)
FAIL: gcc.dg/torture/pr30313.c -O0 (test for excess errors)
FAIL: gcc.dg/torture/pr30313.c -O1 (test for excess errors)
FAIL: gcc.dg/torture/pr30313.c -O2 (test for excess errors)
FAIL: gcc.dg/torture/pr30313.c -O3 -fomit-frame-pointer (test for excess errors)
FAIL: gcc.dg/torture/pr30313.c -O3 -g (test for excess errors)
FAIL: gcc.dg/torture/pr30313.c -Os (test for excess errors)
FAIL: gcc.dg/torture/pr30364-1.c -O0 (test for excess errors)
FAIL: gcc.dg/torture/pr30364-1.c -O0 execution test
FAIL: gcc.dg/torture/pr30364-1.c -O1 (test for excess errors)
FAIL: gcc.dg/torture/pr30364-1.c -O1 execution test
FAIL: gcc.dg/torture/pr30364-1.c -O2 (test for excess errors)
FAIL: gcc.dg/torture/pr30364-1.c -O2 execution test
FAIL: gcc.dg/torture/pr30364-1.c -O3 -fomit-frame-pointer (test for excess errors)
FAIL: gcc.dg/torture/pr30364-1.c -O3 -fomit-frame-pointer execution test
FAIL: gcc.dg/torture/pr30364-1.c -O3 -g (test for excess errors)
FAIL: gcc.dg/torture/pr30364-1.c -O3 -g execution test
FAIL: gcc.dg/torture/pr30364-1.c -Os (test for excess errors)
FAIL: gcc.dg/torture/pr30364-1.c -Os execution test
FAIL: gcc.dg/torture/pr30364-2.c -O0 (test for excess errors)
FAIL: gcc.dg/torture/pr30364-2.c -O0 execution test
FAIL: gcc.dg/torture/pr30364-2.c -O1 (test for excess errors)
FAIL: gcc.dg/torture/pr30364-2.c -O1 execution test
FAIL: gcc.dg/torture/pr30364-2.c -O2 (test for excess errors)
FAIL: gcc.dg/torture/pr30364-2.c -O2 execution test
FAIL: gcc.dg/torture/pr30364-2.c -O3 -fomit-frame-pointer (test for excess errors)
FAIL: gcc.dg/torture/pr30364-2.c -O3 -fomit-frame-pointer execution test
FAIL: gcc.dg/torture/pr30364-2.c -O3 -g (test for excess errors)
FAIL: gcc.dg/torture/pr30364-2.c -O3 -g execution test
FAIL: gcc.dg/torture/pr30364-2.c -Os (test for excess errors)
FAIL: gcc.dg/torture/pr30364-2.c -Os execution test
FAIL: gcc.dg/torture/pr30364-3.c -O0 (test for excess errors)
FAIL: gcc.dg/torture/pr30364-3.c -O0 execution test
FAIL: gcc.dg/torture/pr30364-3.c -O1 (test for excess errors)
FAIL: gcc.dg/torture/pr30364-3.c -O1 execution test
FAIL: gcc.dg/torture/pr30364-3.c -O2 (test for excess errors)
FAIL: gcc.dg/torture/pr30364-3.c -O2 execution test
FAIL: gcc.dg/torture/pr30364-3.c -O3 -fomit-frame-pointer (test for excess errors)
FAIL: gcc.dg/torture/pr30364-3.c -O3 -fomit-frame-pointer execution test
FAIL: gcc.dg/torture/pr30364-3.c -O3 -g (test for excess errors)
FAIL: gcc.dg/torture/pr30364-3.c -O3 -g execution test
FAIL: gcc.dg/torture/pr30364-3.c -Os (test for excess errors)
FAIL: gcc.dg/torture/pr30364-3.c -Os execution test
XPASS: gcc.dg/tree-ssa/20040204-1.c scan-tree-dump-times link_error 0
FAIL: gcc.dg/tree-ssa/foldaddr-1.c (test for excess errors)
FAIL: gcc.dg/tree-ssa/forwprop-2.c scan-tree-dump t\\[i.*\\] = 1;
FAIL: gcc.dg/tree-ssa/gen-vect-11.c scan-tree-dump-times vectorized 1 loops 1
FAIL: gcc.dg/tree-ssa/gen-vect-11a.c scan-tree-dump-times vectorized 1 loops 1
FAIL: gcc.dg/tree-ssa/gen-vect-2.c scan-tree-dump-times vectorized 1 loops 1
FAIL: gcc.dg/tree-ssa/gen-vect-25.c scan-tree-dump-times vectorized 2 loops 1
FAIL: gcc.dg/tree-ssa/ifc-20040816-2.c (test for excess errors)
FAIL: gcc.dg/tree-ssa/ifc-20040816-2.c scan-tree-dump-times Applying if-conversion 1
FAIL: gcc.dg/tree-ssa/loadpre6.c (test for excess errors)
FAIL: gcc.dg/tree-ssa/ltrans-5.c (test for excess errors)
ERROR: gcc.dg/tree-ssa/ltrans-5.c: error executing dg-final: no files matched glob pattern "ltrans-5.c.[0-9][0-9][0-9]t.ltrans"
UNRESOLVED: gcc.dg/tree-ssa/ltrans-5.c: error executing dg-final: no files matched glob pattern "ltrans-5.c.[0-9][0-9][0-9]t.ltrans"
FAIL: gcc.dg/tree-ssa/pr23115.c (test for excess errors)
FAIL: gcc.dg/tree-ssa/predcom-1.c execution test
FAIL: gcc.dg/tree-ssa/predcom-2.c execution test
XPASS: gcc.dg/tree-ssa/update-threading.c scan-tree-dump-times Invalid sum 0
FAIL: gcc.dg/tree-ssa/vrp29.c (test for excess errors)
=== gcc Summary ===
# of expected passes 40850
# of unexpected failures 381
# of unexpected successes 2
# of expected failures 95
# of unresolved testcases 56
# of untested testcases 42
# of unsupported tests 1251
/mnt/disk01-2/mstein/sim/h8300-elf/build/gcc/xgcc version 4.3.0 20070602 (experimental)
Compiler version: 4.3.0 20070602 (experimental) gcc
Platform: h8300-unknown-elf
configure flags: --target=h8300-elf --prefix=/n/07/mstein/cross-local/h8300-elf --enable-languages=c --disable-nls --disable-build-warnings --with-ld=/n/07/mstein/cross-local/h8300-elf/bin/h8300-elf-ld --with-as=/n/07/mstein/cross-local/h8300-elf/bin/h8300-elf-as --disable-libssp