This is the mail archive of the
gcc-testresults@gcc.gnu.org
mailing list for the GCC project.
Results for 4.3.0 20070523 (experimental) [trunk revision 124995] testsuite on ia64-unknown-linux-gnu
- From: hjl at gnu-11 dot sc dot intel dot com (H.J. Lu)
- To: gcc-testresults at gcc dot gnu dot org
- Date: Wed, 23 May 2007 17:55:28 -0700 (PDT)
- Subject: Results for 4.3.0 20070523 (experimental) [trunk revision 124995] testsuite on ia64-unknown-linux-gnu
LAST_UPDATED: Wed May 23 16:42:48 UTC 2007 (revision 124995)
Native configuration is ia64-unknown-linux-gnu
=== gcc tests ===
Running target unix
FAIL: gcc.c-torture/execute/mayalias-2.c compilation, -O3 -g (internal compiler error)
UNRESOLVED: gcc.c-torture/execute/mayalias-2.c execution, -O3 -g
FAIL: gcc.c-torture/execute/mayalias-3.c compilation, -O3 -g (internal compiler error)
UNRESOLVED: gcc.c-torture/execute/mayalias-3.c execution, -O3 -g
FAIL: gcc.c-torture/execute/va-arg-24.c execution, -O3 -fomit-frame-pointer -funroll-loops
FAIL: gcc.c-torture/execute/va-arg-24.c execution, -O3 -fomit-frame-pointer -funroll-all-loops -finline-functions
FAIL: gcc.dg/builtin-apply4.c execution test
FAIL: gcc.dg/pr30643.c scan-assembler-not undefined
WARNING: gcc.dg/torture/fp-int-convert-float128-timode.c -O0 compilation failed to produce executable
WARNING: gcc.dg/torture/fp-int-convert-float128-timode.c -O1 compilation failed to produce executable
WARNING: gcc.dg/torture/fp-int-convert-float128-timode.c -O2 compilation failed to produce executable
WARNING: gcc.dg/torture/fp-int-convert-float128-timode.c -O3 -fomit-frame-pointer compilation failed to produce executable
WARNING: gcc.dg/torture/fp-int-convert-float128-timode.c -O3 -g compilation failed to produce executable
WARNING: gcc.dg/torture/fp-int-convert-float128-timode.c -Os compilation failed to produce executable
FAIL: gcc.dg/torture/fp-int-convert-float128.c -O0 (test for excess errors)
WARNING: gcc.dg/torture/fp-int-convert-float128.c -O0 compilation failed to produce executable
FAIL: gcc.dg/torture/fp-int-convert-float128.c -O1 (test for excess errors)
WARNING: gcc.dg/torture/fp-int-convert-float128.c -O1 compilation failed to produce executable
FAIL: gcc.dg/torture/fp-int-convert-float128.c -O2 (test for excess errors)
WARNING: gcc.dg/torture/fp-int-convert-float128.c -O2 compilation failed to produce executable
FAIL: gcc.dg/torture/fp-int-convert-float128.c -O3 -fomit-frame-pointer (test for excess errors)
WARNING: gcc.dg/torture/fp-int-convert-float128.c -O3 -fomit-frame-pointer compilation failed to produce executable
FAIL: gcc.dg/torture/fp-int-convert-float128.c -O3 -g (test for excess errors)
WARNING: gcc.dg/torture/fp-int-convert-float128.c -O3 -g compilation failed to produce executable
FAIL: gcc.dg/torture/fp-int-convert-float128.c -Os (test for excess errors)
WARNING: gcc.dg/torture/fp-int-convert-float128.c -Os compilation failed to produce executable
XPASS: gcc.dg/tree-ssa/loop-1.c scan-assembler-times foo 5
XPASS: gcc.dg/tree-ssa/update-threading.c scan-tree-dump-times Invalid sum 0
=== gcc Summary ===
# of expected passes 43109
# of unexpected failures 12
# of unexpected successes 2
# of expected failures 175
# of unresolved testcases 2
# of untested testcases 28
# of unsupported tests 382
/export/build/gnu/gcc-isa/build-ia64-linux/gcc/xgcc version 4.3.0 20070523 (experimental) [trunk revision 124995]
=== gfortran tests ===
Running target unix
=== gfortran Summary ===
# of expected passes 18119
# of expected failures 14
# of unsupported tests 20
/export/build/gnu/gcc-isa/build-ia64-linux/gcc/testsuite/gfortran/../../gfortran version 4.3.0 20070523 (experimental) [trunk revision 124995]
=== g++ tests ===
Running target unix
FAIL: g++.dg/tree-prof/indir-call-prof.C scan-tree-dump Indirect call -> direct call.* AA transformation on insn
FAIL: g++.dg/tree-prof/indir-call-prof.C scan-tree-dump Indirect call -> direct call.* AA transformation on insn
FAIL: g++.dg/tree-prof/indir-call-prof.C scan-tree-dump Indirect call -> direct call.* AA transformation on insn
FAIL: g++.dg/tree-prof/indir-call-prof.C scan-tree-dump Indirect call -> direct call.* AA transformation on insn
FAIL: g++.dg/tree-prof/indir-call-prof.C scan-tree-dump Indirect call -> direct call.* AA transformation on insn
FAIL: g++.dg/tree-prof/indir-call-prof.C scan-tree-dump Indirect call -> direct call.* AA transformation on insn
FAIL: g++.dg/tree-prof/indir-call-prof.C scan-tree-dump Indirect call -> direct call.* AA transformation on insn
=== g++ Summary ===
# of expected passes 14328
# of unexpected failures 7
# of expected failures 86
# of unsupported tests 119
/export/build/gnu/gcc-isa/build-ia64-linux/gcc/testsuite/g++/../../g++ version 4.3.0 20070523 (experimental) [trunk revision 124995]
=== objc tests ===
Running target unix
=== objc Summary ===
# of expected passes 1810
# of expected failures 7
# of unsupported tests 25
/export/build/gnu/gcc-isa/build-ia64-linux/gcc/xgcc version 4.3.0 20070523 (experimental) [trunk revision 124995]
=== libffi tests ===
Running target unix
=== libffi Summary ===
# of expected passes 1096
# of unsupported tests 8
=== libgomp tests ===
Running target unix
=== libgomp Summary ===
# of expected passes 1566
=== libjava tests ===
Running target unix
FAIL: getlocalvartable output
WARNING: program timed out.
FAIL: getstacktrace run
FAIL: Throw_3 -O3 output - source compiled test
FAIL: Throw_3 -O3 -findirect-dispatch output - source compiled test
=== libjava Summary ===
# of expected passes 2532
# of unexpected failures 4
# of untested testcases 1
=== libmudflap tests ===
Running target unix
FAIL: libmudflap.c++/pass41-frag.cxx execution test
FAIL: libmudflap.c++/pass41-frag.cxx (-static) execution test
FAIL: libmudflap.c++/pass41-frag.cxx ( -O) execution test
FAIL: libmudflap.c++/pass41-frag.cxx (-O2) execution test
FAIL: libmudflap.c++/pass41-frag.cxx (-O3) execution test
=== libmudflap Summary ===
# of expected passes 1821
# of unexpected failures 5
=== libstdc++ tests ===
Running target unix
XPASS: 26_numerics/headers/cmath/c99_classification_macros_c.cc (test for excess errors)
XPASS: 27_io/fpos/14320-1.cc execution test
=== libstdc++ Summary ===
# of expected passes 5015
# of unexpected successes 2
# of expected failures 45
Compiler version: 4.3.0 20070523 (experimental) [trunk revision 124995]
Platform: ia64-unknown-linux-gnu
configure flags: --enable-clocale=gnu --with-system-zlib --with-demangler-in-ld --enable-shared --enable-threads=posix --enable-haifa --enable-checking=assert --prefix=/usr/gcc-isa --with-local-prefix=/usr/local