This is the mail archive of the
gcc-testresults@gcc.gnu.org
mailing list for the GCC project.
Results for 4.3.0 20070523 (experimental) testsuite on powerpc64-unknown-linux-gnu
- From: Janis Johnson <janis187 at us dot ibm dot com>
- To: gcc-testresults at gcc dot gnu dot org
- Date: Wed, 23 May 2007 00:45:39 -0700
- Subject: Results for 4.3.0 20070523 (experimental) testsuite on powerpc64-unknown-linux-gnu
Linux 2.6.5-7.252-pseries64 ppc64
GNU C Library stable release version 2.3.5 (20050720)
GNU ld version 2.17
GNU assembler 2.17
GNU Make 3.80
DejaGnu:
Expect version is 5.43.0
Tcl version is 8.4
Framework version is 1.4.4
32-bit biarch default32
SVN branch: trunk
This hardware has VMX instructions.
LAST_UPDATED: Wed May 23 01:16:34 UTC 2007 (revision 124974)
Native configuration is powerpc64-unknown-linux-gnu
=== g++ tests ===
Running target unix/-m32
=== g++ Summary for unix/-m32 ===
# of expected passes 15870
# of expected failures 86
# of unsupported tests 107
Running target unix/-m64
=== g++ Summary for unix/-m64 ===
# of expected passes 15832
# of expected failures 86
# of unsupported tests 110
=== g++ Summary ===
# of expected passes 31702
# of expected failures 172
# of unsupported tests 217
/extra_space/gccbuild/build/nightly/build-gcc-trunk/gcc/testsuite/g++/../../g++ version 4.3.0 20070523 (experimental)
=== gcc tests ===
Running target unix/-m32
FAIL: gcc.c-torture/execute/mayalias-2.c compilation, -O3 -g (internal compiler error)
UNRESOLVED: gcc.c-torture/execute/mayalias-2.c execution, -O3 -g
FAIL: gcc.c-torture/execute/mayalias-3.c compilation, -O3 -g (internal compiler error)
UNRESOLVED: gcc.c-torture/execute/mayalias-3.c execution, -O3 -g
FAIL: gcc.dg/Wno-pointer-sign.c (test for excess errors)
FAIL: gcc.dg/assign-warn-1.c (test for warnings, line 63)
FAIL: gcc.dg/assign-warn-1.c (test for warnings, line 64)
FAIL: gcc.dg/assign-warn-1.c (test for warnings, line 65)
FAIL: gcc.dg/assign-warn-1.c (test for warnings, line 66)
FAIL: gcc.dg/assign-warn-1.c (test for warnings, line 67)
FAIL: gcc.dg/assign-warn-1.c (test for warnings, line 69)
FAIL: gcc.dg/assign-warn-1.c (test for warnings, line 70)
FAIL: gcc.dg/assign-warn-1.c (test for warnings, line 71)
FAIL: gcc.dg/assign-warn-1.c (test for warnings, line 72)
FAIL: gcc.dg/assign-warn-1.c (test for warnings, line 73)
FAIL: gcc.dg/assign-warn-1.c (test for warnings, line 75)
FAIL: gcc.dg/assign-warn-1.c (test for warnings, line 76)
FAIL: gcc.dg/assign-warn-1.c (test for warnings, line 77)
FAIL: gcc.dg/assign-warn-1.c (test for warnings, line 78)
FAIL: gcc.dg/assign-warn-1.c (test for warnings, line 79)
FAIL: gcc.dg/assign-warn-1.c (test for warnings, line 81)
FAIL: gcc.dg/assign-warn-1.c (test for warnings, line 82)
FAIL: gcc.dg/assign-warn-1.c (test for warnings, line 83)
FAIL: gcc.dg/assign-warn-1.c (test for warnings, line 84)
FAIL: gcc.dg/assign-warn-1.c (test for warnings, line 85)
FAIL: gcc.dg/assign-warn-1.c (test for excess errors)
FAIL: gcc.dg/assign-warn-2.c (test for errors, line 64)
FAIL: gcc.dg/assign-warn-2.c (test for errors, line 65)
FAIL: gcc.dg/assign-warn-2.c (test for errors, line 66)
FAIL: gcc.dg/assign-warn-2.c (test for errors, line 67)
FAIL: gcc.dg/assign-warn-2.c (test for errors, line 68)
FAIL: gcc.dg/assign-warn-2.c (test for errors, line 70)
FAIL: gcc.dg/assign-warn-2.c (test for errors, line 71)
FAIL: gcc.dg/assign-warn-2.c (test for errors, line 72)
FAIL: gcc.dg/assign-warn-2.c (test for errors, line 73)
FAIL: gcc.dg/assign-warn-2.c (test for errors, line 74)
FAIL: gcc.dg/assign-warn-2.c (test for errors, line 76)
FAIL: gcc.dg/assign-warn-2.c (test for errors, line 77)
FAIL: gcc.dg/assign-warn-2.c (test for errors, line 78)
FAIL: gcc.dg/assign-warn-2.c (test for errors, line 79)
FAIL: gcc.dg/assign-warn-2.c (test for errors, line 80)
FAIL: gcc.dg/assign-warn-2.c (test for errors, line 82)
FAIL: gcc.dg/assign-warn-2.c (test for errors, line 83)
FAIL: gcc.dg/assign-warn-2.c (test for errors, line 84)
FAIL: gcc.dg/assign-warn-2.c (test for errors, line 85)
FAIL: gcc.dg/assign-warn-2.c (test for errors, line 86)
FAIL: gcc.dg/assign-warn-2.c (test for excess errors)
FAIL: gcc.dg/conv-2.c (test for warnings, line 20)
FAIL: gcc.dg/conv-2.c (test for warnings, line 21)
FAIL: gcc.dg/conv-2.c (test for warnings, line 23)
FAIL: gcc.dg/conv-2.c (test for warnings, line 25)
FAIL: gcc.dg/conv-2.c (test for excess errors)
FAIL: gcc.dg/memcpy-1.c scan-tree-dump-times nasty_local 0
FAIL: gcc.dg/pr28726.c (test for excess errors)
XPASS: gcc.dg/tree-ssa/update-threading.c scan-tree-dump-times Invalid sum 0
FAIL: gcc.dg/vect/vect-intfloat-conversion-4a.c scan-tree-dump-times vectorized 1 loops 1
FAIL: gcc.dg/vect/vect-intfloat-conversion-4b.c scan-tree-dump-times vectorized 1 loops 1
XPASS: gcc.dg/vect/vect-iv-4.c scan-tree-dump-times vectorized 1 loops 1
=== gcc Summary for unix/-m32 ===
# of expected passes 46932
# of unexpected failures 54
# of unexpected successes 2
# of expected failures 137
# of unresolved testcases 2
# of untested testcases 28
# of unsupported tests 410
Running target unix/-m64
WARNING: program timed out.
FAIL: gcc.c-torture/compile/limits-fndefn.c -O1 (test for excess errors)
WARNING: program timed out.
FAIL: gcc.c-torture/compile/limits-fndefn.c -O2 (test for excess errors)
WARNING: program timed out.
FAIL: gcc.c-torture/compile/limits-fndefn.c -O3 -fomit-frame-pointer (test for excess errors)
WARNING: program timed out.
FAIL: gcc.c-torture/compile/limits-fndefn.c -O3 -g (test for excess errors)
WARNING: program timed out.
FAIL: gcc.c-torture/compile/limits-fndefn.c -Os (test for excess errors)
FAIL: gcc.c-torture/execute/mayalias-2.c compilation, -O3 -g (internal compiler error)
UNRESOLVED: gcc.c-torture/execute/mayalias-2.c execution, -O3 -g
FAIL: gcc.c-torture/execute/mayalias-3.c compilation, -O3 -g (internal compiler error)
UNRESOLVED: gcc.c-torture/execute/mayalias-3.c execution, -O3 -g
FAIL: gcc.dg/Wno-pointer-sign.c (test for excess errors)
FAIL: gcc.dg/assign-warn-1.c (test for warnings, line 63)
FAIL: gcc.dg/assign-warn-1.c (test for warnings, line 64)
FAIL: gcc.dg/assign-warn-1.c (test for warnings, line 65)
FAIL: gcc.dg/assign-warn-1.c (test for warnings, line 66)
FAIL: gcc.dg/assign-warn-1.c (test for warnings, line 67)
FAIL: gcc.dg/assign-warn-1.c (test for warnings, line 69)
FAIL: gcc.dg/assign-warn-1.c (test for warnings, line 70)
FAIL: gcc.dg/assign-warn-1.c (test for warnings, line 71)
FAIL: gcc.dg/assign-warn-1.c (test for warnings, line 72)
FAIL: gcc.dg/assign-warn-1.c (test for warnings, line 73)
FAIL: gcc.dg/assign-warn-1.c (test for warnings, line 75)
FAIL: gcc.dg/assign-warn-1.c (test for warnings, line 76)
FAIL: gcc.dg/assign-warn-1.c (test for warnings, line 77)
FAIL: gcc.dg/assign-warn-1.c (test for warnings, line 78)
FAIL: gcc.dg/assign-warn-1.c (test for warnings, line 79)
FAIL: gcc.dg/assign-warn-1.c (test for warnings, line 81)
FAIL: gcc.dg/assign-warn-1.c (test for warnings, line 82)
FAIL: gcc.dg/assign-warn-1.c (test for warnings, line 83)
FAIL: gcc.dg/assign-warn-1.c (test for warnings, line 84)
FAIL: gcc.dg/assign-warn-1.c (test for warnings, line 85)
FAIL: gcc.dg/assign-warn-1.c (test for excess errors)
FAIL: gcc.dg/assign-warn-2.c (test for errors, line 64)
FAIL: gcc.dg/assign-warn-2.c (test for errors, line 65)
FAIL: gcc.dg/assign-warn-2.c (test for errors, line 66)
FAIL: gcc.dg/assign-warn-2.c (test for errors, line 67)
FAIL: gcc.dg/assign-warn-2.c (test for errors, line 68)
FAIL: gcc.dg/assign-warn-2.c (test for errors, line 70)
FAIL: gcc.dg/assign-warn-2.c (test for errors, line 71)
FAIL: gcc.dg/assign-warn-2.c (test for errors, line 72)
FAIL: gcc.dg/assign-warn-2.c (test for errors, line 73)
FAIL: gcc.dg/assign-warn-2.c (test for errors, line 74)
FAIL: gcc.dg/assign-warn-2.c (test for errors, line 76)
FAIL: gcc.dg/assign-warn-2.c (test for errors, line 77)
FAIL: gcc.dg/assign-warn-2.c (test for errors, line 78)
FAIL: gcc.dg/assign-warn-2.c (test for errors, line 79)
FAIL: gcc.dg/assign-warn-2.c (test for errors, line 80)
FAIL: gcc.dg/assign-warn-2.c (test for errors, line 82)
FAIL: gcc.dg/assign-warn-2.c (test for errors, line 83)
FAIL: gcc.dg/assign-warn-2.c (test for errors, line 84)
FAIL: gcc.dg/assign-warn-2.c (test for errors, line 85)
FAIL: gcc.dg/assign-warn-2.c (test for errors, line 86)
FAIL: gcc.dg/assign-warn-2.c (test for excess errors)
FAIL: gcc.dg/conv-2.c (test for warnings, line 20)
FAIL: gcc.dg/conv-2.c (test for warnings, line 21)
FAIL: gcc.dg/conv-2.c (test for warnings, line 23)
FAIL: gcc.dg/conv-2.c (test for warnings, line 25)
FAIL: gcc.dg/conv-2.c (test for excess errors)
FAIL: gcc.dg/pr28726.c (test for excess errors)
XPASS: gcc.dg/tree-ssa/sra-2.c scan-tree-dump-times link_error 0
XPASS: gcc.dg/tree-ssa/update-threading.c scan-tree-dump-times Invalid sum 0
FAIL: gcc.dg/vect/vect-64.c (internal compiler error)
FAIL: gcc.dg/vect/vect-64.c (test for excess errors)
WARNING: gcc.dg/vect/vect-64.c compilation failed to produce executable
FAIL: gcc.dg/vect/vect-68.c (internal compiler error)
FAIL: gcc.dg/vect/vect-68.c (test for excess errors)
WARNING: gcc.dg/vect/vect-68.c compilation failed to produce executable
FAIL: gcc.dg/vect/vect-70.c (internal compiler error)
FAIL: gcc.dg/vect/vect-70.c (test for excess errors)
WARNING: gcc.dg/vect/vect-70.c compilation failed to produce executable
FAIL: gcc.dg/vect/vect-intfloat-conversion-4a.c scan-tree-dump-times vectorized 1 loops 1
FAIL: gcc.dg/vect/vect-intfloat-conversion-4b.c scan-tree-dump-times vectorized 1 loops 1
XPASS: gcc.dg/vect/vect-iv-4.c scan-tree-dump-times vectorized 1 loops 1
FAIL: gcc.dg/vmx/varargs-4.c -O3 -fomit-frame-pointer execution test
FAIL: gcc.dg/vmx/varargs-4.c -O3 -fomit-frame-pointer -funroll-loops execution test
FAIL: gcc.dg/vmx/varargs-4.c -O3 -fomit-frame-pointer -funroll-all-loops -finline-functions execution test
FAIL: gcc.dg/vmx/varargs-4.c -O3 -g execution test
FAIL: gcc.dg/vmx/varargs-4.c -Os execution test
FAIL: gcc.target/powerpc/ppc-negeq0-1.c scan-assembler-not cntlzw
FAIL: gcc.target/powerpc/ppc64-abi-2.c execution test
=== gcc Summary for unix/-m64 ===
# of expected passes 46755
# of unexpected failures 71
# of unexpected successes 3
# of expected failures 137
# of unresolved testcases 2
# of untested testcases 28
# of unsupported tests 480
=== gcc Summary ===
# of expected passes 93687
# of unexpected failures 125
# of unexpected successes 5
# of expected failures 274
# of unresolved testcases 4
# of untested testcases 56
# of unsupported tests 890
/extra_space/gccbuild/build/nightly/build-gcc-trunk/gcc/xgcc version 4.3.0 20070523 (experimental)
=== gfortran tests ===
Running target unix/-m32
FAIL: gfortran.dg/csqrt_2.f -O0 execution test
FAIL: gfortran.dg/csqrt_2.f -O1 execution test
FAIL: gfortran.dg/csqrt_2.f -O2 execution test
FAIL: gfortran.dg/csqrt_2.f -O3 -fomit-frame-pointer execution test
FAIL: gfortran.dg/csqrt_2.f -O3 -fomit-frame-pointer -funroll-loops execution test
FAIL: gfortran.dg/csqrt_2.f -O3 -fomit-frame-pointer -funroll-all-loops -finline-functions execution test
FAIL: gfortran.dg/csqrt_2.f -O3 -g execution test
FAIL: gfortran.dg/csqrt_2.f -Os execution test
FAIL: gfortran.fortran-torture/execute/st_function.f90, -O1 (internal compiler error)
FAIL: gfortran.fortran-torture/execute/st_function.f90, -O2 (internal compiler error)
FAIL: gfortran.fortran-torture/execute/st_function.f90, -O3 -fomit-frame-pointer (internal compiler error)
FAIL: gfortran.fortran-torture/execute/st_function.f90, -O3 -fomit-frame-pointer -funroll-loops (internal compiler error)
FAIL: gfortran.fortran-torture/execute/st_function.f90, -O3 -fomit-frame-pointer -funroll-all-loops -finline-functions (internal compiler error)
FAIL: gfortran.fortran-torture/execute/st_function.f90, -O3 -g (internal compiler error)
FAIL: gfortran.fortran-torture/execute/st_function.f90, -Os (internal compiler error)
=== gfortran Summary for unix/-m32 ===
# of expected passes 17949
# of unexpected failures 15
# of expected failures 8
# of unsupported tests 92
Running target unix/-m64
FAIL: gfortran.dg/csqrt_2.f -O0 execution test
FAIL: gfortran.dg/csqrt_2.f -O1 execution test
FAIL: gfortran.dg/csqrt_2.f -O2 execution test
FAIL: gfortran.dg/csqrt_2.f -O3 -fomit-frame-pointer execution test
FAIL: gfortran.dg/csqrt_2.f -O3 -fomit-frame-pointer -funroll-loops execution test
FAIL: gfortran.dg/csqrt_2.f -O3 -fomit-frame-pointer -funroll-all-loops -finline-functions execution test
FAIL: gfortran.dg/csqrt_2.f -O3 -g execution test
FAIL: gfortran.dg/csqrt_2.f -Os execution test
FAIL: gfortran.dg/interface_12.f90 -O2 execution test
FAIL: gfortran.dg/interface_12.f90 -O3 -fomit-frame-pointer execution test
FAIL: gfortran.dg/interface_12.f90 -O3 -fomit-frame-pointer -funroll-loops execution test
FAIL: gfortran.dg/interface_12.f90 -O3 -fomit-frame-pointer -funroll-all-loops -finline-functions execution test
FAIL: gfortran.dg/interface_12.f90 -O3 -g execution test
FAIL: gfortran.dg/result_in_spec_1.f90 -O2 execution test
FAIL: gfortran.dg/result_in_spec_1.f90 -O3 -fomit-frame-pointer execution test
FAIL: gfortran.dg/result_in_spec_1.f90 -O3 -fomit-frame-pointer -funroll-loops execution test
FAIL: gfortran.dg/result_in_spec_1.f90 -O3 -fomit-frame-pointer -funroll-all-loops -finline-functions execution test
FAIL: gfortran.dg/result_in_spec_1.f90 -O3 -g execution test
FAIL: gfortran.fortran-torture/execute/st_function.f90, -O1 (internal compiler error)
FAIL: gfortran.fortran-torture/execute/st_function.f90, -O2 (internal compiler error)
FAIL: gfortran.fortran-torture/execute/st_function.f90, -O3 -fomit-frame-pointer (internal compiler error)
FAIL: gfortran.fortran-torture/execute/st_function.f90, -O3 -fomit-frame-pointer -funroll-loops (internal compiler error)
FAIL: gfortran.fortran-torture/execute/st_function.f90, -O3 -fomit-frame-pointer -funroll-all-loops -finline-functions (internal compiler error)
FAIL: gfortran.fortran-torture/execute/st_function.f90, -O3 -g (internal compiler error)
FAIL: gfortran.fortran-torture/execute/st_function.f90, -Os (internal compiler error)
=== gfortran Summary for unix/-m64 ===
# of expected passes 17971
# of unexpected failures 25
# of expected failures 8
# of unsupported tests 76
=== gfortran Summary ===
# of expected passes 35920
# of unexpected failures 40
# of expected failures 16
# of unsupported tests 168
/extra_space/gccbuild/build/nightly/build-gcc-trunk/gcc/testsuite/gfortran/../../gfortran version 4.3.0 20070523 (experimental)
=== libgomp tests ===
Running target unix/-m32
=== libgomp Summary for unix/-m32 ===
# of expected passes 1566
Running target unix/-m64
=== libgomp Summary for unix/-m64 ===
# of expected passes 1566
=== libgomp Summary ===
# of expected passes 3132
=== libmudflap tests ===
Running target unix/-m32
FAIL: libmudflap.c++/pass41-frag.cxx execution test
FAIL: libmudflap.c++/pass41-frag.cxx (-static) execution test
FAIL: libmudflap.c++/pass41-frag.cxx ( -O) execution test
FAIL: libmudflap.c++/pass41-frag.cxx (-O2) execution test
FAIL: libmudflap.c++/pass41-frag.cxx (-O3) execution test
WARNING: program timed out.
FAIL: libmudflap.cth/pass37-frag.c (rerun 18) execution test
WARNING: program timed out.
FAIL: libmudflap.cth/pass39-frag.c (rerun 12) execution test
WARNING: program timed out.
FAIL: libmudflap.cth/pass37-frag.c (-O2) (rerun 3) execution test
FAIL: libmudflap.cth/pass37-frag.c (-O2) (rerun 3) output pattern test
WARNING: program timed out.
FAIL: libmudflap.cth/pass39-frag.c (-O3) (rerun 5) execution test
FAIL: libmudflap.cth/pass39-frag.c (-O3) (rerun 5) output pattern test
=== libmudflap Summary for unix/-m32 ===
# of expected passes 1815
# of unexpected failures 11
Running target unix/-m64
FAIL: libmudflap.c/fail27-frag.c output pattern test
FAIL: libmudflap.c/fail27-frag.c (-O2) output pattern test
FAIL: libmudflap.c/fail27-frag.c (-O3) output pattern test
FAIL: libmudflap.c++/pass41-frag.cxx execution test
FAIL: libmudflap.c++/pass41-frag.cxx (-static) execution test
FAIL: libmudflap.c++/pass41-frag.cxx ( -O) execution test
FAIL: libmudflap.c++/pass41-frag.cxx (-O2) execution test
FAIL: libmudflap.c++/pass41-frag.cxx (-O3) execution test
WARNING: program timed out.
FAIL: libmudflap.cth/pass37-frag.c (rerun 2) execution test
FAIL: libmudflap.cth/pass37-frag.c (rerun 2) output pattern test
WARNING: program timed out.
FAIL: libmudflap.cth/pass37-frag.c (rerun 3) execution test
FAIL: libmudflap.cth/pass37-frag.c (rerun 3) output pattern test
WARNING: program timed out.
FAIL: libmudflap.cth/pass37-frag.c (rerun 5) execution test
FAIL: libmudflap.cth/pass37-frag.c (rerun 5) output pattern test
WARNING: program timed out.
FAIL: libmudflap.cth/pass37-frag.c (rerun 7) execution test
FAIL: libmudflap.cth/pass37-frag.c (rerun 7) output pattern test
WARNING: program timed out.
FAIL: libmudflap.cth/pass37-frag.c (rerun 9) execution test
FAIL: libmudflap.cth/pass37-frag.c (rerun 9) output pattern test
WARNING: program timed out.
FAIL: libmudflap.cth/pass37-frag.c (rerun 12) execution test
FAIL: libmudflap.cth/pass37-frag.c (rerun 12) output pattern test
WARNING: program timed out.
FAIL: libmudflap.cth/pass37-frag.c (rerun 13) execution test
FAIL: libmudflap.cth/pass37-frag.c (rerun 13) output pattern test
WARNING: program timed out.
FAIL: libmudflap.cth/pass37-frag.c (rerun 15) execution test
FAIL: libmudflap.cth/pass37-frag.c (rerun 15) output pattern test
WARNING: program timed out.
FAIL: libmudflap.cth/pass37-frag.c (rerun 18) execution test
FAIL: libmudflap.cth/pass37-frag.c (rerun 18) output pattern test
WARNING: program timed out.
FAIL: libmudflap.cth/pass39-frag.c (rerun 4) execution test
FAIL: libmudflap.cth/pass39-frag.c (rerun 4) output pattern test
WARNING: program timed out.
FAIL: libmudflap.cth/pass39-frag.c (rerun 5) execution test
FAIL: libmudflap.cth/pass39-frag.c (rerun 5) output pattern test
WARNING: program timed out.
FAIL: libmudflap.cth/pass39-frag.c (rerun 7) execution test
FAIL: libmudflap.cth/pass39-frag.c (rerun 7) output pattern test
WARNING: program timed out.
FAIL: libmudflap.cth/pass39-frag.c (rerun 12) execution test
FAIL: libmudflap.cth/pass39-frag.c (rerun 12) output pattern test
WARNING: program timed out.
FAIL: libmudflap.cth/pass39-frag.c (rerun 13) execution test
FAIL: libmudflap.cth/pass39-frag.c (rerun 13) output pattern test
WARNING: program timed out.
FAIL: libmudflap.cth/pass39-frag.c (rerun 14) execution test
FAIL: libmudflap.cth/pass39-frag.c (rerun 14) output pattern test
WARNING: program timed out.
FAIL: libmudflap.cth/pass39-frag.c (rerun 16) execution test
FAIL: libmudflap.cth/pass39-frag.c (rerun 16) output pattern test
WARNING: program timed out.
FAIL: libmudflap.cth/pass39-frag.c (-O2) (rerun 18) execution test
FAIL: libmudflap.cth/pass39-frag.c (-O2) (rerun 18) output pattern test
WARNING: program timed out.
FAIL: libmudflap.cth/pass39-frag.c (-O3) (rerun 1) execution test
FAIL: libmudflap.cth/pass39-frag.c (-O3) (rerun 1) output pattern test
=== libmudflap Summary for unix/-m64 ===
# of expected passes 1782
# of unexpected failures 44
=== libmudflap Summary ===
# of expected passes 3597
# of unexpected failures 55
=== libstdc++ tests ===
Running target unix/-m32
FAIL: abi_check
XPASS: 26_numerics/headers/cmath/c99_classification_macros_c.cc (test for excess errors)
=== libstdc++ Summary for unix/-m32 ===
# of expected passes 5014
# of unexpected failures 1
# of unexpected successes 1
# of expected failures 46
Running target unix/-m64
FAIL: abi_check
XPASS: 26_numerics/headers/cmath/c99_classification_macros_c.cc (test for excess errors)
XPASS: 27_io/fpos/14320-1.cc execution test
=== libstdc++ Summary for unix/-m64 ===
# of expected passes 5014
# of unexpected failures 1
# of unexpected successes 2
# of expected failures 45
=== libstdc++ Summary ===
# of expected passes 10028
# of unexpected failures 2
# of unexpected successes 3
# of expected failures 91
Compiler version: 4.3.0 20070523 (experimental)
Platform: powerpc64-unknown-linux-gnu
configure flags: --prefix=/opt/gcc-nightly/trunk-20070523 --build=powerpc64-linux --host=powerpc64-linux --target=powerpc64-linux --with-cpu=default32 --with-as=/opt/gcc-nightly/binutils-2.17/bin/as --with-ld=/opt/gcc-nightly/binutils-2.17/bin/ld --enable-threads=posix --enable-shared --enable-__cxa_atexit --enable-languages=c,c++,fortran --enable-checking --disable-alsa --with-gmp=/opt/gcc-nightly/gmp-mpfr --with-mpfr=/opt/gcc-nightly/gmp-mpfr --enable-decimal-float
=== Test Framework Summary ===
# of expected passes 2503