This is the mail archive of the
gcc-testresults@gcc.gnu.org
mailing list for the GCC project.
Results for 4.2.0 testsuite on i686-apple-darwin8
- From: David Fang <fang at csl dot cornell dot edu>
- To: gcc-testresults at gcc dot gnu dot org
- Date: Sun, 20 May 2007 18:03:12 -0400 (EDT)
- Subject: Results for 4.2.0 testsuite on i686-apple-darwin8
Tested using 'final' draft of fink packaging gcc42.info and gcc42.patch
by Jack Howarth, under fink-Package Submission 1649433 on sourceforge.net.
The patch includes backports of several mainline (4.3) patches, named in
the tracker item thread.
These results obtained with 4.0.1-5367 (XCode 2.4.1).
This time, used a cleaner environment:
as given by "fink dumpinfo -f env":
CCACHE_DIR=/sw/var/ccache
FLTK_DOCDIR=/sw/share/doc/fltk-x11/html
GDK_USE_XFT=1
HOME=/tmp/fink-build-HOME.YFTkmhBcKM
INFOPATH=/sw/share/info:/sw/info:/usr/share/info
KDEDIR=/sw
MACOSX_DEPLOYMENT_TARGET=10.4
MAKEFLAGS=-j2
MANPATH=/sw/share/man:/usr/share/man:/usr/X11R6/man:/sw/lib/perl5/5.8.6/man
PATH=/sw/var/lib/fink/path-prefix-g++-4.0:/sw/bin:/sw/sbin:/bin:/usr/bin:/sbin:/usr/sbin:/usr/X11R6/bin
PERL5LIB=/sw/lib/perl5:/sw/lib/perl5/darwin
PWD=/sw/src/fink.build/gcc42-4.2.0-1000/darwin_objdir
QTDIR=/sw/lib/qt3
SGML_CATALOG_FILES=/sw/etc/sgml/catalog
SHLVL=2
TERM=xterm-color
XAPPLRESDIR=/sw/etc/app-defaults/
XDG_CACHE_HOME=/tmp/fink-build-HOME.YFTkmhBcKM/.cache
XDG_CONFIG_DIRS=/sw/etc/xdg
XDG_CONFIG_HOME=/tmp/fink-build-HOME.YFTkmhBcKM/.config
XDG_DATA_DIRS=/sw/share
XDG_DATA_HOME=/tmp/fink-build-HOME.YFTkmhBcKM/.local/share
XML_CATALOG_FILES=/sw/etc/xml/catalog
ac_cv_path_INTLTOOL_PERL=/usr/bin/perl
Remark: far more libjava tests ran and succeeded this time.
LAST_UPDATED: Obtained from SVN: tags/gcc_4_2_0_release revision 124707
Native configuration is i686-apple-darwin8
=== g++ tests ===
Running target unix
FAIL: tmpdir-g++.dg-struct-layout-1/t026 cp_compat_x_tst.o-cp_compat_y_tst.o execute
FAIL: g++.dg/other/unused1.C scan-assembler (string|ascii?)z?\\t"class2("|\\\\\\\\000)
FAIL: g++.dg/other/unused1.C scan-assembler (string|ascii?)z?\\t"printer("|\\\\\\\\000)
XPASS: g++.dg/tree-ssa/ivopts-1.C scan-tree-dump-not offset: -4B
XPASS: g++.dg/tree-ssa/ivopts-1.C scan-tree-dump-not &x\\[5\\]
FAIL: g++.dg/warn/weak1.C (test for excess errors)
WARNING: g++.dg/warn/weak1.C compilation failed to produce executable
FAIL: g++.dg/special/conpr-3.C execution test
=== g++ Summary ===
# of expected passes 13302
# of unexpected failures 5
# of unexpected successes 2
# of expected failures 66
# of unsupported tests 110
/sw/src/fink.build/gcc42-4.2.0-1000/darwin_objdir/gcc/testsuite/g++/../../g++ version 4.2.0
=== gcc tests ===
Running target unix
XPASS: gcc.c-torture/execute/mayalias-2.c compilation, -O3 -g
FAIL: gcc.dg/setjmp-3.c (test for excess errors)
FAIL: gcc.dg/setjmp-4.c (test for excess errors)
FAIL: gcc.dg/sibcall-6.c execution test
FAIL: gcc.dg/tree-ssa/gen-vect-11b.c scan-tree-dump-times vectorized 0 loops 1
FAIL: gcc.dg/tree-ssa/gen-vect-11c.c scan-tree-dump-times vectorized 0 loops 1
FAIL: gcc.dg/tree-ssa/loop-19.c scan-tree-dump-times MEM.(base: &|symbol: )a, 2
FAIL: gcc.dg/tree-ssa/loop-19.c scan-tree-dump-times MEM.(base: &|symbol: )c, 2
FAIL: gcc.dg/tree-ssa/loop-3.c scan-tree-dump-times step: 1
FAIL: gcc.target/i386/980211-1.c (test for excess errors)
XPASS: gcc.target/i386/builtin-apply-mmx.c execution test
FAIL: gcc.target/i386/local2.c scan-assembler-not sub[^\\\\n]*sp
FAIL: gcc.target/i386/pr21291.c (test for excess errors)
FAIL: gcc.target/i386/pr27827.c scan-assembler fmul[ \\t]*%st
FAIL: gcc.target/i386/ssefn-1.c scan-assembler-not movsd
FAIL: gcc.target/i386/ssefn-1.c scan-assembler-not mulsd
=== gcc Summary ===
# of expected passes 41766
# of unexpected failures 14
# of unexpected successes 2
# of expected failures 113
# of untested testcases 28
# of unsupported tests 393
/sw/src/fink.build/gcc42-4.2.0-1000/darwin_objdir/gcc/xgcc version 4.2.0
=== gfortran tests ===
Running target unix
FAIL: gfortran.dg/stat_1.f90 -O0 execution test
FAIL: gfortran.dg/stat_1.f90 -O1 execution test
FAIL: gfortran.dg/stat_1.f90 -O2 execution test
FAIL: gfortran.dg/stat_1.f90 -O3 -fomit-frame-pointer execution test
FAIL: gfortran.dg/stat_1.f90 -O3 -fomit-frame-pointer -funroll-loops execution test
FAIL: gfortran.dg/stat_1.f90 -O3 -fomit-frame-pointer -funroll-all-loops -finline-functions execution test
FAIL: gfortran.dg/stat_1.f90 -O3 -g execution test
FAIL: gfortran.dg/stat_1.f90 -Os execution test
FAIL: gfortran.dg/stat_2.f90 -O0 execution test
FAIL: gfortran.dg/stat_2.f90 -O1 execution test
FAIL: gfortran.dg/stat_2.f90 -O2 execution test
FAIL: gfortran.dg/stat_2.f90 -O3 -fomit-frame-pointer execution test
FAIL: gfortran.dg/stat_2.f90 -O3 -fomit-frame-pointer -funroll-loops execution test
FAIL: gfortran.dg/stat_2.f90 -O3 -fomit-frame-pointer -funroll-all-loops -finline-functions execution test
FAIL: gfortran.dg/stat_2.f90 -O3 -g execution test
FAIL: gfortran.dg/stat_2.f90 -Os execution test
=== gfortran Summary ===
# of expected passes 15942
# of unexpected failures 16
# of expected failures 7
# of unsupported tests 38
/sw/src/fink.build/gcc42-4.2.0-1000/darwin_objdir/gcc/testsuite/gfortran/../../gfortran version 4.2.0
=== objc tests ===
Running target unix
FAIL: objc.dg/stret-2.m scan-assembler objc_msgSend_stret
FAIL: objc.dg/stret-2.m scan-assembler-not objc_msgSend[^_S]
FAIL: objc.dg/stret-2.m scan-assembler-not objc_msgSendSuper[^_]
FAIL: objc.dg/stubify-1.m (test for excess errors)
ERROR: objc.dg/stubify-1.m: error executing dg-final: couldn't open "stubify-1.s": no such file or directory
UNRESOLVED: objc.dg/stubify-1.m: error executing dg-final: couldn't open "stubify-1.s": no such file or directory
FAIL: objc.dg/stubify-2.m (test for excess errors)
ERROR: objc.dg/stubify-2.m: error executing dg-final: no files matched glob pattern "stubify-2.m.[0-9][0-9][0-9]r.jump"
UNRESOLVED: objc.dg/stubify-2.m: error executing dg-final: no files matched glob pattern "stubify-2.m.[0-9][0-9][0-9]r.jump"
FAIL: objc.dg/symtab-1.m scan-assembler L_OBJC_SYMBOLS.*:\\n\\t.long\\t0\\n\\t.long\\t0\\n\\t.short\\t2\\n\\t.short\\t0\\n\\t.long\\tL_OBJC_CLASS_Derived.*\\n\\t.long\\tL_OBJC_CLASS_Base.*\\n
=== objc Summary ===
# of expected passes 3036
# of unexpected failures 6
# of expected failures 7
# of unresolved testcases 2
# of unsupported tests 2
/sw/src/fink.build/gcc42-4.2.0-1000/darwin_objdir/gcc/xgcc version 4.2.0
=== libffi tests ===
Running target unix
=== libffi Summary ===
# of expected passes 1084
# of unsupported tests 8
=== libgomp tests ===
Running target unix
=== libgomp Summary ===
# of expected passes 1346
# of unsupported tests 111
=== libjava tests ===
Running target unix
FAIL: StackTrace2 output - gij test
FAIL: StackTrace2 output - gij test
FAIL: StackTrace2 output - gij test
FAIL: StackTrace2 output - gij test
FAIL: SyncTest execution - gij test
FAIL: SyncTest execution - gij test
FAIL: SyncTest execution - gij test
FAIL: Thread_Join execution - gij test
FAIL: Throw_2 execution - source compiled test
FAIL: Throw_2 execution - gij test
FAIL: Throw_2 execution - bytecode->native test
FAIL: Throw_2 execution - gij test
FAIL: Throw_2 -findirect-dispatch execution - bytecode->native test
FAIL: Throw_2 -O3 execution - source compiled test
FAIL: Throw_2 execution - gij test
FAIL: Throw_2 -O3 execution - bytecode->native test
FAIL: Throw_2 execution - gij test
FAIL: Throw_2 -O3 -findirect-dispatch execution - bytecode->native test
FAIL: initexc execution - gij test
FAIL: initexc execution - gij test
FAIL: initexc execution - gij test
FAIL: initexc execution - gij test
FAIL: stacktrace output - gij test
FAIL: stacktrace output - gij test
FAIL: stacktrace output - gij test
FAIL: stacktrace output - gij test
=== libjava Summary ===
# of expected passes 6962
# of unexpected failures 26
# of expected failures 12
# of untested testcases 26
=== libstdc++ tests ===
Running target unix
XPASS: 21_strings/basic_string/element_access/char/21674.cc execution test
XPASS: 21_strings/basic_string/element_access/wchar_t/21674.cc execution test
XPASS: 26_numerics/cmath/c99_classification_macros_c.cc (test for excess errors)
FAIL: 26_numerics/complex/13450.cc execution test
FAIL: 26_numerics/complex/complex_value.cc execution test
FAIL: 27_io/ios_base/storage/11584.cc execution test
FAIL: ext/mt_allocator/deallocate_local_thread-5.cc execution test
FAIL: ext/mt_allocator/deallocate_local_thread-7.cc execution test
FAIL: ext/pb_ds/example/priority_queue_dijkstra.cc execution test
=== libstdc++ Summary ===
# of expected passes 3831
# of unexpected failures 6
# of unexpected successes 3
# of expected failures 13
# of unsupported tests 318
Compiler version: 4.2.0
Platform: i686-apple-darwin8
configure flags: --prefix=/sw --prefix=/sw/lib/gcc4.2 --mandir=/sw/share/man --infodir=/sw/share/info --with-arch=nocona --with-tune=generic --host=i686-apple-darwin8 --with-gmp=/sw --with-libiconv-prefix=/sw --with-system-zlib --x-includes=/usr/X11R6/include --x-libraries=/usr/X11R6/lib --enable-languages=c,c++,fortran,java,objc