This is the mail archive of the
gcc-testresults@gcc.gnu.org
mailing list for the GCC project.
Results for 4.2.0 testsuite on i686-pc-linux-gnu
- From: oliver at ltoliver dot msheimnetz (Oliver Roese)
- To: gcc-testresults at gcc dot gnu dot org
- Date: Fri, 18 May 2007 18:06:18 +0200 (CEST)
- Subject: Results for 4.2.0 testsuite on i686-pc-linux-gnu
LAST_UPDATED:
Native configuration is i686-pc-linux-gnu
=== gcc tests ===
Running target unix
UNRESOLVED: gcc.c-torture/execute/mayalias-2.c execution, -O3 -g
FAIL: gcc.dg/cpp/_Pragma3.c (test for excess errors)
=== gcc Summary ===
# of expected passes 42049
# of unexpected failures 1
# of expected failures 116
# of unresolved testcases 1
# of untested testcases 28
# of unsupported tests 292
/usr/local/opt/gcc/obj/gcc/xgcc version 4.2.0
=== g++ tests ===
Running target unix
XPASS: g++.dg/tree-ssa/ivopts-1.C scan-tree-dump-not offset: -4B
XPASS: g++.dg/tree-ssa/ivopts-1.C scan-tree-dump-not &x\\[5\\]
=== g++ Summary ===
# of expected passes 13438
# of unexpected successes 2
# of expected failures 66
# of unsupported tests 74
/usr/local/opt/gcc/obj/gcc/testsuite/g++/../../g++ version 4.2.0
=== libgomp tests ===
Running target unix
=== libgomp Summary ===
# of expected passes 488
=== libmudflap tests ===
Running target unix
FAIL: libmudflap.c/pass35-frag.c cannot track unknown size extern (test for warnings, line )
FAIL: libmudflap.c/pass35-frag.c (test for excess errors)
FAIL: libmudflap.c/pass35-frag.c cannot track unknown size extern (test for warnings, line )
FAIL: libmudflap.c/pass35-frag.c (test for excess errors)
FAIL: libmudflap.c/pass35-frag.c (-static) cannot track unknown size extern (test for warnings, line )
FAIL: libmudflap.c/pass35-frag.c (-static) (test for excess errors)
FAIL: libmudflap.c/pass35-frag.c (-static) cannot track unknown size extern (test for warnings, line )
FAIL: libmudflap.c/pass35-frag.c (-static) (test for excess errors)
FAIL: libmudflap.c/pass35-frag.c (-O2) cannot track unknown size extern (test for warnings, line )
FAIL: libmudflap.c/pass35-frag.c (-O2) (test for excess errors)
FAIL: libmudflap.c/pass35-frag.c (-O2) cannot track unknown size extern (test for warnings, line )
FAIL: libmudflap.c/pass35-frag.c (-O2) (test for excess errors)
FAIL: libmudflap.c/pass35-frag.c (-O3) cannot track unknown size extern (test for warnings, line )
FAIL: libmudflap.c/pass35-frag.c (-O3) (test for excess errors)
FAIL: libmudflap.c/pass35-frag.c (-O3) cannot track unknown size extern (test for warnings, line )
FAIL: libmudflap.c/pass35-frag.c (-O3) (test for excess errors)
FAIL: externs-1 compilation
FAIL: externs-1 compilation -static
FAIL: externs-1 compilation -O2
FAIL: externs-1 compilation -O3
FAIL: libmudflap.c++/error1-frag.cxx (test for errors, line 5)
FAIL: libmudflap.c++/error1-frag.cxx (test for excess errors)
FAIL: libmudflap.c++/error2-frag.cxx (test for errors, line 6)
FAIL: libmudflap.c++/error2-frag.cxx (test for errors, line 8)
FAIL: libmudflap.c++/error2-frag.cxx (test for excess errors)
FAIL: libmudflap.c++/error1-frag.cxx (-static) (test for errors, line 5)
FAIL: libmudflap.c++/error1-frag.cxx (-static) (test for excess errors)
FAIL: libmudflap.c++/error2-frag.cxx (-static) (test for errors, line 6)
FAIL: libmudflap.c++/error2-frag.cxx (-static) (test for errors, line 8)
FAIL: libmudflap.c++/error2-frag.cxx (-static) (test for excess errors)
FAIL: libmudflap.c++/error1-frag.cxx ( -O) (test for errors, line 5)
FAIL: libmudflap.c++/error1-frag.cxx ( -O) (test for excess errors)
FAIL: libmudflap.c++/error2-frag.cxx ( -O) (test for errors, line 6)
FAIL: libmudflap.c++/error2-frag.cxx ( -O) (test for errors, line 8)
FAIL: libmudflap.c++/error2-frag.cxx ( -O) (test for excess errors)
FAIL: libmudflap.c++/error1-frag.cxx (-O2) (test for errors, line 5)
FAIL: libmudflap.c++/error1-frag.cxx (-O2) (test for excess errors)
FAIL: libmudflap.c++/error2-frag.cxx (-O2) (test for errors, line 6)
FAIL: libmudflap.c++/error2-frag.cxx (-O2) (test for errors, line 8)
FAIL: libmudflap.c++/error2-frag.cxx (-O2) (test for excess errors)
FAIL: libmudflap.c++/error1-frag.cxx (-O3) (test for errors, line 5)
FAIL: libmudflap.c++/error1-frag.cxx (-O3) (test for excess errors)
FAIL: libmudflap.c++/error2-frag.cxx (-O3) (test for errors, line 6)
FAIL: libmudflap.c++/error2-frag.cxx (-O3) (test for errors, line 8)
FAIL: libmudflap.c++/error2-frag.cxx (-O3) (test for excess errors)
FAIL: ctors-1 compilation
FAIL: ctors-1 compilation -static
FAIL: ctors-1 compilation -O2
FAIL: ctors-1 compilation -O3
=== libmudflap Summary ===
# of expected passes 1765
# of unexpected failures 49
=== libstdc++ tests ===
Running target unix
XPASS: 26_numerics/cmath/c99_classification_macros_c.cc (test for excess errors)
=== libstdc++ Summary ===
# of expected passes 3842
# of unexpected successes 1
# of expected failures 15
# of unsupported tests 316
Compiler version: 4.2.0
Platform: i686-pc-linux-gnu
configure flags: --prefix=/usr/local/opt/gcc/inst --with-mpfr=/usr/local/opt/gcc/inst --program-suffix=4.2 --with-cpu=athlon-xp --enable-languages=c,c++