This is the mail archive of the
gcc-testresults@gcc.gnu.org
mailing list for the GCC project.
Results for 4.2.0 testsuite on i686-apple-darwin8
- From: Jack Howarth <howarth at bromo dot msbb dot uc dot edu>
- To: gcc-testresults at gcc dot gnu dot org
- Date: Thu, 17 May 2007 23:16:47 -0400
- Subject: Results for 4.2.0 testsuite on i686-apple-darwin8
Stock gcc 4.2.0 tarball with backports of revision 120684, 120801, 120853,
120874 and 120977 from gcc trunk to eliminate 65 libjava failures and
the boehm gctest failure on Macintel. Also applied the patch...
--- gcc-4.2.0/libgomp/testsuite/libgomp.c++/pr30703.C.org 2007-02-07 08:37:29.000000000 -0500
+++ gcc-4.2.0/libgomp/testsuite/libgomp.c++/pr30703.C 2007-05-17 19:48:03.000000000 -0400
@@ -1,5 +1,6 @@
// PR c++/30703
// { dg-do run }
+// { dg-options "-shared-libgcc" { target *-*-darwin* } }
#include <omp.h>
to avoid the bogus failure of pr30703.C on Darwin.
LAST_UPDATED: Obtained from SVN: tags/gcc_4_2_0_release revision 124707
Native configuration is i686-apple-darwin8
=== g++ tests ===
Running target unix
FAIL: tmpdir-g++.dg-struct-layout-1/t026 cp_compat_x_tst.o-cp_compat_y_tst.o execute
FAIL: g++.dg/other/unused1.C scan-assembler (string|ascii?)z?\\t"class2("|\\\\\\\\000)
FAIL: g++.dg/other/unused1.C scan-assembler (string|ascii?)z?\\t"printer("|\\\\\\\\000)
XPASS: g++.dg/tree-ssa/ivopts-1.C scan-tree-dump-not offset: -4B
XPASS: g++.dg/tree-ssa/ivopts-1.C scan-tree-dump-not &x\\[5\\]
FAIL: g++.dg/warn/weak1.C (test for excess errors)
WARNING: g++.dg/warn/weak1.C compilation failed to produce executable
FAIL: g++.dg/special/conpr-3.C execution test
=== g++ Summary ===
# of expected passes 13302
# of unexpected failures 5
# of unexpected successes 2
# of expected failures 66
# of unsupported tests 110
/sw/src/fink.build/gcc42-4.2.0-1000/darwin_objdir/gcc/testsuite/g++/../../g++ version 4.2.0
=== gcc tests ===
Running target unix
XPASS: gcc.c-torture/execute/mayalias-2.c compilation, -O3 -g
FAIL: gcc.dg/setjmp-3.c (test for excess errors)
FAIL: gcc.dg/setjmp-4.c (test for excess errors)
FAIL: gcc.dg/sibcall-6.c execution test
FAIL: gcc.dg/tree-ssa/gen-vect-11b.c scan-tree-dump-times vectorized 0 loops 1
FAIL: gcc.dg/tree-ssa/gen-vect-11c.c scan-tree-dump-times vectorized 0 loops 1
FAIL: gcc.dg/tree-ssa/loop-19.c scan-tree-dump-times MEM.(base: &|symbol: )a, 2
FAIL: gcc.dg/tree-ssa/loop-19.c scan-tree-dump-times MEM.(base: &|symbol: )c, 2
FAIL: gcc.dg/tree-ssa/loop-3.c scan-tree-dump-times step: 1
FAIL: gcc.target/i386/980211-1.c (test for excess errors)
XPASS: gcc.target/i386/builtin-apply-mmx.c execution test
FAIL: gcc.target/i386/local2.c scan-assembler-not sub[^\\\\n]*sp
FAIL: gcc.target/i386/pr21291.c (test for excess errors)
FAIL: gcc.target/i386/pr27827.c scan-assembler fmul[ \\t]*%st
FAIL: gcc.target/i386/ssefn-1.c scan-assembler-not movsd
FAIL: gcc.target/i386/ssefn-1.c scan-assembler-not mulsd
=== gcc Summary ===
# of expected passes 41766
# of unexpected failures 14
# of unexpected successes 2
# of expected failures 113
# of untested testcases 28
# of unsupported tests 393
/sw/src/fink.build/gcc42-4.2.0-1000/darwin_objdir/gcc/xgcc version 4.2.0
=== gfortran tests ===
Running target unix
=== gfortran Summary ===
# of expected passes 15958
# of expected failures 7
# of unsupported tests 38
/sw/src/fink.build/gcc42-4.2.0-1000/darwin_objdir/gcc/testsuite/gfortran/../../gfortran version 4.2.0
=== objc tests ===
Running target unix
FAIL: objc.dg/stret-2.m scan-assembler objc_msgSend_stret
FAIL: objc.dg/stret-2.m scan-assembler-not objc_msgSend[^_S]
FAIL: objc.dg/stret-2.m scan-assembler-not objc_msgSendSuper[^_]
FAIL: objc.dg/stubify-1.m (test for excess errors)
ERROR: objc.dg/stubify-1.m: error executing dg-final: couldn't open "stubify-1.s": no such file or directory
UNRESOLVED: objc.dg/stubify-1.m: error executing dg-final: couldn't open "stubify-1.s": no such file or directory
FAIL: objc.dg/stubify-2.m (test for excess errors)
ERROR: objc.dg/stubify-2.m: error executing dg-final: no files matched glob pattern "stubify-2.m.[0-9][0-9][0-9]r.jump"
UNRESOLVED: objc.dg/stubify-2.m: error executing dg-final: no files matched glob pattern "stubify-2.m.[0-9][0-9][0-9]r.jump"
FAIL: objc.dg/symtab-1.m scan-assembler L_OBJC_SYMBOLS.*:\\n\\t.long\\t0\\n\\t.long\\t0\\n\\t.short\\t2\\n\\t.short\\t0\\n\\t.long\\tL_OBJC_CLASS_Derived.*\\n\\t.long\\tL_OBJC_CLASS_Base.*\\n
=== objc Summary ===
# of expected passes 3036
# of unexpected failures 6
# of expected failures 7
# of unresolved testcases 2
# of unsupported tests 2
/sw/src/fink.build/gcc42-4.2.0-1000/darwin_objdir/gcc/xgcc version 4.2.0
=== libffi tests ===
Running target unix
=== libffi Summary ===
# of expected passes 1084
# of unsupported tests 8
=== libgomp tests ===
Running target unix
=== libgomp Summary ===
# of expected passes 1346
# of unsupported tests 111
=== libjava tests ===
Running target unix
FAIL: StackTrace2 output - gij test
FAIL: StackTrace2 output - gij test
FAIL: StackTrace2 output - gij test
FAIL: StackTrace2 output - gij test
FAIL: SyncTest execution - gij test
FAIL: SyncTest execution - gij test
FAIL: SyncTest execution - gij test
FAIL: Throw_2 execution - source compiled test
FAIL: Throw_2 execution - gij test
FAIL: Throw_2 execution - bytecode->native test
FAIL: Throw_2 execution - gij test
FAIL: Throw_2 -findirect-dispatch execution - bytecode->native test
FAIL: Throw_2 -O3 execution - source compiled test
FAIL: Throw_2 execution - gij test
FAIL: Throw_2 -O3 execution - bytecode->native test
FAIL: Throw_2 execution - gij test
FAIL: Throw_2 -O3 -findirect-dispatch execution - bytecode->native test
FAIL: initexc execution - gij test
FAIL: initexc execution - gij test
FAIL: initexc execution - gij test
FAIL: initexc execution - gij test
FAIL: stacktrace output - gij test
FAIL: stacktrace output - gij test
FAIL: stacktrace output - gij test
FAIL: stacktrace output - gij test
=== libjava Summary ===
# of expected passes 6964
# of unexpected failures 25
# of expected failures 12
# of untested testcases 25
=== libstdc++ tests ===
Running target unix
XPASS: 21_strings/basic_string/element_access/char/21674.cc execution test
XPASS: 21_strings/basic_string/element_access/wchar_t/21674.cc execution test
XPASS: 26_numerics/cmath/c99_classification_macros_c.cc (test for excess errors)
FAIL: 26_numerics/complex/13450.cc execution test
FAIL: 26_numerics/complex/complex_value.cc execution test
FAIL: 27_io/ios_base/storage/11584.cc execution test
FAIL: ext/mt_allocator/deallocate_local_thread-5.cc execution test
FAIL: ext/mt_allocator/deallocate_local_thread-7.cc execution test
FAIL: ext/pb_ds/example/priority_queue_dijkstra.cc execution test
=== libstdc++ Summary ===
# of expected passes 3831
# of unexpected failures 6
# of unexpected successes 3
# of expected failures 13
# of unsupported tests 318
Compiler version: 4.2.0
Platform: i686-apple-darwin8
configure flags: --prefix=/sw --prefix=/sw/lib/gcc4.2 --mandir=/sw/share/man --infodir=/sw/share/info --with-arch=nocona --with-tune=generic --host=i686-apple-darwin8 --with-gmp=/sw --with-libiconv-prefix=/sw --with-system-zlib --x-includes=/usr/X11R6/include --x-libraries=/usr/X11R6/lib --enable-languages=c,c++,fortran,java,objc