This is the mail archive of the
gcc-testresults@gcc.gnu.org
mailing list for the GCC project.
Results for 4.3.0 20070516 (experimental) testsuite on powerpc-ibm-aix5.2.0.0
- From: David Edelsohn <dje at watson dot ibm dot com>
- To: gcc-testresults at gcc dot gnu dot org
- Date: Wed, 16 May 2007 17:50:07 -0400
- Subject: Results for 4.3.0 20070516 (experimental) testsuite on powerpc-ibm-aix5.2.0.0
LAST_UPDATED: Wed May 16 03:31:51 UTC 2007 (Revision: 124758)
Native configuration is powerpc-ibm-aix5.2.0.0
=== g++ tests ===
Running target unix
FAIL: tmpdir-g++.dg-struct-layout-1/t002 cp_compat_x_tst.o-cp_compat_y_tst.o execute
FAIL: tmpdir-g++.dg-struct-layout-1/t006 cp_compat_x_tst.o-cp_compat_y_tst.o execute
FAIL: tmpdir-g++.dg-struct-layout-1/t007 cp_compat_x_tst.o-cp_compat_y_tst.o execute
FAIL: tmpdir-g++.dg-struct-layout-1/t008 cp_compat_x_tst.o-cp_compat_y_tst.o execute
FAIL: tmpdir-g++.dg-struct-layout-1/t009 cp_compat_x_tst.o-cp_compat_y_tst.o execute
FAIL: tmpdir-g++.dg-struct-layout-1/t010 cp_compat_x_tst.o-cp_compat_y_tst.o execute
FAIL: tmpdir-g++.dg-struct-layout-1/t011 cp_compat_x_tst.o-cp_compat_y_tst.o execute
FAIL: tmpdir-g++.dg-struct-layout-1/t013 cp_compat_x_tst.o-cp_compat_y_tst.o execute
FAIL: tmpdir-g++.dg-struct-layout-1/t014 cp_compat_x_tst.o-cp_compat_y_tst.o execute
FAIL: tmpdir-g++.dg-struct-layout-1/t017 cp_compat_x_tst.o-cp_compat_y_tst.o execute
FAIL: tmpdir-g++.dg-struct-layout-1/t023 cp_compat_x_tst.o-cp_compat_y_tst.o execute
FAIL: tmpdir-g++.dg-struct-layout-1/t024 cp_compat_x_tst.o-cp_compat_y_tst.o execute
FAIL: tmpdir-g++.dg-struct-layout-1/t026 cp_compat_x_tst.o-cp_compat_y_tst.o execute
FAIL: tmpdir-g++.dg-struct-layout-1/t027 cp_compat_x_tst.o-cp_compat_y_tst.o execute
FAIL: tmpdir-g++.dg-struct-layout-1/t028 cp_compat_x_tst.o-cp_compat_y_tst.o execute
FAIL: tmpdir-g++.dg-struct-layout-1/t029 cp_compat_x_tst.o-cp_compat_y_tst.o execute
FAIL: tmpdir-g++.dg-struct-layout-1/t030 cp_compat_x_tst.o-cp_compat_y_tst.o execute
FAIL: g++.dg/abi/local1.C execution test
FAIL: g++.dg/conversion/simd1.C (test for excess errors)
FAIL: g++.dg/cpp/_Pragma1.C (test for excess errors)
XPASS: g++.dg/eh/simd-2.C (test for excess errors)
FAIL: g++.dg/ext/alignof2.C execution test
FAIL: g++.dg/ext/attribute-test-1.C (test for excess errors)
FAIL: g++.dg/ext/attribute-test-2.C (test for excess errors)
FAIL: g++.dg/ext/attribute-test-3.C (test for excess errors)
FAIL: g++.dg/ext/attribute-test-4.C (test for excess errors)
FAIL: g++.dg/ext/visibility/anon1.C scan-assembler-not globl.*_ZN.*1fEv
FAIL: g++.dg/ext/visibility/anon2.C scan-assembler-not globl.*_Z1fv
FAIL: g++.dg/other/fesd-any.C (test for excess errors)
ERROR: g++.dg/other/fesd-any.C: error executing dg-final: couldn't open "fesd-any.s": no such file or directory
UNRESOLVED: g++.dg/other/fesd-any.C: error executing dg-final: couldn't open "fesd-any.s": no such file or directory
FAIL: g++.dg/other/fesd-baseonly.C (test for excess errors)
ERROR: g++.dg/other/fesd-baseonly.C: error executing dg-final: couldn't open "fesd-baseonly.s": no such file or directory
UNRESOLVED: g++.dg/other/fesd-baseonly.C: error executing dg-final: couldn't open "fesd-baseonly.s": no such file or directory
FAIL: g++.dg/other/fesd-none.C (test for excess errors)
ERROR: g++.dg/other/fesd-none.C: error executing dg-final: couldn't open "fesd-none.s": no such file or directory
UNRESOLVED: g++.dg/other/fesd-none.C: error executing dg-final: couldn't open "fesd-none.s": no such file or directory
FAIL: g++.dg/other/fesd-reduced.C (test for excess errors)
ERROR: g++.dg/other/fesd-reduced.C: error executing dg-final: couldn't open "fesd-reduced.s": no such file or directory
UNRESOLVED: g++.dg/other/fesd-reduced.C: error executing dg-final: couldn't open "fesd-reduced.s": no such file or directory
FAIL: g++.dg/other/fesd-sys.C (test for excess errors)
ERROR: g++.dg/other/fesd-sys.C: error executing dg-final: couldn't open "fesd-sys.s": no such file or directory
UNRESOLVED: g++.dg/other/fesd-sys.C: error executing dg-final: couldn't open "fesd-sys.s": no such file or directory
WARNING: g++.dg/other/ucnid-1.C compilation failed to produce executable
FAIL: g++.dg/other/unused1.C scan-assembler (string|ascii?)z?\\t"class2("|\\\\\\\\000)
FAIL: g++.dg/other/unused1.C scan-assembler (string|ascii?)z?\\t"printer("|\\\\\\\\000)
FAIL: g++.dg/template/repo3.C (test for excess errors)
FAIL: g++.dg/special/conpr-2.C execution test
FAIL: g++.dg/special/conpr-4.C execution test
FAIL: g++.dg/special/initp1.C execution test
FAIL: g++.dg/special/initpri1.C execution test
XPASS: g++.old-deja/g++.other/init19.C execution test
FAIL: g++.old-deja/g++.pt/instantiate4.C (test for excess errors)
FAIL: g++.old-deja/g++.pt/instantiate6.C (test for excess errors)
FAIL: g++.old-deja/g++.pt/repo2.C (test for excess errors)
FAIL: g++.old-deja/g++.pt/repo4.C (test for excess errors)
=== g++ Summary ===
# of expected passes 13705
# of unexpected failures 43
# of unexpected successes 2
# of expected failures 87
# of unresolved testcases 5
# of unsupported tests 200
/tmp/20070515/gcc/testsuite/g++/../../g++ version 4.3.0 20070516 (experimental)
=== gcc tests ===
Running target unix
WARNING: program timed out.
FAIL: gcc.c-torture/compile/limits-externalid.c -O3 -g (test for excess errors)
FAIL: gcc.dg/cpp/_Pragma6.c (test for excess errors)
XPASS: gcc.dg/cpp/cmdlne-dI-M.c scan-file (^|\\\\n)cmdlne-dI-M.*:[^\\\\n]*cmdlne-dI-M.c
XPASS: gcc.dg/cpp/cmdlne-dM-M.c scan-file (^|\\\\n)cmdlne-dM-M[^\\\\n]*:[^\\\\n]*cmdlne-dM-M.c
XPASS: gcc.dg/20020103-1.c scan-assembler-not LC[0-9]
FAIL: gcc.dg/Wno-pointer-sign.c (test for excess errors)
FAIL: gcc.dg/Wpointer-sign-Wall-no.c (test for excess errors)
FAIL: gcc.dg/Wpointer-sign-Wall.c (test for warnings, line 8)
FAIL: gcc.dg/Wpointer-sign-Wall.c (test for excess errors)
FAIL: gcc.dg/Wpointer-sign-pedantic-no.c (test for excess errors)
FAIL: gcc.dg/Wpointer-sign-pedantic.c (test for warnings, line 8)
FAIL: gcc.dg/Wpointer-sign-pedantic.c (test for excess errors)
FAIL: gcc.dg/Wpointer-sign.c (test for excess errors)
FAIL: gcc.dg/alias-7.c execution test
FAIL: gcc.dg/asm-names.c scan-assembler-not ____frob14
FAIL: gcc.dg/assign-warn-1.c (test for warnings, line 63)
FAIL: gcc.dg/assign-warn-1.c (test for warnings, line 64)
FAIL: gcc.dg/assign-warn-1.c (test for warnings, line 65)
FAIL: gcc.dg/assign-warn-1.c (test for warnings, line 66)
FAIL: gcc.dg/assign-warn-1.c (test for warnings, line 67)
FAIL: gcc.dg/assign-warn-1.c (test for warnings, line 69)
FAIL: gcc.dg/assign-warn-1.c (test for warnings, line 70)
FAIL: gcc.dg/assign-warn-1.c (test for warnings, line 71)
FAIL: gcc.dg/assign-warn-1.c (test for warnings, line 72)
FAIL: gcc.dg/assign-warn-1.c (test for warnings, line 73)
FAIL: gcc.dg/assign-warn-1.c (test for warnings, line 75)
FAIL: gcc.dg/assign-warn-1.c (test for warnings, line 76)
FAIL: gcc.dg/assign-warn-1.c (test for warnings, line 77)
FAIL: gcc.dg/assign-warn-1.c (test for warnings, line 78)
FAIL: gcc.dg/assign-warn-1.c (test for warnings, line 79)
FAIL: gcc.dg/assign-warn-1.c (test for warnings, line 81)
FAIL: gcc.dg/assign-warn-1.c (test for warnings, line 82)
FAIL: gcc.dg/assign-warn-1.c (test for warnings, line 83)
FAIL: gcc.dg/assign-warn-1.c (test for warnings, line 84)
FAIL: gcc.dg/assign-warn-1.c (test for warnings, line 85)
FAIL: gcc.dg/assign-warn-1.c (test for excess errors)
FAIL: gcc.dg/assign-warn-2.c (test for errors, line 64)
FAIL: gcc.dg/assign-warn-2.c (test for errors, line 65)
FAIL: gcc.dg/assign-warn-2.c (test for errors, line 66)
FAIL: gcc.dg/assign-warn-2.c (test for errors, line 67)
FAIL: gcc.dg/assign-warn-2.c (test for errors, line 68)
FAIL: gcc.dg/assign-warn-2.c (test for errors, line 70)
FAIL: gcc.dg/assign-warn-2.c (test for errors, line 71)
FAIL: gcc.dg/assign-warn-2.c (test for errors, line 72)
FAIL: gcc.dg/assign-warn-2.c (test for errors, line 73)
FAIL: gcc.dg/assign-warn-2.c (test for errors, line 74)
FAIL: gcc.dg/assign-warn-2.c (test for errors, line 76)
FAIL: gcc.dg/assign-warn-2.c (test for errors, line 77)
FAIL: gcc.dg/assign-warn-2.c (test for errors, line 78)
FAIL: gcc.dg/assign-warn-2.c (test for errors, line 79)
FAIL: gcc.dg/assign-warn-2.c (test for errors, line 80)
FAIL: gcc.dg/assign-warn-2.c (test for errors, line 82)
FAIL: gcc.dg/assign-warn-2.c (test for errors, line 83)
FAIL: gcc.dg/assign-warn-2.c (test for errors, line 84)
FAIL: gcc.dg/assign-warn-2.c (test for errors, line 85)
FAIL: gcc.dg/assign-warn-2.c (test for errors, line 86)
FAIL: gcc.dg/assign-warn-2.c (test for excess errors)
XPASS: gcc.dg/c90-const-expr-2.c bogus null pointer constant (test for bogus messages, line 37)
XPASS: gcc.dg/c90-const-expr-2.c bogus null pointer constant (test for bogus messages, line 38)
XPASS: gcc.dg/c90-const-expr-2.c bogus null pointer constant (test for bogus messages, line 40)
XPASS: gcc.dg/c90-const-expr-2.c bogus null pointer constant (test for bogus messages, line 42)
XPASS: gcc.dg/c90-const-expr-3.c bogus null pointer constant (test for bogus messages, line 31)
XPASS: gcc.dg/c90-const-expr-3.c bogus null pointer constant (test for bogus messages, line 32)
XPASS: gcc.dg/c90-const-expr-3.c bogus null pointer constant (test for bogus messages, line 34)
XPASS: gcc.dg/c90-const-expr-3.c bogus null pointer constant (test for bogus messages, line 36)
XPASS: gcc.dg/c90-const-expr-3.c bogus null pointer constant (test for bogus messages, line 43)
XPASS: gcc.dg/c90-const-expr-3.c bogus null pointer constant (test for bogus messages, line 44)
XPASS: gcc.dg/c90-const-expr-3.c bogus null pointer constant (test for bogus messages, line 45)
FAIL: gcc.dg/c90-const-expr-5.c (test for errors, line 18)
FAIL: gcc.dg/c90-const-expr-5.c (test for errors, line 19)
FAIL: gcc.dg/c90-const-expr-5.c (test for excess errors)
XPASS: gcc.dg/c99-const-expr-2.c bogus null pointer constant (test for bogus messages, line 37)
XPASS: gcc.dg/c99-const-expr-2.c bogus null pointer constant (test for bogus messages, line 38)
XPASS: gcc.dg/c99-const-expr-2.c bogus null pointer constant (test for bogus messages, line 40)
XPASS: gcc.dg/c99-const-expr-3.c bogus null pointer constant (test for bogus messages, line 30)
XPASS: gcc.dg/c99-const-expr-3.c bogus null pointer constant (test for bogus messages, line 31)
XPASS: gcc.dg/c99-const-expr-3.c bogus null pointer constant (test for bogus messages, line 33)
XPASS: gcc.dg/c99-const-expr-3.c bogus null pointer constant (test for bogus messages, line 35)
XPASS: gcc.dg/c99-const-expr-3.c bogus null pointer constant (test for bogus messages, line 42)
XPASS: gcc.dg/c99-const-expr-3.c bogus null pointer constant (test for bogus messages, line 43)
XPASS: gcc.dg/c99-const-expr-3.c bogus null pointer constant (test for bogus messages, line 44)
FAIL: gcc.dg/c99-const-expr-5.c (test for errors, line 18)
FAIL: gcc.dg/c99-const-expr-5.c (test for errors, line 19)
FAIL: gcc.dg/c99-const-expr-5.c (test for excess errors)
FAIL: gcc.dg/conv-2.c (test for warnings, line 15)
FAIL: gcc.dg/conv-2.c (test for warnings, line 16)
FAIL: gcc.dg/conv-2.c (test for warnings, line 17)
FAIL: gcc.dg/conv-2.c (test for warnings, line 18)
FAIL: gcc.dg/conv-2.c (test for warnings, line 20)
FAIL: gcc.dg/conv-2.c (test for warnings, line 21)
FAIL: gcc.dg/conv-2.c (test for warnings, line 23)
FAIL: gcc.dg/conv-2.c (test for warnings, line 25)
FAIL: gcc.dg/conv-2.c (test for excess errors)
FAIL: gcc.dg/fesd-any.c (test for excess errors)
ERROR: gcc.dg/fesd-any.c: error executing dg-final: couldn't open "fesd-any.s": no such file or directory
UNRESOLVED: gcc.dg/fesd-any.c: error executing dg-final: couldn't open "fesd-any.s": no such file or directory
FAIL: gcc.dg/fesd-baseonly.c (test for excess errors)
ERROR: gcc.dg/fesd-baseonly.c: error executing dg-final: couldn't open "fesd-baseonly.s": no such file or directory
UNRESOLVED: gcc.dg/fesd-baseonly.c: error executing dg-final: couldn't open "fesd-baseonly.s": no such file or directory
FAIL: gcc.dg/fesd-none.c (test for excess errors)
ERROR: gcc.dg/fesd-none.c: error executing dg-final: couldn't open "fesd-none.s": no such file or directory
UNRESOLVED: gcc.dg/fesd-none.c: error executing dg-final: couldn't open "fesd-none.s": no such file or directory
FAIL: gcc.dg/fesd-reduced.c (test for excess errors)
ERROR: gcc.dg/fesd-reduced.c: error executing dg-final: couldn't open "fesd-reduced.s": no such file or directory
UNRESOLVED: gcc.dg/fesd-reduced.c: error executing dg-final: couldn't open "fesd-reduced.s": no such file or directory
FAIL: gcc.dg/fesd-sys.c (test for excess errors)
ERROR: gcc.dg/fesd-sys.c: error executing dg-final: couldn't open "fesd-sys.s": no such file or directory
UNRESOLVED: gcc.dg/fesd-sys.c: error executing dg-final: couldn't open "fesd-sys.s": no such file or directory
FAIL: gcc.dg/initpri1.c execution test
FAIL: gcc.dg/memcpy-1.c scan-tree-dump-times nasty_local 0
FAIL: gcc.dg/pr28726.c (test for excess errors)
FAIL: gcc.dg/pthread-init-1.c (test for excess errors)
FAIL: gcc.dg/pthread-init-2.c (test for excess errors)
FAIL: gcc.dg/transparent-union-1.c (test for warnings, line 55)
FAIL: gcc.dg/transparent-union-1.c (test for warnings, line 57)
FAIL: gcc.dg/transparent-union-1.c (test for warnings, line 59)
FAIL: gcc.dg/transparent-union-1.c (test for warnings, line 61)
FAIL: gcc.dg/transparent-union-1.c (test for warnings, line 63)
FAIL: gcc.dg/transparent-union-1.c (test for warnings, line 65)
FAIL: gcc.dg/transparent-union-1.c (test for warnings, line 67)
FAIL: gcc.dg/transparent-union-1.c (test for warnings, line 69)
FAIL: gcc.dg/transparent-union-1.c (test for warnings, line 71)
FAIL: gcc.dg/transparent-union-1.c (test for warnings, line 73)
WARNING: gcc.dg/ucnid-2.c compilation failed to produce executable
WARNING: gcc.dg/ucnid-3.c compilation failed to produce executable
WARNING: gcc.dg/ucnid-4.c compilation failed to produce executable
WARNING: gcc.dg/ucnid-5.c compilation failed to produce executable
XPASS: gcc.dg/ucnid-6.c (test for excess errors)
FAIL: gcc.dg/format/bitfld-1.c (test for excess errors)
FAIL: gcc.dg/format/bitfld-1.c -DWIDE (test for excess errors)
FAIL: gcc.dg/format/c99-scanf-1.c (test for excess errors)
FAIL: gcc.dg/format/c99-scanf-1.c -DWIDE (test for excess errors)
XPASS: gcc.dg/tree-ssa/update-threading.c scan-tree-dump-times Invalid sum 0
XPASS: gcc.target/powerpc/darwin-longlong.c (test for excess errors)
FAIL: gcc.target/powerpc/parity-1.c scan-assembler popcntb
FAIL: gcc.target/powerpc/popcount-1.c scan-assembler popcntb
=== gcc Summary ===
# of expected passes 40719
# of unexpected failures 95
# of unexpected successes 27
# of expected failures 65
# of unresolved testcases 5
# of unsupported tests 562
/tmp/20070515/gcc/xgcc version 4.3.0 20070516 (experimental)
=== gfortran tests ===
Running target unix
FAIL: gfortran.dg/integer_exponentiation_4.f90 -O (internal compiler error)
FAIL: gfortran.dg/integer_exponentiation_4.f90 -O (test for errors, line 24)
FAIL: gfortran.dg/integer_exponentiation_4.f90 -O (test for errors, line 25)
FAIL: gfortran.dg/integer_exponentiation_4.f90 -O (test for errors, line 26)
FAIL: gfortran.dg/integer_exponentiation_4.f90 -O (test for errors, line 27)
FAIL: gfortran.dg/integer_exponentiation_4.f90 -O (test for errors, line 35)
FAIL: gfortran.dg/integer_exponentiation_4.f90 -O (test for errors, line 36)
FAIL: gfortran.dg/integer_exponentiation_4.f90 -O (test for errors, line 37)
FAIL: gfortran.dg/integer_exponentiation_4.f90 -O (test for errors, line 38)
FAIL: gfortran.dg/integer_exponentiation_4.f90 -O (test for errors, line 41)
FAIL: gfortran.dg/integer_exponentiation_4.f90 -O (test for errors, line 42)
FAIL: gfortran.dg/integer_exponentiation_4.f90 -O (test for excess errors)
FAIL: gfortran.dg/static_linking_1.f -O0 execution test
FAIL: gfortran.dg/static_linking_1.f -O1 execution test
FAIL: gfortran.dg/static_linking_1.f -O2 execution test
FAIL: gfortran.dg/static_linking_1.f -O3 -fomit-frame-pointer execution test
FAIL: gfortran.dg/static_linking_1.f -O3 -fomit-frame-pointer -funroll-loops execution test
FAIL: gfortran.dg/static_linking_1.f -O3 -fomit-frame-pointer -funroll-all-loops -finline-functions execution test
FAIL: gfortran.dg/static_linking_1.f -O3 -g execution test
FAIL: gfortran.dg/static_linking_1.f -Os execution test
FAIL: gfortran.fortran-torture/execute/intrinsic_nearest.f90 execution, -O0
FAIL: gfortran.fortran-torture/execute/intrinsic_nearest.f90 execution, -O1
FAIL: gfortran.fortran-torture/execute/intrinsic_nearest.f90 execution, -O2
FAIL: gfortran.fortran-torture/execute/intrinsic_nearest.f90 execution, -O3 -fomit-frame-pointer
FAIL: gfortran.fortran-torture/execute/intrinsic_nearest.f90 execution, -O3 -fomit-frame-pointer -funroll-loops
FAIL: gfortran.fortran-torture/execute/intrinsic_nearest.f90 execution, -O3 -fomit-frame-pointer -funroll-all-loops -finline-functions
FAIL: gfortran.fortran-torture/execute/intrinsic_nearest.f90 execution, -O3 -g
FAIL: gfortran.fortran-torture/execute/intrinsic_nearest.f90 execution, -Os
FAIL: gfortran.fortran-torture/execute/st_function.f90, -O1 (internal compiler error)
FAIL: gfortran.fortran-torture/execute/st_function.f90, -O2 (internal compiler error)
FAIL: gfortran.fortran-torture/execute/st_function.f90, -O3 -fomit-frame-pointer (internal compiler error)
FAIL: gfortran.fortran-torture/execute/st_function.f90, -O3 -fomit-frame-pointer -funroll-loops (internal compiler error)
FAIL: gfortran.fortran-torture/execute/st_function.f90, -O3 -fomit-frame-pointer -funroll-all-loops -finline-functions (internal compiler error)
FAIL: gfortran.fortran-torture/execute/st_function.f90, -O3 -g (internal compiler error)
FAIL: gfortran.fortran-torture/execute/st_function.f90, -Os (internal compiler error)
=== gfortran Summary ===
# of expected passes 17694
# of unexpected failures 35
# of expected failures 7
# of unsupported tests 106
/tmp/20070515/gcc/testsuite/gfortran/../../gfortran version 4.3.0 20070516 (experimental)
=== objc tests ===
Running target unix
=== objc Summary ===
# of expected passes 1766
# of expected failures 17
# of unsupported tests 28
/tmp/20070515/gcc/xgcc version 4.3.0 20070516 (experimental)
=== libgomp tests ===
Running target unix
=== libgomp Summary ===
# of expected passes 1564
# of unsupported tests 2
=== libstdc++ tests ===
Running target unix
FAIL: 17_intro/headers/all_c++200x_compatibility.cc (test for excess errors)
FAIL: 22_locale/ctype/is/char/3.cc execution test
FAIL: 26_numerics/headers/cmath/c99_classification_macros_c.cc (test for excess errors)
FAIL: 27_io/ios_base/storage/11584.cc execution test
FAIL: 27_io/objects/char/6.cc execution test
FAIL: 27_io/objects/wchar_t/6.cc execution test
FAIL: ext/mt_allocator/check_new.cc execution test
FAIL: ext/pb_ds/example/priority_queue_dijkstra.cc execution test
FAIL: ext/pool_allocator/check_new.cc execution test
=== libstdc++ Summary ===
# of expected passes 3936
# of unexpected failures 9
# of expected failures 66
# of unsupported tests 511
Compiler version: 4.3.0 20070516 (experimental)
Platform: powerpc-ibm-aix5.2.0.0
configure flags: --prefix=/farm/dje/install/powerpc-ibm-aix5.2.0.0-20070515 --disable-werror --enable-languages=c,c++,fortran,objc --with-gmp=/farm/dje --with-mpfr=/farm/dje