This is the mail archive of the
gcc-testresults@gcc.gnu.org
mailing list for the GCC project.
Results for 4.3.0 20070508 (experimental) testsuite on i686-pc-cygwin
- From: "Christian Joensson" <christian dot joensson at gmail dot com>
- To: gcc-testresults at gcc dot gnu dot org
- Date: Thu, 10 May 2007 05:44:13 +0200
- Subject: Results for 4.3.0 20070508 (experimental) testsuite on i686-pc-cygwin
Windows XP Pro/SP2 cygwin Pentium M processor 2.13GHz system with packages:
binutils 20060817-1 2.17.50 20060817
bison 2.3-1 2.3
cygwin 1.5.24-2 (with D Korn's stdio.h patch to newlib)
dejagnu 20021217-2 1.4.2.x
expect 20030128-1 5.26
gcc 3.4.4-3
gcc-ada 3.4.4-3
gcc-g++ 3.4.4-3
gmp 4.2.1-1
make 3.81-1
mpfr 2.2.1-1
tcltk 20060202-1 8.4
w32api 3.8-1
LAST_UPDATED: Tue May 8 03:55:36 UTC 2007 (revision 124535M)
Native configuration is i686-pc-cygwin
=== g++ tests ===
Running target unix
FAIL: g++.dg/abi/local1.C execution test
FAIL: g++.dg/abi/rtti1.C scan-assembler-dem-not \\ntypeinfo for A[: \\t\\n]
FAIL: g++.dg/abi/rtti3.C scan-assembler .weak[ \\t]_?_ZTSPP1A
FAIL: g++.dg/abi/thunk4.C scan-assembler .weak[ \\t]_?_ZThn._N7Derived3FooEv
FAIL: g++.dg/eh/weak1.C execution test
FAIL: g++.dg/ext/dllimport7.C C++ specific error (test for errors, line 24)
FAIL: g++.dg/opt/complex3.C (internal compiler error)
FAIL: g++.dg/opt/complex3.C (test for excess errors)
FAIL: g++.dg/opt/vt1.C scan-assembler-not
section[^\\n\\r]*_ZTV1S[^\\n\\r]*"[^w"\\n\\r]*"
FAIL: g++.dg/other/unused1.C scan-assembler
(string|ascii?)z?\\t"class2("|\\\\\\\\000)
FAIL: g++.dg/other/unused1.C scan-assembler
(string|ascii?)z?\\t"printer("|\\\\\\\\000)
XPASS: g++.dg/tree-ssa/ivopts-1.C scan-tree-dump-not offset: -4B
XPASS: g++.dg/tree-ssa/ivopts-1.C scan-tree-dump-not &x\\[5\\]
FAIL: g++.dg/pch/externc-1.C -g assembly comparison
FAIL: g++.dg/pch/externc-1.C -O2 -g assembly comparison
FAIL: g++.dg/pch/static-1.C -g assembly comparison
FAIL: g++.dg/pch/static-1.C -O2 -g assembly comparison
FAIL: g++.dg/pch/system-1.C -g assembly comparison
FAIL: g++.dg/pch/system-1.C -O2 -g assembly comparison
FAIL: g++.dg/pch/system-2.C -g assembly comparison
FAIL: g++.dg/pch/system-2.C -O2 -g assembly comparison
FAIL: g++.dg/pch/uninst.C -g assembly comparison
FAIL: g++.dg/pch/uninst.C -O2 -g assembly comparison
FAIL: g++.dg/pch/wchar-1.C -g assembly comparison
FAIL: g++.dg/pch/wchar-1.C -O2 -g assembly comparison
FAIL: g++.old-deja/g++.eh/badalloc1.C execution test
XPASS: g++.old-deja/g++.ext/attrib5.C execution test
FAIL: g++.old-deja/g++.other/init18.C execution test
FAIL: g++.old-deja/g++.other/init19.C execution test
FAIL: g++.old-deja/g++.other/init5.C execution test
FAIL: g++.old-deja/g++.other/inline8.C (test for excess errors)
WARNING: g++.old-deja/g++.other/inline8.C compilation failed to
produce executable
=== g++ Summary ===
# of expected passes 15077
# of unexpected failures 28
# of unexpected successes 3
# of expected failures 81
# of unsupported tests 174
/usr/local/src/trunk/objdir/gcc/testsuite/g++/../../g++ version 4.3.0
20070508 (experimental)
=== gcc tests ===
Running target unix
FAIL: gcc.c-torture/compile/20001226-1.c (test for excess errors)
FAIL: gcc.c-torture/compile/limits-declparen.c (test for excess errors)
FAIL: gcc.c-torture/compile/limits-exprparen.c (test for excess errors)
FAIL: gcc.c-torture/compile/limits-pointer.c (test for excess errors)
FAIL: gcc.c-torture/execute/990127-2.c execution, -Os
FAIL: gcc.dg/20021014-1.c (test for excess errors)
WARNING: gcc.dg/20021014-1.c compilation failed to produce executable
FAIL: gcc.dg/builtins-20.c (test for excess errors)
FAIL: gcc.dg/builtins-59.c scan-tree-dump __builtin_cexpi
FAIL: gcc.dg/builtins-59.c scan-tree-dump-not sincos
FAIL: gcc.dg/builtins-61.c scan-tree-dump cexpi
FAIL: gcc.dg/builtins-61.c scan-tree-dump sin
FAIL: gcc.dg/builtins-61.c scan-tree-dump cos
FAIL: gcc.dg/builtins-61.c scan-tree-dump return 0.0
FAIL: gcc.dg/builtins-62.c scan-tree-dump-times cexpi 3
FAIL: gcc.dg/float-range-3.c (test for excess errors)
FAIL: gcc.dg/float-range-4.c (test for excess errors)
FAIL: gcc.dg/float-range-5.c (test for excess errors)
FAIL: gcc.dg/pr25993.c (test for excess errors)
FAIL: gcc.dg/setjmp-3.c (test for excess errors)
WARNING: gcc.dg/setjmp-3.c compilation failed to produce executable
FAIL: gcc.dg/setjmp-4.c (test for excess errors)
WARNING: gcc.dg/setjmp-4.c compilation failed to produce executable
FAIL: largefile.c (test for excess errors)
FAIL: largefile.c (test for excess errors)
FAIL: largefile.c (test for excess errors)
FAIL: largefile.c (test for excess errors)
FAIL: largefile.c (test for excess errors)
FAIL: largefile.c (test for excess errors)
FAIL: largefile.c (test for excess errors)
FAIL: gcc.dg/tree-ssa/loop-1.c scan-assembler-times foo 5
FAIL: gcc.dg/tree-ssa/pr27781.c scan-tree-dump func \\(\\);
XPASS: gcc.dg/tree-ssa/update-threading.c scan-tree-dump-times Invalid sum 0
FAIL: gcc.dg/vect/pr31041.c (test for excess errors)
FAIL: compiler driver --coverage option(s) (compiler options)
FAIL: gcc.target/i386/pic-1.c (test for errors, line 11)
FAIL: gcc.target/i386/pr21291.c (test for excess errors)
FAIL: gcc.target/i386/sse-vect-types.c (test for excess errors)
=== gcc Summary ===
# of expected passes 45933
# of unexpected failures 34
# of unexpected successes 1
# of expected failures 120
# of untested testcases 35
# of unsupported tests 358
/usr/local/src/trunk/objdir/gcc/xgcc version 4.3.0 20070508 (experimental)
=== gfortran tests ===
Running target unix
FAIL: gfortran.fortran-torture/execute/st_function.f90, -O1
(internal compiler error)
FAIL: gfortran.fortran-torture/execute/st_function.f90, -O2
(internal compiler error)
FAIL: gfortran.fortran-torture/execute/st_function.f90, -O3
-fomit-frame-pointer (internal compiler error)
FAIL: gfortran.fortran-torture/execute/st_function.f90, -O3
-fomit-frame-pointer -funroll-loops (internal compiler error)
FAIL: gfortran.fortran-torture/execute/st_function.f90, -O3
-fomit-frame-pointer -funroll-all-loops -finline-functions (internal
compiler error)
FAIL: gfortran.fortran-torture/execute/st_function.f90, -O3 -g
(internal compiler error)
FAIL: gfortran.fortran-torture/execute/st_function.f90, -Os
(internal compiler error)
=== gfortran Summary ===
# of expected passes 17544
# of unexpected failures 7
# of expected failures 8
# of unsupported tests 86
/usr/local/src/trunk/objdir/gcc/testsuite/gfortran/../../gfortran
version 4.3.0 20070508 (experimental)
=== obj-c++ tests ===
Running target unix
FAIL: obj-c++.dg/bitfield-1.mm (internal compiler error)
FAIL: obj-c++.dg/bitfield-1.mm (test for excess errors)
WARNING: obj-c++.dg/bitfield-1.mm compilation failed to produce executable
FAIL: obj-c++.dg/comp-types-10.mm (internal compiler error)
FAIL: obj-c++.dg/comp-types-10.mm (test for excess errors)
FAIL: obj-c++.dg/cxx-class-1.mm (test for excess errors)
FAIL: obj-c++.dg/cxx-ivars-2.mm execution test
FAIL: obj-c++.dg/encode-2.mm scan-assembler {Vec<float>=ffi}
FAIL: obj-c++.dg/encode-2.mm scan-assembler {Vec<double>=ddi}
FAIL: obj-c++.dg/encode-3.mm execution test
FAIL: obj-c++.dg/encode-8.mm execution test
FAIL: obj-c++.dg/gnu-runtime-2.mm (test for excess errors)
FAIL: obj-c++.dg/isa-field-1.mm (test for excess errors)
FAIL: obj-c++.dg/lookup-2.mm (test for excess errors)
WARNING: obj-c++.dg/lookup-2.mm compilation failed to produce executable
FAIL: obj-c++.dg/try-catch-2.mm (test for excess errors)
WARNING: obj-c++.dg/try-catch-2.mm compilation failed to produce executable
FAIL: obj-c++.dg/try-catch-9.mm (internal compiler error)
FAIL: obj-c++.dg/try-catch-9.mm (test for excess errors)
WARNING: obj-c++.dg/try-catch-9.mm compilation failed to produce executable
=== obj-c++ Summary ===
# of expected passes 421
# of unexpected failures 16
# of unsupported tests 13
/usr/local/src/trunk/objdir/gcc/testsuite/obj-c++/../../g++ version
4.3.0 20070508 (experimental)
=== objc tests ===
Running target unix
=== objc Summary ===
# of expected passes 1892
# of expected failures 7
# of unsupported tests 24
/usr/local/src/trunk/objdir/gcc/xgcc version 4.3.0 20070508 (experimental)
=== treelang tests ===
Running target unix
ERROR: tcl error sourcing
/usr/local/src/trunk/gcc/gcc/testsuite/treelang/output/output.exp.
ERROR: rm: cannot remove \`treelang/output-1': No such file or directory
=== treelang Summary ===
# of expected passes 52
=== libstdc++ tests ===
Running target unix
FAIL: 17_intro/headers/all_c++200x_compatibility.cc (test for excess errors)
FAIL: 20_util/make_signed/requirements/typedefs-1.cc (test for excess errors)
WARNING: 20_util/make_signed/requirements/typedefs-1.cc compilation
failed to produce executable
FAIL: 20_util/make_signed/requirements/typedefs-1.cc (test for excess errors)
WARNING: 20_util/make_signed/requirements/typedefs-1.cc compilation
failed to produce executable
FAIL: 20_util/make_signed/requirements/typedefs-2.cc (test for excess errors)
WARNING: 20_util/make_signed/requirements/typedefs-2.cc compilation
failed to produce executable
FAIL: 20_util/make_signed/requirements/typedefs-2.cc (test for excess errors)
WARNING: 20_util/make_signed/requirements/typedefs-2.cc compilation
failed to produce executable
FAIL: 20_util/make_unsigned/requirements/typedefs-1.cc (test for excess errors)
WARNING: 20_util/make_unsigned/requirements/typedefs-1.cc compilation
failed to produce executable
FAIL: 20_util/make_unsigned/requirements/typedefs-1.cc (test for excess errors)
WARNING: 20_util/make_unsigned/requirements/typedefs-1.cc compilation
failed to produce executable
FAIL: 20_util/make_unsigned/requirements/typedefs-2.cc (test for excess errors)
WARNING: 20_util/make_unsigned/requirements/typedefs-2.cc compilation
failed to produce executable
FAIL: 20_util/make_unsigned/requirements/typedefs-2.cc (test for excess errors)
WARNING: 20_util/make_unsigned/requirements/typedefs-2.cc compilation
failed to produce executable
FAIL: 26_numerics/headers/cmath/c99_classification_macros_c.cc (test
for excess errors)
FAIL: 26_numerics/headers/cmath/c99_classification_macros_c.cc (test
for excess errors)
FAIL: ext/pb_ds/example/priority_queue_dijkstra.cc execution test
FAIL: ext/pb_ds/example/priority_queue_dijkstra.cc execution test
=== libstdc++ Summary ===
# of expected passes 7365
# of unexpected failures 13
# of expected failures 99
# of unsupported tests 943
Compiler version: 4.3.0 20070508 (experimental)
Platform: i686-pc-cygwin
configure flags: --disable-nls --without-included-gettext
--enable-version-specific-runtime-libs --without-x --disable-libgcj
--with-system-zlib --enable-threads=posix
--enable-languages=c,c++,fortran,objc,obj-c++,treelang