This is the mail archive of the
gcc-testresults@gcc.gnu.org
mailing list for the GCC project.
Results for 4.2.0 20070501 (prerelease) testsuite on s390x-ibm-linux-gnu
- From: andreas <andreas at de dot ibm dot com>
- To: gcc-testresults at gcc dot gnu dot org
- Date: Thu, 3 May 2007 14:34:51 +0200
- Subject: Results for 4.2.0 20070501 (prerelease) testsuite on s390x-ibm-linux-gnu
LAST_UPDATED: Obtained from SVN: branches/gcc-4_2-branch revision 124338
=== acats tests ===
=== acats Summary ===
# of expected passes 2315
# of unexpected failures 0
Native configuration is s390x-ibm-linux-gnu
=== g++ tests ===
Running target unix
=== g++ Summary ===
# of expected passes 13323
# of expected failures 66
# of unsupported tests 117
/build/gcc-4.2.0-20070501-build/gcc/testsuite/g++/../../g++ version 4.2.0 20070501 (prerelease)
=== gcc tests ===
Running target unix
UNRESOLVED: gcc.c-torture/execute/mayalias-2.c execution, -O3 -g
XPASS: gcc.dg/tree-ssa/20040204-1.c scan-tree-dump-times link_error 0
XPASS: gcc.dg/tree-ssa/sra-2.c scan-tree-dump-times link_error 0
=== gcc Summary ===
# of expected passes 40732
# of unexpected successes 2
# of expected failures 82
# of unresolved testcases 1
# of untested testcases 28
# of unsupported tests 355
/build/gcc-4.2.0-20070501-build/gcc/xgcc version 4.2.0 20070501 (prerelease)
=== gfortran tests ===
Running target unix
FAIL: gfortran.dg/c_by_val_1.f -O0 execution test
FAIL: gfortran.dg/c_by_val_1.f -O1 execution test
FAIL: gfortran.dg/c_by_val_1.f -O2 execution test
FAIL: gfortran.dg/c_by_val_1.f -O3 -fomit-frame-pointer execution test
FAIL: gfortran.dg/c_by_val_1.f -O3 -fomit-frame-pointer -funroll-loops execution test
FAIL: gfortran.dg/c_by_val_1.f -O3 -fomit-frame-pointer -funroll-all-loops -finline-functions execution test
FAIL: gfortran.dg/c_by_val_1.f -O3 -g execution test
FAIL: gfortran.dg/c_by_val_1.f -Os execution test
XPASS: gfortran.dg/csqrt_2.f -O0 execution test
XPASS: gfortran.dg/csqrt_2.f -O1 execution test
XPASS: gfortran.dg/csqrt_2.f -O2 execution test
XPASS: gfortran.dg/csqrt_2.f -O3 -fomit-frame-pointer execution test
XPASS: gfortran.dg/csqrt_2.f -O3 -fomit-frame-pointer -funroll-loops execution test
XPASS: gfortran.dg/csqrt_2.f -O3 -fomit-frame-pointer -funroll-all-loops -finline-functions execution test
XPASS: gfortran.dg/csqrt_2.f -O3 -g execution test
XPASS: gfortran.dg/csqrt_2.f -Os execution test
=== gfortran Summary ===
# of expected passes 15984
# of unexpected failures 8
# of unexpected successes 8
# of expected failures 6
# of unsupported tests 19
/build/gcc-4.2.0-20070501-build/gcc/testsuite/gfortran/../../gfortran version 4.2.0 20070501 (prerelease)
=== gnat tests ===
Running target unix
FAIL: gnat.dg/frame_overflow.adb (test for errors, line 12)
FAIL: gnat.dg/frame_overflow.adb (test for errors, line 21)
=== gnat Summary ===
# of expected passes 40
# of unexpected failures 2
=== objc tests ===
Running target unix
=== objc Summary ===
# of expected passes 1806
# of expected failures 7
# of unsupported tests 24
/build/gcc-4.2.0-20070501-build/gcc/xgcc version 4.2.0 20070501 (prerelease)
=== libffi tests ===
Running target unix
=== libffi Summary ===
# of expected passes 1084
# of unsupported tests 8
=== libgomp tests ===
Running target unix
=== libgomp Summary ===
# of expected passes 1566
=== libjava tests ===
Running target unix
FAIL: events output
FAIL: Divide_1 output - source compiled test
FAIL: Divide_1 output - gij test
FAIL: Divide_1 output - bytecode->native test
FAIL: Divide_1 output - gij test
FAIL: Divide_1 -findirect-dispatch output - bytecode->native test
FAIL: Divide_1 -O3 output - source compiled test
FAIL: Divide_1 output - gij test
FAIL: Divide_1 -O3 output - bytecode->native test
FAIL: Divide_1 output - gij test
FAIL: Divide_1 -O3 -findirect-dispatch output - bytecode->native test
FAIL: pr6388 output - source compiled test
FAIL: pr6388 output - gij test
FAIL: pr6388 output - bytecode->native test
FAIL: pr6388 output - gij test
FAIL: pr6388 -findirect-dispatch output - bytecode->native test
FAIL: pr6388 -O3 output - source compiled test
FAIL: pr6388 output - gij test
FAIL: pr6388 -O3 output - bytecode->native test
FAIL: pr6388 output - gij test
FAIL: pr6388 -O3 -findirect-dispatch output - bytecode->native test
=== libjava Summary ===
# of expected passes 6985
# of unexpected failures 21
# of expected failures 12
# of untested testcases 8
=== libmudflap tests ===
Running target unix
=== libmudflap Summary ===
# of expected passes 1814
=== libstdc++ tests ===
Running target unix
XPASS: 26_numerics/cmath/c99_classification_macros_c.cc (test for excess errors)
XPASS: 27_io/fpos/14320-1.cc execution test
=== libstdc++ Summary ===
# of expected passes 4474
# of unexpected successes 2
# of expected failures 14
Compiler version: 4.2.0 20070501 (prerelease)
Platform: s390x-ibm-linux-gnu
configure flags: --prefix=/build/gcc-4.2.0-20070501-install --enable-shared --with-system-zlib --enable-threads=posix --enable-__cxa_atexit --enable-checking --with-mpfr=/usr/local/ --program-suffix=-4.2.0 --enable-languages=c,ada,c++,fortran,java,objc