This is the mail archive of the
gcc-testresults@gcc.gnu.org
mailing list for the GCC project.
Results for 4.3.0 20070427 (experimental) gcc testsuite on powerpc-unknown-eabisim
- From: mstein at phenix dot rootshell dot be (mstein)
- To: gcc-testresults at gcc dot gnu dot org
- Date: Sun, 29 Apr 2007 07:02:26 +0200 (CEST)
- Subject: Results for 4.3.0 20070427 (experimental) gcc testsuite on powerpc-unknown-eabisim
Ubuntu 5 on pentium3-smp
cross tool versions:
GNU assembler (GNU Binutils) 2.17.50.20070407
GNU gdb 6.6.50.20070407-cvs
GNU ld (GNU Binutils) 2.17.50.20070407
GNU Make 3.80
expect version 5.42.1
host gcc version: gcc (GCC) 4.3.0 20070426 (experimental)
LAST_UPDATED: Fri Apr 27 22:03:22 UTC 2007 (revision 124242)
Target is powerpc-unknown-eabisim
Host is i686-pc-linux-gnu
=== gcc tests ===
Running target powerpc-sim
FAIL: gcc.c-torture/execute/991118-1.c execution, -O3 -fomit-frame-pointer
FAIL: gcc.c-torture/execute/991118-1.c execution, -O3 -g
FAIL: gcc.c-torture/execute/bf64-1.c execution, -O3 -fomit-frame-pointer
FAIL: gcc.c-torture/execute/bf64-1.c execution, -O3 -g
FAIL: gcc.c-torture/execute/mayalias-2.c compilation, -O3 -g (internal compiler error)
UNRESOLVED: gcc.c-torture/execute/mayalias-2.c execution, -O3 -g
FAIL: gcc.c-torture/execute/mayalias-3.c compilation, -O3 -g (internal compiler error)
UNRESOLVED: gcc.c-torture/execute/mayalias-3.c execution, -O3 -g
FAIL: gcc.c-torture/execute/ieee/inf-1.c execution, -O0
WARNING: Could not compile gcc.dg/compat/struct-layout-1 generator
FAIL: gcc.dg/cpp/assert4.c (test for excess errors)
FAIL: gcc.dg/builtins-20.c (test for excess errors)
FAIL: gcc.dg/builtins-59.c scan-tree-dump __builtin_cexpi
FAIL: gcc.dg/builtins-59.c scan-tree-dump-not sincos
FAIL: gcc.dg/builtins-61.c scan-tree-dump cexpi
FAIL: gcc.dg/builtins-61.c scan-tree-dump sin
FAIL: gcc.dg/builtins-61.c scan-tree-dump cos
FAIL: gcc.dg/builtins-61.c scan-tree-dump return 0.0
FAIL: gcc.dg/builtins-62.c scan-tree-dump-times cexpi 3
FAIL: gcc.dg/float-range-3.c (test for excess errors)
FAIL: gcc.dg/float-range-4.c (test for excess errors)
FAIL: gcc.dg/float-range-5.c (test for excess errors)
FAIL: gcc.dg/ia64-sync-1.c execution test
FAIL: gcc.dg/memcpy-1.c scan-tree-dump-times nasty_local 0
FAIL: gcc.dg/var-expand3.c execution test
FAIL: gcc.dg/gomp/appendix-a/a.1.1.c (internal compiler error)
FAIL: gcc.dg/gomp/appendix-a/a.1.1.c (test for excess errors)
FAIL: gcc.dg/gomp/appendix-a/a.10.1.c (internal compiler error)
FAIL: gcc.dg/gomp/appendix-a/a.10.1.c (test for excess errors)
FAIL: gcc.dg/gomp/appendix-a/a.12.1.c (internal compiler error)
FAIL: gcc.dg/gomp/appendix-a/a.12.1.c (test for excess errors)
FAIL: gcc.dg/gomp/appendix-a/a.13.1.c (internal compiler error)
FAIL: gcc.dg/gomp/appendix-a/a.13.1.c (test for excess errors)
FAIL: gcc.dg/gomp/appendix-a/a.14.1.c (internal compiler error)
FAIL: gcc.dg/gomp/appendix-a/a.14.1.c (test for excess errors)
FAIL: gcc.dg/gomp/appendix-a/a.17.1.c (internal compiler error)
FAIL: gcc.dg/gomp/appendix-a/a.17.1.c (test for excess errors)
FAIL: gcc.dg/gomp/appendix-a/a.17.2.c (internal compiler error)
FAIL: gcc.dg/gomp/appendix-a/a.17.2.c (test for excess errors)
FAIL: gcc.dg/gomp/appendix-a/a.20.2.c (internal compiler error)
FAIL: gcc.dg/gomp/appendix-a/a.20.2.c (test for excess errors)
FAIL: gcc.dg/gomp/appendix-a/a.26.2.c (internal compiler error)
FAIL: gcc.dg/gomp/appendix-a/a.26.2.c (test for excess errors)
FAIL: gcc.dg/gomp/appendix-a/a.27.1.c (internal compiler error)
FAIL: gcc.dg/gomp/appendix-a/a.27.1.c (test for excess errors)
FAIL: gcc.dg/gomp/appendix-a/a.30.1.c (internal compiler error)
FAIL: gcc.dg/gomp/appendix-a/a.30.1.c (test for excess errors)
FAIL: gcc.dg/gomp/appendix-a/a.31.1.c (internal compiler error)
FAIL: gcc.dg/gomp/appendix-a/a.31.1.c (test for excess errors)
FAIL: gcc.dg/gomp/appendix-a/a.31.2.c (internal compiler error)
FAIL: gcc.dg/gomp/appendix-a/a.31.2.c (test for excess errors)
FAIL: gcc.dg/gomp/appendix-a/a.32.1.c (internal compiler error)
FAIL: gcc.dg/gomp/appendix-a/a.32.1.c (test for excess errors)
FAIL: gcc.dg/gomp/appendix-a/a.34.1.c (internal compiler error)
FAIL: gcc.dg/gomp/appendix-a/a.34.1.c (test for excess errors)
FAIL: gcc.dg/gomp/appendix-a/a.34.2.c (internal compiler error)
FAIL: gcc.dg/gomp/appendix-a/a.34.2.c (test for excess errors)
FAIL: gcc.dg/gomp/appendix-a/a.35.1.c (internal compiler error)
FAIL: gcc.dg/gomp/appendix-a/a.35.1.c (test for excess errors)
FAIL: gcc.dg/gomp/appendix-a/a.35.2.c (internal compiler error)
FAIL: gcc.dg/gomp/appendix-a/a.35.2.c (test for excess errors)
FAIL: gcc.dg/gomp/appendix-a/a.35.3.c (internal compiler error)
FAIL: gcc.dg/gomp/appendix-a/a.35.3.c (test for excess errors)
FAIL: gcc.dg/gomp/appendix-a/a.35.4.c (internal compiler error)
FAIL: gcc.dg/gomp/appendix-a/a.35.4.c (test for excess errors)
FAIL: gcc.dg/gomp/appendix-a/a.35.5.c (internal compiler error)
FAIL: gcc.dg/gomp/appendix-a/a.35.5.c (test for excess errors)
FAIL: gcc.dg/gomp/appendix-a/a.35.6.c (internal compiler error)
FAIL: gcc.dg/gomp/appendix-a/a.35.6.c (test for excess errors)
FAIL: gcc.dg/gomp/appendix-a/a.37.1.c (internal compiler error)
FAIL: gcc.dg/gomp/appendix-a/a.37.1.c (test for excess errors)
FAIL: gcc.dg/gomp/appendix-a/a.37.2.c (internal compiler error)
FAIL: gcc.dg/gomp/appendix-a/a.37.2.c (test for excess errors)
FAIL: gcc.dg/gomp/appendix-a/a.8.1.c (internal compiler error)
FAIL: gcc.dg/gomp/appendix-a/a.8.1.c (test for excess errors)
FAIL: gcc.dg/gomp/appendix-a/a.9.1.c (internal compiler error)
FAIL: gcc.dg/gomp/appendix-a/a.9.1.c (test for excess errors)
FAIL: gcc.dg/gomp/asm-1.c (internal compiler error)
FAIL: gcc.dg/gomp/asm-1.c (test for excess errors)
FAIL: gcc.dg/gomp/block-11.c (internal compiler error)
FAIL: gcc.dg/gomp/block-11.c (test for excess errors)
FAIL: gcc.dg/gomp/complex-1.c (internal compiler error)
FAIL: gcc.dg/gomp/complex-1.c (test for excess errors)
FAIL: gcc.dg/gomp/for-12.c (internal compiler error)
FAIL: gcc.dg/gomp/for-12.c (test for excess errors)
FAIL: gcc.dg/gomp/for-13.c (internal compiler error)
FAIL: gcc.dg/gomp/for-13.c (test for excess errors)
FAIL: gcc.dg/gomp/for-14.c (internal compiler error)
FAIL: gcc.dg/gomp/for-14.c (test for excess errors)
FAIL: gcc.dg/gomp/for-16.c (internal compiler error)
FAIL: gcc.dg/gomp/for-16.c (test for excess errors)
FAIL: gcc.dg/gomp/for-18.c (internal compiler error)
FAIL: gcc.dg/gomp/for-18.c (test for excess errors)
FAIL: gcc.dg/gomp/for-19.c (internal compiler error)
FAIL: gcc.dg/gomp/for-19.c (test for excess errors)
FAIL: gcc.dg/gomp/macro-1.c (internal compiler error)
FAIL: gcc.dg/gomp/macro-1.c (test for excess errors)
FAIL: gcc.dg/gomp/macro-2.c (internal compiler error)
FAIL: gcc.dg/gomp/macro-2.c (test for excess errors)
FAIL: gcc.dg/gomp/macro-3.c (internal compiler error)
FAIL: gcc.dg/gomp/macro-3.c (test for excess errors)
FAIL: gcc.dg/gomp/nestedfn-1.c (internal compiler error)
FAIL: gcc.dg/gomp/nestedfn-1.c (test for excess errors)
FAIL: gcc.dg/gomp/num-threads-1.c (internal compiler error)
FAIL: gcc.dg/gomp/num-threads-1.c (test for excess errors)
FAIL: gcc.dg/gomp/parallel-1.c (internal compiler error)
FAIL: gcc.dg/gomp/parallel-1.c (test for excess errors)
FAIL: gcc.dg/gomp/parallel-3.c (internal compiler error)
FAIL: gcc.dg/gomp/parallel-3.c (test for excess errors)
FAIL: gcc.dg/gomp/pr25874.c (internal compiler error)
FAIL: gcc.dg/gomp/pr25874.c (test for excess errors)
FAIL: gcc.dg/gomp/pr25989.c (internal compiler error)
FAIL: gcc.dg/gomp/pr25989.c (test for excess errors)
FAIL: gcc.dg/gomp/pr25990.c (internal compiler error)
FAIL: gcc.dg/gomp/pr25990.c (test for excess errors)
FAIL: gcc.dg/gomp/pr26412.c (internal compiler error)
FAIL: gcc.dg/gomp/pr26412.c (test for excess errors)
FAIL: gcc.dg/gomp/pr27328.c (internal compiler error)
FAIL: gcc.dg/gomp/pr27328.c (test for excess errors)
FAIL: gcc.dg/gomp/pr27388-1.c (internal compiler error)
FAIL: gcc.dg/gomp/pr27388-1.c (test for excess errors)
FAIL: gcc.dg/gomp/pr27388-2.c (internal compiler error)
FAIL: gcc.dg/gomp/pr27388-2.c (test for excess errors)
FAIL: gcc.dg/gomp/pr27388-2.c scan-tree-dump-times omp for[^\\n]*private\\(j\\) 1
FAIL: gcc.dg/gomp/pr27388-3.c (internal compiler error)
FAIL: gcc.dg/gomp/pr27388-3.c (test for excess errors)
FAIL: gcc.dg/gomp/pr27499.c (internal compiler error)
FAIL: gcc.dg/gomp/pr27499.c (test for excess errors)
FAIL: gcc.dg/gomp/pr29955.c (internal compiler error)
FAIL: gcc.dg/gomp/pr29955.c (test for excess errors)
FAIL: gcc.dg/gomp/pr29965-1.c (internal compiler error)
FAIL: gcc.dg/gomp/pr29965-1.c (test for excess errors)
FAIL: gcc.dg/gomp/pr29965-2.c (internal compiler error)
FAIL: gcc.dg/gomp/pr29965-2.c (test for excess errors)
FAIL: gcc.dg/gomp/pr29965-4.c (internal compiler error)
FAIL: gcc.dg/gomp/pr29965-4.c (test for excess errors)
FAIL: gcc.dg/gomp/pr29965-5.c (internal compiler error)
FAIL: gcc.dg/gomp/pr29965-5.c (test for excess errors)
FAIL: gcc.dg/gomp/pr29965-6.c (internal compiler error)
FAIL: gcc.dg/gomp/pr29965-6.c (test for excess errors)
FAIL: gcc.dg/gomp/pr30421.c (internal compiler error)
FAIL: gcc.dg/gomp/pr30421.c (test for excess errors)
FAIL: gcc.dg/gomp/sharing-2.c (internal compiler error)
FAIL: gcc.dg/gomp/sharing-2.c (test for excess errors)
FAIL: gcc.dg/gomp/sharing-3.c (internal compiler error)
FAIL: gcc.dg/gomp/sharing-3.c (test for excess errors)
FAIL: gcc.dg/gomp/static.c (internal compiler error)
FAIL: gcc.dg/gomp/static.c (test for excess errors)
FAIL: gcc.dg/gomp/uninit-1.c (internal compiler error)
FAIL: gcc.dg/gomp/uninit-1.c (test for excess errors)
FAIL: gcc.dg/gomp/vla-2.c (internal compiler error)
FAIL: gcc.dg/gomp/vla-2.c (test for excess errors)
FAIL: gcc.dg/gomp/vla-3.c (internal compiler error)
FAIL: gcc.dg/gomp/vla-3.c (test for excess errors)
FAIL: gcc.dg/gomp/vla-4.c (internal compiler error)
FAIL: gcc.dg/gomp/vla-4.c (test for excess errors)
FAIL: gcc.dg/gomp/vla-5.c (internal compiler error)
FAIL: gcc.dg/gomp/vla-5.c (test for excess errors)
FAIL: gcc.dg/torture/builtin-pow-mpfr-1.c -O0 scan-tree-dump pow
FAIL: gcc.dg/torture/builtin-pow-mpfr-1.c -O1 scan-tree-dump pow
FAIL: gcc.dg/torture/builtin-pow-mpfr-1.c -O2 scan-tree-dump pow
FAIL: gcc.dg/torture/builtin-pow-mpfr-1.c -O3 -fomit-frame-pointer scan-tree-dump pow
FAIL: gcc.dg/torture/builtin-pow-mpfr-1.c -O3 -g scan-tree-dump pow
FAIL: gcc.dg/torture/builtin-pow-mpfr-1.c -Os scan-tree-dump pow
FAIL: gcc.dg/torture/builtin-sin-mpfr-1.c -O0 (test for excess errors)
FAIL: gcc.dg/torture/builtin-sin-mpfr-1.c -O1 (test for excess errors)
FAIL: gcc.dg/torture/builtin-sin-mpfr-1.c -O2 (test for excess errors)
FAIL: gcc.dg/torture/builtin-sin-mpfr-1.c -O3 -fomit-frame-pointer (test for excess errors)
FAIL: gcc.dg/torture/builtin-sin-mpfr-1.c -O3 -fomit-frame-pointer -funroll-loops (test for excess errors)
FAIL: gcc.dg/torture/builtin-sin-mpfr-1.c -O3 -fomit-frame-pointer -funroll-all-loops -finline-functions (test for excess errors)
FAIL: gcc.dg/torture/builtin-sin-mpfr-1.c -O3 -g (test for excess errors)
FAIL: gcc.dg/torture/builtin-sin-mpfr-1.c -Os (test for excess errors)
XPASS: gcc.dg/tree-ssa/update-threading.c scan-tree-dump-times Invalid sum 0
FAIL: gcc.target/powerpc/20020118-1.c execution test
FAIL: gcc.target/powerpc/20030218-1.c (test for errors, line 14)
FAIL: gcc.target/powerpc/20030218-1.c (test for errors, line 18)
FAIL: gcc.target/powerpc/20030218-1.c (test for errors, line 21)
FAIL: gcc.target/powerpc/20030218-1.c (test for excess errors)
FAIL: gcc.target/powerpc/altivec-1.c execution test
FAIL: gcc.target/powerpc/altivec-12.c execution test
FAIL: gcc.target/powerpc/altivec-24.c execution test
FAIL: gcc.target/powerpc/altivec-3.c execution test
FAIL: gcc.target/powerpc/altivec-consts.c execution test
FAIL: gcc.target/powerpc/altivec-varargs-1.c execution test
FAIL: gcc.target/powerpc/altivec-vec-merge.c execution test
FAIL: gcc.target/powerpc/darwin-longlong.c execution test
FAIL: gcc.target/powerpc/spe1.c (test for excess errors)
=== gcc Summary ===
# of expected passes 43608
# of unexpected failures 183
# of unexpected successes 1
# of expected failures 117
# of unresolved testcases 2
# of untested testcases 28
# of unsupported tests 465
/home/mstein/sim/powerpc-eabisim/build/gcc/xgcc version 4.3.0 20070427 (experimental)
Compiler version: 4.3.0 20070427 (experimental) gcc
Platform: powerpc-unknown-eabisim
configure flags: --target=powerpc-eabisim --prefix=/n/07/mstein/cross-local/powerpc-eabisim --enable-languages=c --disable-nls --disable-build-warnings --with-ld=/n/07/mstein/cross-local/powerpc-eabisim/bin/powerpc-eabisim-ld --with-as=/n/07/mstein/cross-local/powerpc-eabisim/bin/powerpc-eabisim-as --disable-libssp