This is the mail archive of the
gcc-testresults@gcc.gnu.org
mailing list for the GCC project.
Results for 4.1.3 20070424 (prerelease) testsuite on arm-none-eabi
- From: CodeSourcery Automatic Testing System <gcc at codesourcery dot com>
- To: gcc-testresults at gcc dot gnu dot org
- Date: Wed, 25 Apr 2007 03:44:51 -0700
- Subject: Results for 4.1.3 20070424 (prerelease) testsuite on arm-none-eabi
LAST_UPDATED: Tue Apr 24 07:12:26 UTC 2007 (/branches/gcc-4_1-branch revision 124096)
Target is arm-none-eabi
Host is i686-pc-linux-gnu
=== g++ tests ===
Running target arm-sim
FAIL: g++.dg/abi/local1.C execution test
FAIL: g++.dg/opt/switch4.C (test for excess errors)
XPASS: g++.dg/other/packed1.C execution test
XPASS: g++.dg/tree-ssa/pr14814.C scan-tree-dump-times &this 0
XPASS: g++.old-deja/g++.other/init5.C execution test
=== g++ Summary ===
# of expected passes 12314
# of unexpected failures 2
# of unexpected successes 3
# of expected failures 67
# of unsupported tests 122
/scratch/gcc/nightly-2007-04-25-4.1/arm-none-eabi/build_gcc/build/test-4.1-0-arm-none-eabi/host-i686-pc-linux-gnu/fsf-4.1/bin/arm-none-eabi-g++ version 4.1.3 20070424 (prerelease)
Host is i686-pc-linux-gnu
=== gcc tests ===
Running target arm-sim
FAIL: gcc.dg/compat/struct-layout-1 c_compat_x_tst.o compile
FAIL: gcc.dg/compat/struct-layout-1 c_compat_y_tst.o compile
UNRESOLVED: gcc.dg/compat/struct-layout-1 c_compat_x_tst.o-c_compat_y_tst.o link
UNRESOLVED: gcc.dg/compat/struct-layout-1 c_compat_x_tst.o-c_compat_y_tst.o execute
FAIL: gcc.dg/tls/alias-1.c (test for excess errors)
FAIL: gcc.dg/tls/opt-2.c (test for excess errors)
=== gcc Summary ===
# of expected passes 37816
# of unexpected failures 4
# of expected failures 77
# of unresolved testcases 2
# of untested testcases 28
# of unsupported tests 351
/scratch/gcc/nightly-2007-04-25-4.1/arm-none-eabi/build_gcc/build/test-4.1-0-arm-none-eabi/host-i686-pc-linux-gnu/fsf-4.1/bin/arm-none-eabi-gcc version 4.1.3 20070424 (prerelease)
Host is i686-pc-linux-gnu
=== libstdc++ tests ===
Running target arm-sim
FAIL: 26_numerics/cmath/c99_classification_macros_c.cc (test for excess errors)
FAIL: 27_io/ios_base/sync_with_stdio/1.cc execution test
XPASS: ext/stdio_filebuf/char/10063-2.cc execution test
XPASS: ext/stdio_filebuf/char/10063-3.cc execution test
=== libstdc++ Summary ===
# of expected passes 2603
# of unexpected failures 2
# of unexpected successes 2
# of expected failures 15
# of unsupported tests 151
Host is i686-pc-linux-gnu
=== g++ tests ===
Running target arm-sim/-mthumb
FAIL: g++.dg/abi/local1.C execution test
FAIL: g++.dg/opt/switch4.C (test for excess errors)
XPASS: g++.dg/other/packed1.C execution test
XPASS: g++.dg/tree-ssa/pr14814.C scan-tree-dump-times &this 0
XPASS: g++.old-deja/g++.other/init5.C execution test
=== g++ Summary ===
# of expected passes 12312
# of unexpected failures 2
# of unexpected successes 3
# of expected failures 67
# of unsupported tests 123
/scratch/gcc/nightly-2007-04-25-4.1/arm-none-eabi/build_gcc/build/test-4.1-0-arm-none-eabi/host-i686-pc-linux-gnu/fsf-4.1/bin/arm-none-eabi-g++ version 4.1.3 20070424 (prerelease)
Host is i686-pc-linux-gnu
=== gcc tests ===
Running target arm-sim/-mthumb
XPASS: gcc.c-torture/execute/941014-1.c execution, -O0
FAIL: gcc.dg/compat/struct-layout-1 c_compat_x_tst.o compile
FAIL: gcc.dg/compat/struct-layout-1 c_compat_y_tst.o compile
UNRESOLVED: gcc.dg/compat/struct-layout-1 c_compat_x_tst.o-c_compat_y_tst.o link
UNRESOLVED: gcc.dg/compat/struct-layout-1 c_compat_x_tst.o-c_compat_y_tst.o execute
FAIL: gcc.dg/debug/20050907-1.c -gstabs1 (test for excess errors)
FAIL: gcc.dg/debug/20050907-1.c -gstabs (test for excess errors)
FAIL: gcc.dg/debug/20050907-1.c -gstabs3 (test for excess errors)
FAIL: gcc.dg/debug/20050907-1.c -gstabs+1 (test for excess errors)
FAIL: gcc.dg/debug/20050907-1.c -gstabs+ (test for excess errors)
FAIL: gcc.dg/debug/20050907-1.c -gstabs+3 (test for excess errors)
FAIL: gcc.dg/sibcall-3.c execution test
FAIL: gcc.dg/sibcall-4.c execution test
FAIL: gcc.dg/tls/alias-1.c (test for excess errors)
FAIL: gcc.dg/tls/opt-2.c (test for excess errors)
XPASS: gcc.dg/tree-ssa/20040204-1.c scan-tree-dump-times link_error 0
=== gcc Summary ===
# of expected passes 37764
# of unexpected failures 12
# of unexpected successes 2
# of expected failures 76
# of unresolved testcases 2
# of untested testcases 28
# of unsupported tests 356
/scratch/gcc/nightly-2007-04-25-4.1/arm-none-eabi/build_gcc/build/test-4.1-0-arm-none-eabi/host-i686-pc-linux-gnu/fsf-4.1/bin/arm-none-eabi-gcc version 4.1.3 20070424 (prerelease)
Host is i686-pc-linux-gnu
=== libstdc++ tests ===
Running target arm-sim/-mthumb
FAIL: 22_locale/money_put/put/char/12971.cc execution test
FAIL: 22_locale/money_put/put/char/6.cc execution test
FAIL: 22_locale/num_put/put/char/4.cc execution test
FAIL: 26_numerics/cmath/c99_classification_macros_c.cc (test for excess errors)
WARNING: program timed out.
FAIL: 27_io/basic_stringbuf/overflow/char/1.cc execution test
FAIL: 27_io/ios_base/sync_with_stdio/1.cc execution test
XPASS: ext/stdio_filebuf/char/10063-2.cc execution test
XPASS: ext/stdio_filebuf/char/10063-3.cc execution test
=== libstdc++ Summary ===
# of expected passes 2599
# of unexpected failures 6
# of unexpected successes 2
# of expected failures 15
# of unsupported tests 151
Compiler version: 4.1.3 20070424 (prerelease)
Platform: arm-none-eabi
configure flags: --build=i686-pc-linux-gnu --host=i686-pc-linux-gnu --target=arm-none-eabi --enable-shared --enable-threads --disable-libmudflap --disable-libssp --disable-libgomp --disable-libstdcxx-pch --with-gnu-as --with-gnu-ld --prefix=/scratch/gcc/nightly-2007-04-25-4.1/arm-none-eabi/build_gcc/install --enable-languages=c,c++ --with-newlib --disable-nls --with-headers=yes --with-sysroot=/scratch/gcc/nightly-2007-04-25-4.1/arm-none-eabi/build_gcc/install/arm-none-eabi --enable-poison-system-directories