This is the mail archive of the
gcc-testresults@gcc.gnu.org
mailing list for the GCC project.
Results for 4.3.0 20070422 (experimental) testsuite on ia64-unknown-linux-gnu
- From: Matthias Klose <doko at debian dot org>
- To: gcc-testresults at gcc dot gnu dot org
- Cc: debian-gcc at lists dot debian dot org
- Date: Tue, 24 Apr 2007 17:55:27 -0600
- Subject: Results for 4.3.0 20070422 (experimental) testsuite on ia64-unknown-linux-gnu
- Reply-to: Matthias Klose <doko at debian dot org>
LAST_UPDATED:
=== acats tests ===
FAIL: c38005a
FAIL: c64104i
FAIL: c954025
FAIL: c9a011b
FAIL: cd10002
FAIL: cd92001
FAIL: cxh1001
=== acats Summary ===
# of expected passes 2308
# of unexpected failures 7
Native configuration is ia64-unknown-linux-gnu
=== g++ tests ===
Running target unix
FAIL: g++.dg/tree-prof/indir-call-prof.C scan-tree-dump Indirect call -> direct call.* AA transformation on insn
FAIL: g++.dg/tree-prof/indir-call-prof.C scan-tree-dump Indirect call -> direct call.* AA transformation on insn
FAIL: g++.dg/tree-prof/indir-call-prof.C scan-tree-dump Indirect call -> direct call.* AA transformation on insn
FAIL: g++.dg/tree-prof/indir-call-prof.C scan-tree-dump Indirect call -> direct call.* AA transformation on insn
FAIL: g++.dg/tree-prof/indir-call-prof.C scan-tree-dump Indirect call -> direct call.* AA transformation on insn
FAIL: g++.dg/tree-prof/indir-call-prof.C scan-tree-dump Indirect call -> direct call.* AA transformation on insn
FAIL: g++.dg/tree-prof/indir-call-prof.C scan-tree-dump Indirect call -> direct call.* AA transformation on insn
=== g++ Summary ===
# of expected passes 14142
# of unexpected failures 7
# of expected failures 79
# of unsupported tests 119
/build/buildd/gcc-snapshot-20070422/build/gcc/testsuite/g++/../../g++ version 4.3.0 20070422 (experimental)
=== gcc tests ===
Running target unix
FAIL: gcc.c-torture/execute/mayalias-2.c compilation, -O3 -g (internal compiler error)
UNRESOLVED: gcc.c-torture/execute/mayalias-2.c execution, -O3 -g
FAIL: gcc.c-torture/execute/mayalias-3.c compilation, -O3 -g (internal compiler error)
UNRESOLVED: gcc.c-torture/execute/mayalias-3.c execution, -O3 -g
FAIL: gcc.c-torture/execute/va-arg-24.c execution, -O3 -fomit-frame-pointer -funroll-loops
FAIL: gcc.c-torture/execute/va-arg-24.c execution, -O3 -fomit-frame-pointer -funroll-all-loops -finline-functions
FAIL: gcc.dg/builtin-apply4.c execution test
FAIL: gcc.dg/pr30643.c scan-assembler-not undefined
UNRESOLVED: gcc.dg/torture/fp-int-convert-float128-timode.c -O0 compilation failed to produce executable
UNRESOLVED: gcc.dg/torture/fp-int-convert-float128-timode.c -O1 compilation failed to produce executable
UNRESOLVED: gcc.dg/torture/fp-int-convert-float128-timode.c -O2 compilation failed to produce executable
UNRESOLVED: gcc.dg/torture/fp-int-convert-float128-timode.c -O3 -fomit-frame-pointer compilation failed to produce executable
UNRESOLVED: gcc.dg/torture/fp-int-convert-float128-timode.c -O3 -g compilation failed to produce executable
UNRESOLVED: gcc.dg/torture/fp-int-convert-float128-timode.c -Os compilation failed to produce executable
FAIL: gcc.dg/torture/fp-int-convert-float128.c -O0 (test for excess errors)
UNRESOLVED: gcc.dg/torture/fp-int-convert-float128.c -O0 compilation failed to produce executable
FAIL: gcc.dg/torture/fp-int-convert-float128.c -O1 (test for excess errors)
UNRESOLVED: gcc.dg/torture/fp-int-convert-float128.c -O1 compilation failed to produce executable
FAIL: gcc.dg/torture/fp-int-convert-float128.c -O2 (test for excess errors)
UNRESOLVED: gcc.dg/torture/fp-int-convert-float128.c -O2 compilation failed to produce executable
FAIL: gcc.dg/torture/fp-int-convert-float128.c -O3 -fomit-frame-pointer (test for excess errors)
UNRESOLVED: gcc.dg/torture/fp-int-convert-float128.c -O3 -fomit-frame-pointer compilation failed to produce executable
FAIL: gcc.dg/torture/fp-int-convert-float128.c -O3 -g (test for excess errors)
UNRESOLVED: gcc.dg/torture/fp-int-convert-float128.c -O3 -g compilation failed to produce executable
FAIL: gcc.dg/torture/fp-int-convert-float128.c -Os (test for excess errors)
UNRESOLVED: gcc.dg/torture/fp-int-convert-float128.c -Os compilation failed to produce executable
XPASS: gcc.dg/tree-ssa/loop-1.c scan-assembler-times foo 5
XPASS: gcc.dg/tree-ssa/update-threading.c scan-tree-dump-times Invalid sum 0
FAIL: gcc.dg/vect/pr30771.c scan-tree-dump-times vectorized 1 loops 1
FAIL: gcc.dg/vect/vect-iv-4.c scan-tree-dump-times vectorized 1 loops 1
FAIL: gcc.dg/vect/vect-iv-9.c scan-tree-dump-times vectorized 1 loops 2
FAIL: gcc.dg/vect/vect-reduc-dot-s16b.c scan-tree-dump-times vectorized 1 loops 0
FAIL: gcc.dg/vect/vect-reduc-dot-u16b.c scan-tree-dump-times vectorized 1 loops 1
FAIL: gcc.dg/vect/vect-reduc-pattern-1a.c scan-tree-dump-times vectorized 1 loops 0
FAIL: gcc.dg/vect/vect-reduc-pattern-1c.c scan-tree-dump-times vectorized 1 loops 0
FAIL: gcc.dg/vect/vect-reduc-pattern-2a.c scan-tree-dump-times vectorized 1 loops 0
FAIL: gcc.dg/vect/vect-widen-mult-u16.c scan-tree-dump-times vectorized 1 loops 1
FAIL: gcc.dg/vect/wrapv-vect-reduc-pattern-2c.c scan-tree-dump-times vectorized 1 loops 0
FAIL: gcc.dg/vect/no-section-anchors-vect-69.c scan-tree-dump-times Alignment of access forced using peeling 3
=== gcc Summary ===
# of expected passes 42541
# of unexpected failures 23
# of unexpected successes 2
# of expected failures 155
# of unresolved testcases 14
# of untested testcases 28
# of unsupported tests 376
/build/buildd/gcc-snapshot-20070422/build/gcc/xgcc version 4.3.0 20070422 (experimental)
=== gfortran tests ===
Running target unix
FAIL: gfortran.dg/secnds.f -Os execution test
=== gfortran Summary ===
# of expected passes 17480
# of unexpected failures 1
# of expected failures 13
# of unsupported tests 28
/build/buildd/gcc-snapshot-20070422/build/gcc/testsuite/gfortran/../../gfortran version 4.3.0 20070422 (experimental)
=== gnat tests ===
Running target unix
FAIL: gnat.dg/address_conversion.adb execution test
FAIL: gnat.dg/frame_overflow.adb (test for errors, line 12)
FAIL: gnat.dg/frame_overflow.adb (test for errors, line 21)
=== gnat Summary ===
# of expected passes 165
# of unexpected failures 3
=== obj-c++ tests ===
Running target unix
FAIL: obj-c++.dg/bitfield-1.mm (internal compiler error)
FAIL: obj-c++.dg/bitfield-1.mm (test for excess errors)
UNRESOLVED: obj-c++.dg/bitfield-1.mm compilation failed to produce executable
FAIL: obj-c++.dg/bitfield-4.mm (test for excess errors)
FAIL: obj-c++.dg/comp-types-10.mm (internal compiler error)
FAIL: obj-c++.dg/comp-types-10.mm (test for excess errors)
FAIL: obj-c++.dg/cxx-class-1.mm (test for excess errors)
FAIL: obj-c++.dg/cxx-ivars-2.mm execution test
FAIL: obj-c++.dg/encode-2.mm scan-assembler {Vec<float>=ffi}
FAIL: obj-c++.dg/encode-2.mm scan-assembler {Vec<double>=ddi}
FAIL: obj-c++.dg/encode-3.mm execution test
FAIL: obj-c++.dg/encode-8.mm execution test
FAIL: obj-c++.dg/gnu-runtime-2.mm (test for excess errors)
FAIL: obj-c++.dg/isa-field-1.mm (test for excess errors)
FAIL: obj-c++.dg/layout-1.mm (test for excess errors)
FAIL: obj-c++.dg/lookup-2.mm (test for excess errors)
UNRESOLVED: obj-c++.dg/lookup-2.mm compilation failed to produce executable
FAIL: obj-c++.dg/try-catch-2.mm (test for excess errors)
UNRESOLVED: obj-c++.dg/try-catch-2.mm compilation failed to produce executable
FAIL: obj-c++.dg/try-catch-9.mm (internal compiler error)
FAIL: obj-c++.dg/try-catch-9.mm (test for excess errors)
UNRESOLVED: obj-c++.dg/try-catch-9.mm compilation failed to produce executable
=== obj-c++ Summary ===
# of expected passes 419
# of unexpected failures 18
# of unresolved testcases 4
# of unsupported tests 13
/build/buildd/gcc-snapshot-20070422/build/gcc/testsuite/obj-c++/../../g++ version 4.3.0 20070422 (experimental)
=== objc tests ===
Running target unix
=== objc Summary ===
# of expected passes 1810
# of expected failures 7
# of unsupported tests 25
/build/buildd/gcc-snapshot-20070422/build/gcc/xgcc version 4.3.0 20070422 (experimental)
=== treelang tests ===
Running target unix
=== treelang Summary ===
# of expected passes 52
=== libffi tests ===
Running target unix
=== libffi Summary ===
# of expected passes 1096
# of unsupported tests 8
=== libgomp tests ===
Running target unix
FAIL: libgomp.fortran/vla4.f90 -O3 -fomit-frame-pointer execution test
FAIL: libgomp.fortran/vla4.f90 -O3 -fomit-frame-pointer -funroll-loops execution test
FAIL: libgomp.fortran/vla4.f90 -O3 -fomit-frame-pointer -funroll-all-loops -finline-functions execution test
FAIL: libgomp.fortran/vla4.f90 -O3 -g execution test
FAIL: libgomp.fortran/vla5.f90 -O3 -fomit-frame-pointer execution test
FAIL: libgomp.fortran/vla5.f90 -O3 -fomit-frame-pointer -funroll-loops execution test
FAIL: libgomp.fortran/vla5.f90 -O3 -fomit-frame-pointer -funroll-all-loops -finline-functions execution test
FAIL: libgomp.fortran/vla5.f90 -O3 -g execution test
=== libgomp Summary ===
# of expected passes 1558
# of unexpected failures 8
=== libjava tests ===
Running target unix
FAIL: getlocalvartable output
FAIL: Throw_3 -O3 output - source compiled test
FAIL: Throw_3 -O3 -findirect-dispatch output - source compiled test
=== libjava Summary ===
# of expected passes 2541
# of unexpected failures 3
=== libmudflap tests ===
Running target unix
FAIL: libmudflap.c++/pass41-frag.cxx execution test
FAIL: libmudflap.c++/pass41-frag.cxx ( -O) execution test
FAIL: libmudflap.c++/pass41-frag.cxx (-O2) execution test
FAIL: libmudflap.c++/pass41-frag.cxx (-O3) execution test
WARNING: program timed out.
FAIL: libmudflap.cth/pass37-frag.c (rerun 1) execution test
FAIL: libmudflap.cth/pass37-frag.c (rerun 1) output pattern test
WARNING: program timed out.
FAIL: libmudflap.cth/pass37-frag.c (rerun 2) execution test
FAIL: libmudflap.cth/pass37-frag.c (rerun 2) output pattern test
WARNING: program timed out.
FAIL: libmudflap.cth/pass37-frag.c (rerun 3) execution test
FAIL: libmudflap.cth/pass37-frag.c (rerun 3) output pattern test
WARNING: program timed out.
FAIL: libmudflap.cth/pass37-frag.c (rerun 4) execution test
FAIL: libmudflap.cth/pass37-frag.c (rerun 4) output pattern test
WARNING: program timed out.
FAIL: libmudflap.cth/pass37-frag.c (rerun 8) execution test
FAIL: libmudflap.cth/pass37-frag.c (rerun 8) output pattern test
WARNING: program timed out.
FAIL: libmudflap.cth/pass37-frag.c (rerun 9) execution test
FAIL: libmudflap.cth/pass37-frag.c (rerun 9) output pattern test
WARNING: program timed out.
FAIL: libmudflap.cth/pass37-frag.c (rerun 10) execution test
FAIL: libmudflap.cth/pass37-frag.c (rerun 10) output pattern test
WARNING: program timed out.
FAIL: libmudflap.cth/pass37-frag.c (rerun 11) execution test
FAIL: libmudflap.cth/pass37-frag.c (rerun 11) output pattern test
WARNING: program timed out.
FAIL: libmudflap.cth/pass37-frag.c (rerun 12) execution test
FAIL: libmudflap.cth/pass37-frag.c (rerun 12) output pattern test
WARNING: program timed out.
FAIL: libmudflap.cth/pass37-frag.c (rerun 16) execution test
FAIL: libmudflap.cth/pass37-frag.c (rerun 16) output pattern test
WARNING: program timed out.
FAIL: libmudflap.cth/pass37-frag.c (rerun 18) execution test
FAIL: libmudflap.cth/pass37-frag.c (rerun 18) output pattern test
WARNING: program timed out.
FAIL: libmudflap.cth/pass39-frag.c (rerun 2) execution test
FAIL: libmudflap.cth/pass39-frag.c (rerun 2) output pattern test
WARNING: program timed out.
FAIL: libmudflap.cth/pass39-frag.c (rerun 3) execution test
FAIL: libmudflap.cth/pass39-frag.c (rerun 3) output pattern test
WARNING: program timed out.
FAIL: libmudflap.cth/pass39-frag.c (rerun 5) execution test
FAIL: libmudflap.cth/pass39-frag.c (rerun 5) output pattern test
WARNING: program timed out.
FAIL: libmudflap.cth/pass39-frag.c (rerun 8) execution test
FAIL: libmudflap.cth/pass39-frag.c (rerun 8) output pattern test
WARNING: program timed out.
FAIL: libmudflap.cth/pass39-frag.c (rerun 13) execution test
FAIL: libmudflap.cth/pass39-frag.c (rerun 13) output pattern test
WARNING: program timed out.
FAIL: libmudflap.cth/pass39-frag.c (rerun 16) execution test
FAIL: libmudflap.cth/pass39-frag.c (rerun 16) output pattern test
WARNING: program timed out.
FAIL: libmudflap.cth/pass37-frag.c (-O2) (rerun 1) execution test
FAIL: libmudflap.cth/pass37-frag.c (-O2) (rerun 1) output pattern test
WARNING: program timed out.
FAIL: libmudflap.cth/pass37-frag.c (-O2) (rerun 2) execution test
FAIL: libmudflap.cth/pass37-frag.c (-O2) (rerun 2) output pattern test
WARNING: program timed out.
FAIL: libmudflap.cth/pass37-frag.c (-O2) (rerun 4) execution test
FAIL: libmudflap.cth/pass37-frag.c (-O2) (rerun 4) output pattern test
WARNING: program timed out.
FAIL: libmudflap.cth/pass37-frag.c (-O2) (rerun 5) execution test
FAIL: libmudflap.cth/pass37-frag.c (-O2) (rerun 5) output pattern test
WARNING: program timed out.
FAIL: libmudflap.cth/pass37-frag.c (-O2) (rerun 6) execution test
FAIL: libmudflap.cth/pass37-frag.c (-O2) (rerun 6) output pattern test
WARNING: program timed out.
FAIL: libmudflap.cth/pass37-frag.c (-O2) (rerun 8) execution test
FAIL: libmudflap.cth/pass37-frag.c (-O2) (rerun 8) output pattern test
WARNING: program timed out.
FAIL: libmudflap.cth/pass37-frag.c (-O2) (rerun 17) execution test
FAIL: libmudflap.cth/pass37-frag.c (-O2) (rerun 17) output pattern test
WARNING: program timed out.
FAIL: libmudflap.cth/pass39-frag.c (-O2) execution test
FAIL: libmudflap.cth/pass39-frag.c (-O2) output pattern test
WARNING: program timed out.
FAIL: libmudflap.cth/pass39-frag.c (-O2) (rerun 1) execution test
FAIL: libmudflap.cth/pass39-frag.c (-O2) (rerun 1) output pattern test
WARNING: program timed out.
FAIL: libmudflap.cth/pass39-frag.c (-O2) (rerun 2) execution test
FAIL: libmudflap.cth/pass39-frag.c (-O2) (rerun 2) output pattern test
WARNING: program timed out.
FAIL: libmudflap.cth/pass39-frag.c (-O2) (rerun 11) execution test
FAIL: libmudflap.cth/pass39-frag.c (-O2) (rerun 11) output pattern test
WARNING: program timed out.
FAIL: libmudflap.cth/pass39-frag.c (-O2) (rerun 12) execution test
WARNING: program timed out.
FAIL: libmudflap.cth/pass39-frag.c (-O2) (rerun 17) execution test
FAIL: libmudflap.cth/pass39-frag.c (-O2) (rerun 17) output pattern test
WARNING: program timed out.
FAIL: libmudflap.cth/pass39-frag.c (-O2) (rerun 18) execution test
FAIL: libmudflap.cth/pass39-frag.c (-O2) (rerun 18) output pattern test
WARNING: program timed out.
FAIL: libmudflap.cth/pass40-frag.c (-O2) execution test
FAIL: libmudflap.cth/pass40-frag.c (-O2) output pattern test
WARNING: program timed out.
FAIL: libmudflap.cth/pass37-frag.c (-O3) execution test
FAIL: libmudflap.cth/pass37-frag.c (-O3) output pattern test
WARNING: program timed out.
FAIL: libmudflap.cth/pass37-frag.c (-O3) (rerun 17) execution test
FAIL: libmudflap.cth/pass37-frag.c (-O3) (rerun 17) output pattern test
WARNING: program timed out.
FAIL: libmudflap.cth/pass37-frag.c (-O3) (rerun 19) execution test
FAIL: libmudflap.cth/pass37-frag.c (-O3) (rerun 19) output pattern test
WARNING: program timed out.
FAIL: libmudflap.cth/pass39-frag.c (-O3) execution test
FAIL: libmudflap.cth/pass39-frag.c (-O3) output pattern test
WARNING: program timed out.
FAIL: libmudflap.cth/pass39-frag.c (-O3) (rerun 13) execution test
FAIL: libmudflap.cth/pass39-frag.c (-O3) (rerun 13) output pattern test
WARNING: program timed out.
FAIL: libmudflap.cth/pass39-frag.c (-O3) (rerun 14) execution test
FAIL: libmudflap.cth/pass39-frag.c (-O3) (rerun 14) output pattern test
WARNING: program timed out.
FAIL: libmudflap.cth/pass39-frag.c (-O3) (rerun 15) execution test
FAIL: libmudflap.cth/pass39-frag.c (-O3) (rerun 15) output pattern test
WARNING: program timed out.
FAIL: libmudflap.cth/pass39-frag.c (-O3) (rerun 17) execution test
FAIL: libmudflap.cth/pass39-frag.c (-O3) (rerun 17) output pattern test
WARNING: program timed out.
FAIL: libmudflap.cth/pass39-frag.c (-O3) (rerun 18) execution test
FAIL: libmudflap.cth/pass39-frag.c (-O3) (rerun 18) output pattern test
WARNING: program timed out.
FAIL: libmudflap.cth/pass39-frag.c (-O3) (rerun 19) execution test
FAIL: libmudflap.cth/pass39-frag.c (-O3) (rerun 19) output pattern test
WARNING: program timed out.
FAIL: libmudflap.cth/pass40-frag.c (-O3) execution test
FAIL: libmudflap.cth/pass40-frag.c (-O3) output pattern test
=== libmudflap Summary ===
# of expected passes 1286
# of unexpected failures 89
=== libstdc++ tests ===
Running target unix
XPASS: 26_numerics/headers/cmath/c99_classification_macros_c.cc (test for excess errors)
XPASS: 27_io/fpos/14320-1.cc execution test
=== libstdc++ Summary ===
# of expected passes 4227
# of unexpected successes 2
# of expected failures 27
# of unsupported tests 316
Compiler version: 4.3.0 20070422 (experimental)
Platform: ia64-unknown-linux-gnu
configure flags: linux gnu,g
BOOT_CFLAGS=-O2
Build Dependencies:
Desired=Unknown/Install/Remove/Purge/Hold
| Status=Not/Installed/Config-files/Unpacked/Failed-config/Half-installed
|/ Err?=(none)/Hold/Reinst-required/X=both-problems (Status,Err: uppercase=bad)
||/ Name Version Description
+++-==============-==============-==============================================
ii binutils 2.17-3 The GNU assembler, linker and binary utilities
ii libc6.1 2.5-2 GNU C Library: Shared libraries
Patches that Debian applied in this version:
fix-ada-build:
Fix temporary Ada build problem
cpu-default-i486:
set default 32bit ix86 architecture to i486
reporting:
Add Debian URL for bug reporting instructions.
gcc-ice-hack:
2004-01-23 Jakub Jelinek <jakub@redhat.com>
* system.h (ICE_EXIT_CODE): Define.
* gcc.c (execute): Don't free first string early, but at the end
of the function. Call retry_ice if compiler exited with
ICE_EXIT_CODE.
(retry_ice): New function.
* diagnostic.c (diagnostic_count_diagnostic,
diagnostic_action_after_output, error_recursion): Exit with
ICE_EXIT_CODE instead of FATAL_EXIT_CODE.
multiarch-include:
biarch-include.dpatch
Adds biarch include directories
/usr/local/include/<arch>-linux-gnu
/usr/include/<arch>-linux-gnu
to the system include paths, depending on 32/64 bit mode.
libjava-qt-peer:
Add standard C++ include directores when building the QT peer library.
libjava-disable-static:
Disable building the static libjava.
ada-driver-check:
Simplify Ada driver check (we always build using the required
Ada version. Needed for warnings on alpha.
Counting all warnings,
there are 0 warnings in stage3 of this bootstrap.
Number of warnings per file:
Number of warning types: