This is the mail archive of the
gcc-testresults@gcc.gnu.org
mailing list for the GCC project.
Results for 4.3.020070414(experimental) testsuite on cris-axis-elf
- From: Hans-Peter Nilsson <hans-peter dot nilsson at axis dot com>
- To: gcc-testresults at gcc dot gnu dot org
- Date: Sun, 15 Apr 2007 06:37:59 +0200
- Subject: Results for 4.3.020070414(experimental) testsuite on cris-axis-elf
LAST_UPDATED: Sat Apr 14 16:58:19 UTC 2007 (revision 123816)
Target is cris-axis-elf
Host is cris-axis-elf
=== libstdc++ tests ===
Running target cris-sim
XPASS: 26_numerics/headers/cmath/c99_classification_macros_c.cc (test for excess errors)
FAIL: 27_io/basic_filebuf/seekoff/12790-1.cc execution test
FAIL: 27_io/basic_filebuf/seekoff/12790-3.cc execution test
FAIL: 27_io/basic_filebuf/seekoff/char/1-in.cc execution test
FAIL: 27_io/basic_filebuf/seekoff/char/1-io.cc execution test
FAIL: 27_io/basic_filebuf/sputbackc/char/1-io.cc execution test
FAIL: 27_io/basic_filebuf/sputbackc/char/2-in.cc execution test
FAIL: 27_io/basic_filebuf/sputbackc/char/2-io.cc execution test
FAIL: 27_io/basic_filebuf/sungetc/char/1-in.cc execution test
FAIL: 27_io/basic_filebuf/sungetc/char/1-io.cc execution test
FAIL: 27_io/basic_filebuf/sungetc/char/2-in.cc execution test
FAIL: 27_io/basic_filebuf/sungetc/char/2-io.cc execution test
WARNING: program timed out.
FAIL: 27_io/objects/char/10.cc execution test
WARNING: program timed out.
FAIL: 27_io/objects/char/12048-1.cc execution test
WARNING: program timed out.
FAIL: 27_io/objects/char/12048-2.cc execution test
WARNING: program timed out.
FAIL: 27_io/objects/char/12048-3.cc execution test
WARNING: program timed out.
FAIL: 27_io/objects/char/12048-4.cc execution test
WARNING: program timed out.
FAIL: 27_io/objects/char/6.cc execution test
FAIL: ext/pb_ds/example/priority_queue_dijkstra.cc execution test
WARNING: program timed out.
FAIL: tr1/5_numerical_facilities/special_functions/20_riemann_zeta/check_value_neg.cc execution test
WARNING: program timed out.
FAIL: tr1/5_numerical_facilities/special_functions/20_riemann_zeta/check_value_pos.cc execution test
=== libstdc++ Summary ===
# of expected passes 3265
# of unexpected failures 20
# of unexpected successes 1
# of expected failures 26
# of unsupported tests 195
Host is x86_64-unknown-linux-gnu
=== newlib tests ===
Running target cris-sim
FAIL: newlib.iconv/iconvjp.c compilation
UNRESOLVED: newlib.iconv/iconvjp.c execution
FAIL: newlib.iconv/iconvnm.c compilation
UNRESOLVED: newlib.iconv/iconvnm.c execution
FAIL: newlib.iconv/iconvru.c compilation
UNRESOLVED: newlib.iconv/iconvru.c execution
FAIL: newlib.locale/UTF-8.c compilation
UNRESOLVED: newlib.locale/UTF-8.c output
FAIL: newlib.search/hsearchtest.c compilation
UNRESOLVED: newlib.search/hsearchtest.c execution
FAIL: newlib.stdlib/atexit.c compilation
UNRESOLVED: newlib.stdlib/atexit.c output
FAIL: newlib.string/tstring.c compilation
UNRESOLVED: newlib.string/tstring.c execution
FAIL: newlib.string/memmove1.c compilation
UNRESOLVED: newlib.string/memmove1.c execution
FAIL: newlib.wctype/tiswctype.c compilation
UNRESOLVED: newlib.wctype/tiswctype.c execution
FAIL: newlib.wctype/twctype.c compilation
UNRESOLVED: newlib.wctype/twctype.c execution
FAIL: newlib.wctype/twctrans.c compilation
UNRESOLVED: newlib.wctype/twctrans.c execution
=== newlib Summary ===
# of unexpected failures 11
# of unresolved testcases 11
Host is x86_64-unknown-linux-gnu
=== newlib tests ===
Running target cris-sim
FAIL: newlib.iconv/iconvjp.c compilation
UNRESOLVED: newlib.iconv/iconvjp.c execution
FAIL: newlib.iconv/iconvnm.c compilation
UNRESOLVED: newlib.iconv/iconvnm.c execution
FAIL: newlib.iconv/iconvru.c compilation
UNRESOLVED: newlib.iconv/iconvru.c execution
FAIL: newlib.locale/UTF-8.c compilation
UNRESOLVED: newlib.locale/UTF-8.c output
FAIL: newlib.search/hsearchtest.c compilation
UNRESOLVED: newlib.search/hsearchtest.c execution
FAIL: newlib.stdlib/atexit.c compilation
UNRESOLVED: newlib.stdlib/atexit.c output
FAIL: newlib.string/tstring.c compilation
UNRESOLVED: newlib.string/tstring.c execution
FAIL: newlib.string/memmove1.c compilation
UNRESOLVED: newlib.string/memmove1.c execution
FAIL: newlib.wctype/tiswctype.c compilation
UNRESOLVED: newlib.wctype/tiswctype.c execution
FAIL: newlib.wctype/twctype.c compilation
UNRESOLVED: newlib.wctype/twctype.c execution
FAIL: newlib.wctype/twctrans.c compilation
UNRESOLVED: newlib.wctype/twctrans.c execution
=== newlib Summary ===
# of unexpected failures 11
# of unresolved testcases 11
Host is x86_64-unknown-linux-gnu
=== g++ tests ===
Running target cris-sim
FAIL: g++.dg/abi/bitfield12.C (test for warnings, line 3)
FAIL: g++.dg/abi/vbase10.C (test for warnings, line 13)
=== g++ Summary ===
# of expected passes 13845
# of unexpected failures 2
# of expected failures 78
# of unsupported tests 182
/tmp/hpautotest-gcc1/cris-elf/gccobj/gcc/testsuite/g++/../../g++ version 4.3.0 20070414 (experimental)
Host is x86_64-unknown-linux-gnu
=== gcc tests ===
Running target cris-sim
FAIL: gcc.c-torture/execute/mayalias-2.c compilation, -O3 -g (internal compiler error)
UNRESOLVED: gcc.c-torture/execute/mayalias-2.c execution, -O3 -g
FAIL: gcc.c-torture/execute/mayalias-3.c compilation, -O3 -g (internal compiler error)
UNRESOLVED: gcc.c-torture/execute/mayalias-3.c execution, -O3 -g
FAIL: gcc.dg/builtins-20.c (test for excess errors)
FAIL: gcc.dg/builtins-59.c scan-tree-dump __builtin_cexpi
FAIL: gcc.dg/builtins-59.c scan-tree-dump-not sincos
FAIL: gcc.dg/builtins-61.c scan-tree-dump cexpi
FAIL: gcc.dg/builtins-61.c scan-tree-dump sin
FAIL: gcc.dg/builtins-61.c scan-tree-dump cos
FAIL: gcc.dg/builtins-61.c scan-tree-dump return 0.0
FAIL: gcc.dg/builtins-62.c scan-tree-dump-times cexpi 3
FAIL: gcc.dg/float-range-3.c (test for excess errors)
FAIL: gcc.dg/float-range-4.c (test for excess errors)
FAIL: gcc.dg/float-range-5.c (test for excess errors)
FAIL: gcc.dg/large-size-array-2.c (internal compiler error)
FAIL: gcc.dg/large-size-array-2.c (test for excess errors)
FAIL: gcc.dg/pr30643.c scan-assembler-not undefined
FAIL: gcc.dg/setjmp-1.c spurious clobbered warning (test for bogus messages, line 16)
FAIL: gcc.dg/trampoline-1.c execution test
FAIL: gcc.dg/var-expand1.c scan-rtl-dump Expanding Accumulator
XPASS: gcc.dg/tree-ssa/update-threading.c scan-tree-dump-times Invalid sum 0
=== gcc Summary ===
# of expected passes 41538
# of unexpected failures 19
# of unexpected successes 1
# of expected failures 74
# of unresolved testcases 2
# of untested testcases 28
# of unsupported tests 460
/tmp/hpautotest-gcc1/cris-elf/gccobj/gcc/xgcc version 4.3.0 20070414 (experimental)
Host is x86_64-unknown-linux-gnu
=== objc tests ===
Running target cris-sim
=== objc Summary ===
# of expected passes 1812
# of expected failures 7
# of unsupported tests 24
/tmp/hpautotest-gcc1/cris-elf/gccobj/gcc/xgcc version 4.3.0 20070414 (experimental)
Compiler version: 4.3.020070414(experimental)
Platform: cris-axis-elf
configure flags: --prefix=/tmp/hpautotest-gcc1/cris-elf/pre --target=cris-elf --with-gnu-ld --with-gnu-as --with-newlib