This is the mail archive of the
gcc-testresults@gcc.gnu.org
mailing list for the GCC project.
Results for 4.3.0 20070409 (experimental) [trunk revision 123672] testsuite on x86_64-unknown-linux-gnu
- From: hjl at gnu-25 dot sc dot intel dot com (H.J. Lu)
- To: gcc-testresults at gcc dot gnu dot org
- Date: Mon, 9 Apr 2007 17:51:09 -0700 (PDT)
- Subject: Results for 4.3.0 20070409 (experimental) [trunk revision 123672] testsuite on x86_64-unknown-linux-gnu
LAST_UPDATED: Mon Apr 9 15:10:50 UTC 2007 (revision 123672)
Native configuration is x86_64-unknown-linux-gnu
=== gcc tests ===
Running target unix/-m32
FAIL: gcc.c-torture/execute/mayalias-2.c compilation, -O3 -g (internal compiler error)
UNRESOLVED: gcc.c-torture/execute/mayalias-2.c execution, -O3 -g
FAIL: gcc.c-torture/execute/mayalias-3.c compilation, -O3 -g (internal compiler error)
UNRESOLVED: gcc.c-torture/execute/mayalias-3.c execution, -O3 -g
FAIL: gcc.dg/tree-ssa/loadpre1.c scan-tree-dump-times Eliminated: 1 1
XPASS: gcc.dg/tree-ssa/update-threading.c scan-tree-dump-times Invalid sum 0
FAIL: gcc.dg/vect/vect-reduc-1short.c scan-tree-dump-times vectorized 3 loops 1
FAIL: gcc.target/i386/3dnowA-1.c (internal compiler error)
FAIL: gcc.target/i386/3dnowA-1.c (test for excess errors)
FAIL: gcc.target/i386/sse-13.c (internal compiler error)
FAIL: gcc.target/i386/sse-13.c (test for excess errors)
FAIL: gcc.target/i386/sse-vect-types.c (test for excess errors)
=== gcc Summary for unix/-m32 ===
# of expected passes 44519
# of unexpected failures 9
# of unexpected successes 1
# of expected failures 114
# of unresolved testcases 2
# of untested testcases 28
# of unsupported tests 307
Running target unix
FAIL: gcc.c-torture/compile/simd-5.c -O1 (internal compiler error)
FAIL: gcc.c-torture/compile/simd-5.c -O1 (test for excess errors)
FAIL: gcc.c-torture/compile/simd-5.c -O2 (internal compiler error)
FAIL: gcc.c-torture/compile/simd-5.c -O2 (test for excess errors)
FAIL: gcc.c-torture/compile/simd-5.c -O3 -fomit-frame-pointer (internal compiler error)
FAIL: gcc.c-torture/compile/simd-5.c -O3 -fomit-frame-pointer (test for excess errors)
FAIL: gcc.c-torture/compile/simd-5.c -O3 -g (internal compiler error)
FAIL: gcc.c-torture/compile/simd-5.c -O3 -g (test for excess errors)
FAIL: gcc.c-torture/compile/simd-5.c -Os (internal compiler error)
FAIL: gcc.c-torture/compile/simd-5.c -Os (test for excess errors)
FAIL: gcc.c-torture/execute/mayalias-2.c compilation, -O3 -g (internal compiler error)
UNRESOLVED: gcc.c-torture/execute/mayalias-2.c execution, -O3 -g
FAIL: gcc.c-torture/execute/mayalias-3.c compilation, -O3 -g (internal compiler error)
UNRESOLVED: gcc.c-torture/execute/mayalias-3.c execution, -O3 -g
FAIL: gcc.c-torture/execute/pr23135.c compilation, -O1 (internal compiler error)
UNRESOLVED: gcc.c-torture/execute/pr23135.c execution, -O1
FAIL: gcc.c-torture/execute/pr23135.c compilation, -O2 (internal compiler error)
UNRESOLVED: gcc.c-torture/execute/pr23135.c execution, -O2
FAIL: gcc.c-torture/execute/pr23135.c compilation, -O3 -fomit-frame-pointer (internal compiler error)
UNRESOLVED: gcc.c-torture/execute/pr23135.c execution, -O3 -fomit-frame-pointer
FAIL: gcc.c-torture/execute/pr23135.c compilation, -O3 -g (internal compiler error)
UNRESOLVED: gcc.c-torture/execute/pr23135.c execution, -O3 -g
FAIL: gcc.c-torture/execute/pr23135.c compilation, -Os (internal compiler error)
UNRESOLVED: gcc.c-torture/execute/pr23135.c execution, -Os
WARNING: gcc.dg/torture/fp-int-convert-float128-timode.c -O0 compilation failed to produce executable
WARNING: gcc.dg/torture/fp-int-convert-float128-timode.c -O1 compilation failed to produce executable
WARNING: gcc.dg/torture/fp-int-convert-float128-timode.c -O2 compilation failed to produce executable
WARNING: gcc.dg/torture/fp-int-convert-float128-timode.c -O3 -fomit-frame-pointer compilation failed to produce executable
WARNING: gcc.dg/torture/fp-int-convert-float128-timode.c -O3 -g compilation failed to produce executable
WARNING: gcc.dg/torture/fp-int-convert-float128-timode.c -Os compilation failed to produce executable
WARNING: gcc.dg/torture/fp-int-convert-float128.c -O0 compilation failed to produce executable
WARNING: gcc.dg/torture/fp-int-convert-float128.c -O1 compilation failed to produce executable
WARNING: gcc.dg/torture/fp-int-convert-float128.c -O2 compilation failed to produce executable
WARNING: gcc.dg/torture/fp-int-convert-float128.c -O3 -fomit-frame-pointer compilation failed to produce executable
WARNING: gcc.dg/torture/fp-int-convert-float128.c -O3 -g compilation failed to produce executable
WARNING: gcc.dg/torture/fp-int-convert-float128.c -Os compilation failed to produce executable
FAIL: gcc.dg/torture/pr28268.c -O1 (internal compiler error)
FAIL: gcc.dg/torture/pr28268.c -O1 (test for excess errors)
FAIL: gcc.dg/torture/pr28268.c -O2 (internal compiler error)
FAIL: gcc.dg/torture/pr28268.c -O2 (test for excess errors)
FAIL: gcc.dg/torture/pr28268.c -O3 -fomit-frame-pointer (internal compiler error)
FAIL: gcc.dg/torture/pr28268.c -O3 -fomit-frame-pointer (test for excess errors)
FAIL: gcc.dg/torture/pr28268.c -O3 -g (internal compiler error)
FAIL: gcc.dg/torture/pr28268.c -O3 -g (test for excess errors)
FAIL: gcc.dg/torture/pr28268.c -Os (internal compiler error)
FAIL: gcc.dg/torture/pr28268.c -Os (test for excess errors)
FAIL: gcc.dg/tree-ssa/loadpre1.c scan-tree-dump-times Eliminated: 1 1
XPASS: gcc.dg/tree-ssa/update-threading.c scan-tree-dump-times Invalid sum 0
FAIL: gcc.dg/vect/vect-reduc-1short.c scan-tree-dump-times vectorized 3 loops 1
FAIL: gcc.target/i386/3dnow-1.c (internal compiler error)
FAIL: gcc.target/i386/3dnow-1.c (test for excess errors)
FAIL: gcc.target/i386/mmx-1.c (internal compiler error)
FAIL: gcc.target/i386/mmx-1.c (test for excess errors)
FAIL: gcc.target/i386/mmx-4.c (internal compiler error)
FAIL: gcc.target/i386/mmx-4.c (test for excess errors)
WARNING: gcc.target/i386/mmx-4.c compilation failed to produce executable
FAIL: gcc.target/i386/sse-13.c (test for excess errors)
FAIL: gcc.target/i386/sse-14.c (test for excess errors)
FAIL: gcc.target/i386/sse-vect-types.c (test for excess errors)
=== gcc Summary for unix ===
# of expected passes 44334
# of unexpected failures 38
# of unexpected successes 1
# of expected failures 125
# of unresolved testcases 7
# of untested testcases 28
# of unsupported tests 414
=== gcc Summary ===
# of expected passes 88853
# of unexpected failures 47
# of unexpected successes 2
# of expected failures 239
# of unresolved testcases 9
# of untested testcases 56
# of unsupported tests 721
/export/build/gnu/gcc/build-x86_64-linux/gcc/xgcc version 4.3.0 20070409 (experimental) [trunk revision 123672]
=== gfortran tests ===
Running target unix/-m32
FAIL: gfortran.dg/secnds-1.f -O3 -fomit-frame-pointer -funroll-all-loops -finline-functions execution test
=== gfortran Summary for unix/-m32 ===
# of expected passes 17245
# of unexpected failures 1
# of expected failures 7
# of unsupported tests 16
Running target unix
=== gfortran Summary for unix ===
# of expected passes 17244
# of expected failures 7
# of unsupported tests 18
=== gfortran Summary ===
# of expected passes 34489
# of unexpected failures 1
# of expected failures 14
# of unsupported tests 34
/export/build/gnu/gcc/build-x86_64-linux/gcc/testsuite/gfortran/../../gfortran version 4.3.0 20070409 (experimental) [trunk revision 123672]
=== g++ tests ===
Running target unix/-m32
XPASS: g++.dg/tree-ssa/ivopts-1.C scan-tree-dump-not offset: -4B
XPASS: g++.dg/tree-ssa/ivopts-1.C scan-tree-dump-not &x\\[5\\]
=== g++ Summary for unix/-m32 ===
# of expected passes 14475
# of unexpected successes 2
# of expected failures 79
# of unsupported tests 80
Running target unix
XPASS: g++.dg/tree-ssa/ivopts-1.C scan-tree-dump-not offset: -4B
XPASS: g++.dg/tree-ssa/ivopts-1.C scan-tree-dump-not &x\\[5\\]
=== g++ Summary for unix ===
# of expected passes 14390
# of unexpected successes 2
# of expected failures 79
# of unsupported tests 109
=== g++ Summary ===
# of expected passes 28865
# of unexpected successes 4
# of expected failures 158
# of unsupported tests 189
/export/build/gnu/gcc/build-x86_64-linux/gcc/testsuite/g++/../../g++ version 4.3.0 20070409 (experimental) [trunk revision 123672]
=== objc tests ===
Running target unix/-m32
=== objc Summary for unix/-m32 ===
# of expected passes 1812
# of expected failures 7
# of unsupported tests 24
Running target unix
=== objc Summary for unix ===
# of expected passes 1812
# of expected failures 7
# of unsupported tests 24
=== objc Summary ===
# of expected passes 3624
# of expected failures 14
# of unsupported tests 48
/export/build/gnu/gcc/build-x86_64-linux/gcc/xgcc version 4.3.0 20070409 (experimental) [trunk revision 123672]
=== libffi tests ===
Running target unix/-m32
=== libffi Summary for unix/-m32 ===
# of expected passes 1096
# of unsupported tests 8
Running target unix
=== libffi Summary for unix ===
# of expected passes 1096
# of unsupported tests 8
=== libffi Summary ===
# of expected passes 2192
# of unsupported tests 16
=== libgomp tests ===
Running target unix/-m32
=== libgomp Summary for unix/-m32 ===
# of expected passes 1566
Running target unix
=== libgomp Summary for unix ===
# of expected passes 1566
=== libgomp Summary ===
# of expected passes 3132
=== libjava tests ===
Running target unix/-m32
FAIL: events output
=== libjava Summary for unix/-m32 ===
# of expected passes 2523
# of unexpected failures 1
Running target unix
=== libjava Summary for unix ===
# of expected passes 2524
=== libjava Summary ===
# of expected passes 5047
# of unexpected failures 1
=== libmudflap tests ===
Running target unix/-m32
FAIL: libmudflap.c++/pass41-frag.cxx execution test
FAIL: libmudflap.c++/pass41-frag.cxx (-static) execution test
FAIL: libmudflap.c++/pass41-frag.cxx ( -O) execution test
FAIL: libmudflap.c++/pass41-frag.cxx (-O2) execution test
FAIL: libmudflap.c++/pass41-frag.cxx (-O3) execution test
=== libmudflap Summary for unix/-m32 ===
# of expected passes 1821
# of unexpected failures 5
Running target unix
FAIL: libmudflap.c/fail8-frag.c (-static) output pattern test
FAIL: libmudflap.c/fail9-frag.c (-static) output pattern test
FAIL: libmudflap.c++/pass41-frag.cxx execution test
FAIL: libmudflap.c++/pass41-frag.cxx (-static) execution test
FAIL: libmudflap.c++/pass41-frag.cxx ( -O) execution test
FAIL: libmudflap.c++/pass41-frag.cxx (-O2) execution test
FAIL: libmudflap.c++/pass41-frag.cxx (-O3) execution test
=== libmudflap Summary for unix ===
# of expected passes 1819
# of unexpected failures 7
=== libmudflap Summary ===
# of expected passes 3640
# of unexpected failures 12
=== libstdc++ tests ===
Running target unix/-m32
XPASS: 26_numerics/headers/cmath/c99_classification_macros_c.cc (test for excess errors)
=== libstdc++ Summary for unix/-m32 ===
# of expected passes 4849
# of unexpected successes 1
# of expected failures 28
Running target unix
XPASS: 26_numerics/headers/cmath/c99_classification_macros_c.cc (test for excess errors)
XPASS: 27_io/fpos/14320-1.cc execution test
=== libstdc++ Summary for unix ===
# of expected passes 4849
# of unexpected successes 2
# of expected failures 27
=== libstdc++ Summary ===
# of expected passes 9698
# of unexpected successes 3
# of expected failures 55
Compiler version: 4.3.0 20070409 (experimental) [trunk revision 123672]
Platform: x86_64-unknown-linux-gnu
configure flags: --enable-clocale=gnu --with-system-zlib --with-demangler-in-ld --enable-shared --enable-threads=posix --enable-haifa --enable-checking=assert --prefix=/usr/gcc-4.3 --with-local-prefix=/usr/local