This is the mail archive of the
gcc-testresults@gcc.gnu.org
mailing list for the GCC project.
Results for 4.3.0 20070407 (experimental) testsuite on powerpc64-unknown-linux-gnu
- From: Janis Johnson <janis187 at us dot ibm dot com>
- To: gcc-testresults at gcc dot gnu dot org
- Date: Sat, 7 Apr 2007 00:15:10 -0700
- Subject: Results for 4.3.0 20070407 (experimental) testsuite on powerpc64-unknown-linux-gnu
Linux 2.6.5-7.252-pseries64 ppc64
GNU C Library stable release version 2.3.5 (20050720)
GNU ld version 2.17
GNU assembler 2.17
GNU Make 3.80
DejaGnu:
Expect version is 5.43.0
Tcl version is 8.4
Framework version is 1.4.4
32-bit biarch default32
SVN branch: trunk
This hardware has VMX instructions.
LAST_UPDATED: Sat Apr 7 01:15:54 UTC 2007 (revision 123636)
Native configuration is powerpc64-unknown-linux-gnu
=== g++ tests ===
Running target unix/-m32
=== g++ Summary for unix/-m32 ===
# of expected passes 15275
# of expected failures 79
# of unsupported tests 107
Running target unix/-m64
=== g++ Summary for unix/-m64 ===
# of expected passes 15237
# of expected failures 79
# of unsupported tests 110
=== g++ Summary ===
# of expected passes 30512
# of expected failures 158
# of unsupported tests 217
/extra_space/gccbuild/build/nightly/build-gcc-trunk/gcc/testsuite/g++/../../g++ version 4.3.0 20070407 (experimental)
=== gcc tests ===
Running target unix/-m32
FAIL: gcc.c-torture/compile/920501-11.c -O0 (internal compiler error)
FAIL: gcc.c-torture/compile/920501-11.c -O0 (test for excess errors)
FAIL: gcc.c-torture/compile/920501-11.c -O1 (internal compiler error)
FAIL: gcc.c-torture/compile/920501-11.c -O1 (test for excess errors)
FAIL: gcc.c-torture/compile/920501-11.c -O2 (internal compiler error)
FAIL: gcc.c-torture/compile/920501-11.c -O2 (test for excess errors)
FAIL: gcc.c-torture/compile/920501-11.c -O3 -fomit-frame-pointer (internal compiler error)
FAIL: gcc.c-torture/compile/920501-11.c -O3 -fomit-frame-pointer (test for excess errors)
FAIL: gcc.c-torture/compile/920501-11.c -O3 -g (internal compiler error)
FAIL: gcc.c-torture/compile/920501-11.c -O3 -g (test for excess errors)
FAIL: gcc.c-torture/compile/920501-11.c -Os (internal compiler error)
FAIL: gcc.c-torture/compile/920501-11.c -Os (test for excess errors)
FAIL: gcc.c-torture/compile/init-1.c -O0 (internal compiler error)
FAIL: gcc.c-torture/compile/init-1.c -O0 (test for excess errors)
FAIL: gcc.c-torture/compile/init-1.c -O1 (internal compiler error)
FAIL: gcc.c-torture/compile/init-1.c -O1 (test for excess errors)
FAIL: gcc.c-torture/compile/init-1.c -O2 (internal compiler error)
FAIL: gcc.c-torture/compile/init-1.c -O2 (test for excess errors)
FAIL: gcc.c-torture/compile/init-1.c -O3 -fomit-frame-pointer (internal compiler error)
FAIL: gcc.c-torture/compile/init-1.c -O3 -fomit-frame-pointer (test for excess errors)
FAIL: gcc.c-torture/compile/init-1.c -O3 -g (internal compiler error)
FAIL: gcc.c-torture/compile/init-1.c -O3 -g (test for excess errors)
FAIL: gcc.c-torture/compile/init-1.c -Os (internal compiler error)
FAIL: gcc.c-torture/compile/init-1.c -Os (test for excess errors)
FAIL: gcc.c-torture/execute/20050929-1.c compilation, -O0 (internal compiler error)
UNRESOLVED: gcc.c-torture/execute/20050929-1.c execution, -O0
FAIL: gcc.c-torture/execute/20050929-1.c compilation, -O1 (internal compiler error)
UNRESOLVED: gcc.c-torture/execute/20050929-1.c execution, -O1
FAIL: gcc.c-torture/execute/20050929-1.c compilation, -O2 (internal compiler error)
UNRESOLVED: gcc.c-torture/execute/20050929-1.c execution, -O2
FAIL: gcc.c-torture/execute/20050929-1.c compilation, -O3 -fomit-frame-pointer (internal compiler error)
UNRESOLVED: gcc.c-torture/execute/20050929-1.c execution, -O3 -fomit-frame-pointer
FAIL: gcc.c-torture/execute/20050929-1.c compilation, -O3 -g (internal compiler error)
UNRESOLVED: gcc.c-torture/execute/20050929-1.c execution, -O3 -g
FAIL: gcc.c-torture/execute/20050929-1.c compilation, -Os (internal compiler error)
UNRESOLVED: gcc.c-torture/execute/20050929-1.c execution, -Os
FAIL: gcc.c-torture/execute/mayalias-2.c compilation, -O3 -g (internal compiler error)
UNRESOLVED: gcc.c-torture/execute/mayalias-2.c execution, -O3 -g
FAIL: gcc.c-torture/execute/mayalias-3.c compilation, -O3 -g (internal compiler error)
UNRESOLVED: gcc.c-torture/execute/mayalias-3.c execution, -O3 -g
FAIL: gcc.dg/c99-complit-1.c (internal compiler error)
FAIL: gcc.dg/c99-complit-1.c (test for excess errors)
WARNING: gcc.dg/c99-complit-1.c compilation failed to produce executable
FAIL: gcc.dg/c99-complit-2.c (internal compiler error)
FAIL: gcc.dg/c99-complit-2.c non-const (test for errors, line 42)
FAIL: gcc.dg/c99-complit-2.c non-const (test for errors, line 46)
FAIL: gcc.dg/c99-complit-2.c struct bad init (test for errors, line 51)
FAIL: gcc.dg/c99-complit-2.c union bad init (test for errors, line 53)
FAIL: gcc.dg/c99-complit-2.c array bad init (test for errors, line 58)
FAIL: gcc.dg/c99-complit-2.c array bad init (test for errors, line 66)
FAIL: gcc.dg/c99-complit-2.c (test for excess errors)
FAIL: gcc.dg/c99-init-4.c (internal compiler error)
FAIL: gcc.dg/c99-init-4.c (test for excess errors)
FAIL: gcc.dg/init-empty-1.c (internal compiler error)
FAIL: gcc.dg/init-empty-1.c (test for excess errors)
FAIL: gcc.dg/init-empty-2.c (internal compiler error)
FAIL: gcc.dg/init-empty-2.c (test for excess errors)
FAIL: gcc.dg/init-empty-3.c (internal compiler error)
FAIL: gcc.dg/init-empty-3.c (test for excess errors)
FAIL: gcc.dg/init-string-1.c (internal compiler error)
FAIL: gcc.dg/init-string-1.c paren array (test for errors, line 55)
FAIL: gcc.dg/init-string-1.c paren array (test for errors, line 58)
FAIL: gcc.dg/init-string-1.c (test for excess errors)
FAIL: gcc.dg/init-string-2.c (internal compiler error)
FAIL: gcc.dg/init-string-2.c (test for excess errors)
FAIL: gcc.dg/memcpy-1.c scan-tree-dump-times nasty_local 0
FAIL: gcc.dg/tree-ssa/loadpre1.c scan-tree-dump-times Eliminated: 1 1
XPASS: gcc.dg/tree-ssa/update-threading.c scan-tree-dump-times Invalid sum 0
=== gcc Summary for unix/-m32 ===
# of expected passes 46032
# of unexpected failures 58
# of unexpected successes 1
# of expected failures 117
# of unresolved testcases 8
# of untested testcases 28
# of unsupported tests 404
Running target unix/-m64
FAIL: gcc.c-torture/compile/920501-11.c -O0 (internal compiler error)
FAIL: gcc.c-torture/compile/920501-11.c -O0 (test for excess errors)
FAIL: gcc.c-torture/compile/920501-11.c -O1 (internal compiler error)
FAIL: gcc.c-torture/compile/920501-11.c -O1 (test for excess errors)
FAIL: gcc.c-torture/compile/920501-11.c -O2 (internal compiler error)
FAIL: gcc.c-torture/compile/920501-11.c -O2 (test for excess errors)
FAIL: gcc.c-torture/compile/920501-11.c -O3 -fomit-frame-pointer (internal compiler error)
FAIL: gcc.c-torture/compile/920501-11.c -O3 -fomit-frame-pointer (test for excess errors)
FAIL: gcc.c-torture/compile/920501-11.c -O3 -g (internal compiler error)
FAIL: gcc.c-torture/compile/920501-11.c -O3 -g (test for excess errors)
FAIL: gcc.c-torture/compile/920501-11.c -Os (internal compiler error)
FAIL: gcc.c-torture/compile/920501-11.c -Os (test for excess errors)
FAIL: gcc.c-torture/compile/init-1.c -O0 (internal compiler error)
FAIL: gcc.c-torture/compile/init-1.c -O0 (test for excess errors)
FAIL: gcc.c-torture/compile/init-1.c -O1 (internal compiler error)
FAIL: gcc.c-torture/compile/init-1.c -O1 (test for excess errors)
FAIL: gcc.c-torture/compile/init-1.c -O2 (internal compiler error)
FAIL: gcc.c-torture/compile/init-1.c -O2 (test for excess errors)
FAIL: gcc.c-torture/compile/init-1.c -O3 -fomit-frame-pointer (internal compiler error)
FAIL: gcc.c-torture/compile/init-1.c -O3 -fomit-frame-pointer (test for excess errors)
FAIL: gcc.c-torture/compile/init-1.c -O3 -g (internal compiler error)
FAIL: gcc.c-torture/compile/init-1.c -O3 -g (test for excess errors)
FAIL: gcc.c-torture/compile/init-1.c -Os (internal compiler error)
FAIL: gcc.c-torture/compile/init-1.c -Os (test for excess errors)
FAIL: gcc.c-torture/execute/20050929-1.c compilation, -O0 (internal compiler error)
UNRESOLVED: gcc.c-torture/execute/20050929-1.c execution, -O0
FAIL: gcc.c-torture/execute/20050929-1.c compilation, -O1 (internal compiler error)
UNRESOLVED: gcc.c-torture/execute/20050929-1.c execution, -O1
FAIL: gcc.c-torture/execute/20050929-1.c compilation, -O2 (internal compiler error)
UNRESOLVED: gcc.c-torture/execute/20050929-1.c execution, -O2
FAIL: gcc.c-torture/execute/20050929-1.c compilation, -O3 -fomit-frame-pointer (internal compiler error)
UNRESOLVED: gcc.c-torture/execute/20050929-1.c execution, -O3 -fomit-frame-pointer
FAIL: gcc.c-torture/execute/20050929-1.c compilation, -O3 -g (internal compiler error)
UNRESOLVED: gcc.c-torture/execute/20050929-1.c execution, -O3 -g
FAIL: gcc.c-torture/execute/20050929-1.c compilation, -Os (internal compiler error)
UNRESOLVED: gcc.c-torture/execute/20050929-1.c execution, -Os
FAIL: gcc.c-torture/execute/mayalias-2.c compilation, -O3 -g (internal compiler error)
UNRESOLVED: gcc.c-torture/execute/mayalias-2.c execution, -O3 -g
FAIL: gcc.c-torture/execute/mayalias-3.c compilation, -O3 -g (internal compiler error)
UNRESOLVED: gcc.c-torture/execute/mayalias-3.c execution, -O3 -g
FAIL: gcc.dg/c99-complit-1.c (internal compiler error)
FAIL: gcc.dg/c99-complit-1.c (test for excess errors)
WARNING: gcc.dg/c99-complit-1.c compilation failed to produce executable
FAIL: gcc.dg/c99-complit-2.c (internal compiler error)
FAIL: gcc.dg/c99-complit-2.c non-const (test for errors, line 42)
FAIL: gcc.dg/c99-complit-2.c non-const (test for errors, line 46)
FAIL: gcc.dg/c99-complit-2.c struct bad init (test for errors, line 51)
FAIL: gcc.dg/c99-complit-2.c union bad init (test for errors, line 53)
FAIL: gcc.dg/c99-complit-2.c array bad init (test for errors, line 58)
FAIL: gcc.dg/c99-complit-2.c array bad init (test for errors, line 66)
FAIL: gcc.dg/c99-complit-2.c (test for excess errors)
FAIL: gcc.dg/c99-init-4.c (internal compiler error)
FAIL: gcc.dg/c99-init-4.c (test for excess errors)
FAIL: gcc.dg/init-empty-1.c (internal compiler error)
FAIL: gcc.dg/init-empty-1.c (test for excess errors)
FAIL: gcc.dg/init-empty-2.c (internal compiler error)
FAIL: gcc.dg/init-empty-2.c (test for excess errors)
FAIL: gcc.dg/init-empty-3.c (internal compiler error)
FAIL: gcc.dg/init-empty-3.c (test for excess errors)
FAIL: gcc.dg/init-string-1.c (internal compiler error)
FAIL: gcc.dg/init-string-1.c paren array (test for errors, line 55)
FAIL: gcc.dg/init-string-1.c paren array (test for errors, line 58)
FAIL: gcc.dg/init-string-1.c (test for excess errors)
FAIL: gcc.dg/init-string-2.c (internal compiler error)
FAIL: gcc.dg/init-string-2.c (test for excess errors)
FAIL: gcc.dg/ssp-1.c execution test
FAIL: gcc.dg/ssp-2.c execution test
FAIL: gcc.dg/tree-ssa/loadpre1.c scan-tree-dump-times Eliminated: 1 1
XPASS: gcc.dg/tree-ssa/sra-2.c scan-tree-dump-times link_error 0
XPASS: gcc.dg/tree-ssa/update-threading.c scan-tree-dump-times Invalid sum 0
FAIL: gcc.target/powerpc/ppc-negeq0-1.c scan-assembler-not cntlzw
=== gcc Summary for unix/-m64 ===
# of expected passes 45874
# of unexpected failures 60
# of unexpected successes 2
# of expected failures 117
# of unresolved testcases 8
# of untested testcases 28
# of unsupported tests 472
=== gcc Summary ===
# of expected passes 91906
# of unexpected failures 118
# of unexpected successes 3
# of expected failures 234
# of unresolved testcases 16
# of untested testcases 56
# of unsupported tests 876
/extra_space/gccbuild/build/nightly/build-gcc-trunk/gcc/xgcc version 4.3.0 20070407 (experimental)
=== gfortran tests ===
Running target unix/-m32
FAIL: gfortran.dg/csqrt_2.f -O0 execution test
FAIL: gfortran.dg/csqrt_2.f -O1 execution test
FAIL: gfortran.dg/csqrt_2.f -O2 execution test
FAIL: gfortran.dg/csqrt_2.f -O3 -fomit-frame-pointer execution test
FAIL: gfortran.dg/csqrt_2.f -O3 -fomit-frame-pointer -funroll-loops execution test
FAIL: gfortran.dg/csqrt_2.f -O3 -fomit-frame-pointer -funroll-all-loops -finline-functions execution test
FAIL: gfortran.dg/csqrt_2.f -O3 -g execution test
FAIL: gfortran.dg/csqrt_2.f -Os execution test
FAIL: gfortran.dg/value_4.f90 -O0 execution test
FAIL: gfortran.dg/value_4.f90 -O1 execution test
FAIL: gfortran.dg/value_4.f90 -O2 execution test
FAIL: gfortran.dg/value_4.f90 -O3 -fomit-frame-pointer execution test
FAIL: gfortran.dg/value_4.f90 -O3 -fomit-frame-pointer -funroll-loops execution test
FAIL: gfortran.dg/value_4.f90 -O3 -fomit-frame-pointer -funroll-all-loops -finline-functions execution test
FAIL: gfortran.dg/value_4.f90 -O3 -g execution test
FAIL: gfortran.dg/value_4.f90 -Os execution test
=== gfortran Summary for unix/-m32 ===
# of expected passes 17041
# of unexpected failures 16
# of expected failures 7
# of unsupported tests 92
Running target unix/-m64
FAIL: gfortran.dg/csqrt_2.f -O0 execution test
FAIL: gfortran.dg/csqrt_2.f -O1 execution test
FAIL: gfortran.dg/csqrt_2.f -O2 execution test
FAIL: gfortran.dg/csqrt_2.f -O3 -fomit-frame-pointer execution test
FAIL: gfortran.dg/csqrt_2.f -O3 -fomit-frame-pointer -funroll-loops execution test
FAIL: gfortran.dg/csqrt_2.f -O3 -fomit-frame-pointer -funroll-all-loops -finline-functions execution test
FAIL: gfortran.dg/csqrt_2.f -O3 -g execution test
FAIL: gfortran.dg/csqrt_2.f -Os execution test
FAIL: gfortran.dg/value_4.f90 -O0 execution test
FAIL: gfortran.dg/value_4.f90 -O1 execution test
FAIL: gfortran.dg/value_4.f90 -O2 execution test
FAIL: gfortran.dg/value_4.f90 -O3 -fomit-frame-pointer execution test
FAIL: gfortran.dg/value_4.f90 -O3 -fomit-frame-pointer -funroll-loops execution test
FAIL: gfortran.dg/value_4.f90 -O3 -fomit-frame-pointer -funroll-all-loops -finline-functions execution test
FAIL: gfortran.dg/value_4.f90 -O3 -g execution test
FAIL: gfortran.dg/value_4.f90 -Os execution test
=== gfortran Summary for unix/-m64 ===
# of expected passes 17073
# of unexpected failures 16
# of expected failures 7
# of unsupported tests 76
=== gfortran Summary ===
# of expected passes 34114
# of unexpected failures 32
# of expected failures 14
# of unsupported tests 168
/extra_space/gccbuild/build/nightly/build-gcc-trunk/gcc/testsuite/gfortran/../../gfortran version 4.3.0 20070407 (experimental)
=== libgomp tests ===
Running target unix/-m32
=== libgomp Summary for unix/-m32 ===
# of expected passes 1566
Running target unix/-m64
=== libgomp Summary for unix/-m64 ===
# of expected passes 1566
=== libgomp Summary ===
# of expected passes 3132
=== libmudflap tests ===
Running target unix/-m32
FAIL: libmudflap.c++/pass41-frag.cxx execution test
FAIL: libmudflap.c++/pass41-frag.cxx (-static) execution test
FAIL: libmudflap.c++/pass41-frag.cxx ( -O) execution test
FAIL: libmudflap.c++/pass41-frag.cxx (-O2) execution test
FAIL: libmudflap.c++/pass41-frag.cxx (-O3) execution test
WARNING: program timed out.
FAIL: libmudflap.cth/pass37-frag.c (-static -DSTATIC) (rerun 4) execution test
FAIL: libmudflap.cth/pass37-frag.c (-static -DSTATIC) (rerun 4) output pattern test
WARNING: program timed out.
FAIL: libmudflap.cth/pass37-frag.c (-static -DSTATIC) (rerun 18) execution test
FAIL: libmudflap.cth/pass37-frag.c (-static -DSTATIC) (rerun 18) output pattern test
=== libmudflap Summary for unix/-m32 ===
# of expected passes 1817
# of unexpected failures 9
Running target unix/-m64
FAIL: libmudflap.c/fail27-frag.c output pattern test
FAIL: libmudflap.c/fail27-frag.c (-O2) output pattern test
FAIL: libmudflap.c/fail27-frag.c (-O3) output pattern test
FAIL: libmudflap.c++/pass41-frag.cxx execution test
FAIL: libmudflap.c++/pass41-frag.cxx (-static) execution test
FAIL: libmudflap.c++/pass41-frag.cxx ( -O) execution test
FAIL: libmudflap.c++/pass41-frag.cxx (-O2) execution test
FAIL: libmudflap.c++/pass41-frag.cxx (-O3) execution test
WARNING: program timed out.
FAIL: libmudflap.cth/pass39-frag.c (-O3) (rerun 18) execution test
FAIL: libmudflap.cth/pass39-frag.c (-O3) (rerun 18) output pattern test
=== libmudflap Summary for unix/-m64 ===
# of expected passes 1816
# of unexpected failures 10
=== libmudflap Summary ===
# of expected passes 3633
# of unexpected failures 19
=== libstdc++ tests ===
Running target unix/-m32
FAIL: abi_check
XPASS: 26_numerics/headers/cmath/c99_classification_macros_c.cc (test for excess errors)
=== libstdc++ Summary for unix/-m32 ===
# of expected passes 4848
# of unexpected failures 1
# of unexpected successes 1
# of expected failures 28
Running target unix/-m64
FAIL: abi_check
XPASS: 26_numerics/headers/cmath/c99_classification_macros_c.cc (test for excess errors)
XPASS: 27_io/fpos/14320-1.cc execution test
=== libstdc++ Summary for unix/-m64 ===
# of expected passes 4848
# of unexpected failures 1
# of unexpected successes 2
# of expected failures 27
=== libstdc++ Summary ===
# of expected passes 9696
# of unexpected failures 2
# of unexpected successes 3
# of expected failures 55
Compiler version: 4.3.0 20070407 (experimental)
Platform: powerpc64-unknown-linux-gnu
configure flags: --prefix=/opt/gcc-nightly/trunk-20070407 --build=powerpc64-linux --host=powerpc64-linux --target=powerpc64-linux --with-cpu=default32 --with-as=/opt/gcc-nightly/binutils-2.17/bin/as --with-ld=/opt/gcc-nightly/binutils-2.17/bin/ld --enable-threads=posix --enable-shared --enable-__cxa_atexit --enable-languages=c,c++,fortran --enable-checking --disable-alsa --with-gmp=/opt/gcc-nightly/gmp-mpfr --with-mpfr=/opt/gcc-nightly/gmp-mpfr --enable-decimal-float
=== Test Framework Summary ===
# of expected passes 2503