This is the mail archive of the
gcc-testresults@gcc.gnu.org
mailing list for the GCC project.
Results for 4.3.0 20070407 (experimental) testsuite on i386-pc-linux-gnu
- From: fxcoudert at localhost dot localdomain
- To: gcc-testresults at gcc dot gnu dot org
- Date: Sat, 7 Apr 2007 06:40:42 +0200 (CEST)
- Subject: Results for 4.3.0 20070407 (experimental) testsuite on i386-pc-linux-gnu
LAST_UPDATED: Sat Apr 7 02:02:48 UTC 2007 (revision 123636)
Native configuration is i386-pc-linux-gnu
=== gcc tests ===
Running target unix
FAIL: gcc.c-torture/compile/920501-11.c -O0 (internal compiler error)
FAIL: gcc.c-torture/compile/920501-11.c -O0 (test for excess errors)
FAIL: gcc.c-torture/compile/920501-11.c -O1 (internal compiler error)
FAIL: gcc.c-torture/compile/920501-11.c -O1 (test for excess errors)
FAIL: gcc.c-torture/compile/920501-11.c -O2 (internal compiler error)
FAIL: gcc.c-torture/compile/920501-11.c -O2 (test for excess errors)
FAIL: gcc.c-torture/compile/920501-11.c -O3 -fomit-frame-pointer (internal compiler error)
FAIL: gcc.c-torture/compile/920501-11.c -O3 -fomit-frame-pointer (test for excess errors)
FAIL: gcc.c-torture/compile/920501-11.c -O3 -g (internal compiler error)
FAIL: gcc.c-torture/compile/920501-11.c -O3 -g (test for excess errors)
FAIL: gcc.c-torture/compile/920501-11.c -Os (internal compiler error)
FAIL: gcc.c-torture/compile/920501-11.c -Os (test for excess errors)
FAIL: gcc.c-torture/compile/init-1.c -O0 (internal compiler error)
FAIL: gcc.c-torture/compile/init-1.c -O0 (test for excess errors)
FAIL: gcc.c-torture/compile/init-1.c -O1 (internal compiler error)
FAIL: gcc.c-torture/compile/init-1.c -O1 (test for excess errors)
FAIL: gcc.c-torture/compile/init-1.c -O2 (internal compiler error)
FAIL: gcc.c-torture/compile/init-1.c -O2 (test for excess errors)
FAIL: gcc.c-torture/compile/init-1.c -O3 -fomit-frame-pointer (internal compiler error)
FAIL: gcc.c-torture/compile/init-1.c -O3 -fomit-frame-pointer (test for excess errors)
FAIL: gcc.c-torture/compile/init-1.c -O3 -g (internal compiler error)
FAIL: gcc.c-torture/compile/init-1.c -O3 -g (test for excess errors)
FAIL: gcc.c-torture/compile/init-1.c -Os (internal compiler error)
FAIL: gcc.c-torture/compile/init-1.c -Os (test for excess errors)
FAIL: gcc.c-torture/execute/20050929-1.c compilation, -O0 (internal compiler error)
UNRESOLVED: gcc.c-torture/execute/20050929-1.c execution, -O0
FAIL: gcc.c-torture/execute/20050929-1.c compilation, -O1 (internal compiler error)
UNRESOLVED: gcc.c-torture/execute/20050929-1.c execution, -O1
FAIL: gcc.c-torture/execute/20050929-1.c compilation, -O2 (internal compiler error)
UNRESOLVED: gcc.c-torture/execute/20050929-1.c execution, -O2
FAIL: gcc.c-torture/execute/20050929-1.c compilation, -O3 -fomit-frame-pointer (internal compiler error)
UNRESOLVED: gcc.c-torture/execute/20050929-1.c execution, -O3 -fomit-frame-pointer
FAIL: gcc.c-torture/execute/20050929-1.c compilation, -O3 -g (internal compiler error)
UNRESOLVED: gcc.c-torture/execute/20050929-1.c execution, -O3 -g
FAIL: gcc.c-torture/execute/20050929-1.c compilation, -Os (internal compiler error)
UNRESOLVED: gcc.c-torture/execute/20050929-1.c execution, -Os
FAIL: gcc.c-torture/execute/mayalias-2.c compilation, -O3 -g (internal compiler error)
UNRESOLVED: gcc.c-torture/execute/mayalias-2.c execution, -O3 -g
FAIL: gcc.c-torture/execute/mayalias-3.c compilation, -O3 -g (internal compiler error)
UNRESOLVED: gcc.c-torture/execute/mayalias-3.c execution, -O3 -g
FAIL: gcc.dg/c99-complit-1.c (internal compiler error)
FAIL: gcc.dg/c99-complit-1.c (test for excess errors)
WARNING: gcc.dg/c99-complit-1.c compilation failed to produce executable
FAIL: gcc.dg/c99-complit-2.c non-const (test for errors, line 42)
FAIL: gcc.dg/c99-complit-2.c non-const (test for errors, line 46)
FAIL: gcc.dg/c99-complit-2.c struct bad init (test for errors, line 51)
FAIL: gcc.dg/c99-complit-2.c union bad init (test for errors, line 53)
FAIL: gcc.dg/c99-complit-2.c array bad init (test for errors, line 58)
FAIL: gcc.dg/c99-complit-2.c array bad init (test for errors, line 66)
FAIL: gcc.dg/c99-complit-2.c (test for excess errors)
FAIL: gcc.dg/c99-init-4.c (internal compiler error)
FAIL: gcc.dg/c99-init-4.c (test for excess errors)
FAIL: gcc.dg/init-empty-1.c (internal compiler error)
FAIL: gcc.dg/init-empty-1.c (test for excess errors)
FAIL: gcc.dg/init-empty-2.c (internal compiler error)
FAIL: gcc.dg/init-empty-2.c (test for excess errors)
FAIL: gcc.dg/init-empty-3.c (test for excess errors)
FAIL: gcc.dg/init-string-1.c paren array (test for errors, line 55)
FAIL: gcc.dg/init-string-1.c paren array (test for errors, line 58)
FAIL: gcc.dg/init-string-1.c (test for excess errors)
FAIL: gcc.dg/init-string-2.c (test for excess errors)
FAIL: gcc.dg/ssp-1.c execution test
FAIL: gcc.dg/ssp-2.c execution test
XPASS: gcc.dg/tree-ssa/20040204-1.c scan-tree-dump-times link_error 0
FAIL: gcc.dg/tree-ssa/loadpre1.c scan-tree-dump-times Eliminated: 1 1
XPASS: gcc.dg/tree-ssa/update-threading.c scan-tree-dump-times Invalid sum 0
FAIL: gcc.target/i386/sse-vect-types.c (test for excess errors)
FAIL: gcc.target/i386/sse4a-extract.c (test for excess errors)
WARNING: gcc.target/i386/sse4a-extract.c compilation failed to produce executable
FAIL: gcc.target/i386/sse4a-insert.c (test for excess errors)
WARNING: gcc.target/i386/sse4a-insert.c compilation failed to produce executable
FAIL: gcc.target/i386/sse4a-montsd.c (test for excess errors)
WARNING: gcc.target/i386/sse4a-montsd.c compilation failed to produce executable
FAIL: gcc.target/i386/sse4a-montss.c (test for excess errors)
WARNING: gcc.target/i386/sse4a-montss.c compilation failed to produce executable
FAIL: gcc.target/i386/ssse3-pabsb.c (test for excess errors)
WARNING: gcc.target/i386/ssse3-pabsb.c compilation failed to produce executable
FAIL: gcc.target/i386/ssse3-pabsd.c (test for excess errors)
WARNING: gcc.target/i386/ssse3-pabsd.c compilation failed to produce executable
FAIL: gcc.target/i386/ssse3-pabsw.c (test for excess errors)
WARNING: gcc.target/i386/ssse3-pabsw.c compilation failed to produce executable
FAIL: gcc.target/i386/ssse3-palignr.c (test for excess errors)
WARNING: gcc.target/i386/ssse3-palignr.c compilation failed to produce executable
FAIL: gcc.target/i386/ssse3-phaddd.c (test for excess errors)
WARNING: gcc.target/i386/ssse3-phaddd.c compilation failed to produce executable
FAIL: gcc.target/i386/ssse3-phaddsw.c (test for excess errors)
WARNING: gcc.target/i386/ssse3-phaddsw.c compilation failed to produce executable
FAIL: gcc.target/i386/ssse3-phaddw.c (test for excess errors)
WARNING: gcc.target/i386/ssse3-phaddw.c compilation failed to produce executable
FAIL: gcc.target/i386/ssse3-phsubd.c (test for excess errors)
WARNING: gcc.target/i386/ssse3-phsubd.c compilation failed to produce executable
FAIL: gcc.target/i386/ssse3-phsubsw.c (test for excess errors)
WARNING: gcc.target/i386/ssse3-phsubsw.c compilation failed to produce executable
FAIL: gcc.target/i386/ssse3-phsubw.c (test for excess errors)
WARNING: gcc.target/i386/ssse3-phsubw.c compilation failed to produce executable
FAIL: gcc.target/i386/ssse3-pmaddubsw.c (test for excess errors)
WARNING: gcc.target/i386/ssse3-pmaddubsw.c compilation failed to produce executable
FAIL: gcc.target/i386/ssse3-pmulhrsw.c (test for excess errors)
WARNING: gcc.target/i386/ssse3-pmulhrsw.c compilation failed to produce executable
FAIL: gcc.target/i386/ssse3-pshufb.c (test for excess errors)
WARNING: gcc.target/i386/ssse3-pshufb.c compilation failed to produce executable
FAIL: gcc.target/i386/ssse3-psignb.c (test for excess errors)
WARNING: gcc.target/i386/ssse3-psignb.c compilation failed to produce executable
FAIL: gcc.target/i386/ssse3-psignd.c (test for excess errors)
WARNING: gcc.target/i386/ssse3-psignd.c compilation failed to produce executable
FAIL: gcc.target/i386/ssse3-psignw.c (test for excess errors)
WARNING: gcc.target/i386/ssse3-psignw.c compilation failed to produce executable
=== gcc Summary ===
# of expected passes 43637
# of unexpected failures 76
# of unexpected successes 2
# of expected failures 113
# of unresolved testcases 8
# of untested testcases 28
# of unsupported tests 304
/home/fxcoudert/gfortran_nightbuild/ibin-20070407/gcc/xgcc version 4.3.0 20070407 (experimental)
=== gfortran tests ===
Running target unix
FAIL: gfortran.dg/csqrt_2.f -O0 execution test
FAIL: gfortran.dg/csqrt_2.f -O1 execution test
FAIL: gfortran.dg/csqrt_2.f -O2 execution test
FAIL: gfortran.dg/csqrt_2.f -O3 -fomit-frame-pointer execution test
FAIL: gfortran.dg/csqrt_2.f -O3 -fomit-frame-pointer -funroll-loops execution test
FAIL: gfortran.dg/csqrt_2.f -O3 -fomit-frame-pointer -funroll-all-loops -finline-functions execution test
FAIL: gfortran.dg/csqrt_2.f -O3 -g execution test
FAIL: gfortran.dg/csqrt_2.f -Os execution test
=== gfortran Summary ===
# of expected passes 17185
# of unexpected failures 8
# of expected failures 7
# of unsupported tests 24
/home/fxcoudert/gfortran_nightbuild/ibin-20070407/gcc/testsuite/gfortran/../../gfortran version 4.3.0 20070407 (experimental)
Compiler version: 4.3.0 20070407 (experimental)
Platform: i386-pc-linux-gnu
configure flags: --prefix=/home/fxcoudert/gfortran_nightbuild/irun-20070407 --enable-languages=c,fortran --disable-decimal-float --build=i386-pc-linux-gnu --enable-checking=release --with-gmp=/home/fxcoudert/gfortran_nightbuild/software