This is the mail archive of the
gcc-testresults@gcc.gnu.org
mailing list for the GCC project.
Results for 4.3.0 20070403 (experimental) testsuite on alphaev6-unknown-linux-gnu
- From: Richard Henderson <rth at redhat dot com>
- To: gcc-testresults at gcc dot gnu dot org
- Date: Thu, 5 Apr 2007 14:11:11 -0700
- Subject: Results for 4.3.0 20070403 (experimental) testsuite on alphaev6-unknown-linux-gnu
LAST_UPDATED: Tue Apr 3 15:35:02 UTC 2007 (revision 123476M)
Native configuration is alphaev6-unknown-linux-gnu
=== libgomp tests ===
Running target unix
=== libgomp Summary ===
# of expected passes 1566
=== libmudflap tests ===
Running target unix
FAIL: libmudflap.c++/pass41-frag.cxx execution test
FAIL: libmudflap.c++/pass41-frag.cxx (-static) execution test
FAIL: libmudflap.c++/pass41-frag.cxx ( -O) execution test
FAIL: libmudflap.c++/pass41-frag.cxx (-O2) execution test
FAIL: libmudflap.c++/pass41-frag.cxx (-O3) execution test
WARNING: program timed out.
FAIL: libmudflap.cth/pass39-frag.c (rerun 4) execution test
FAIL: libmudflap.cth/pass39-frag.c (rerun 4) output pattern test
WARNING: program timed out.
FAIL: libmudflap.cth/pass39-frag.c (rerun 9) execution test
FAIL: libmudflap.cth/pass39-frag.c (rerun 9) output pattern test
WARNING: program timed out.
FAIL: libmudflap.cth/pass39-frag.c (rerun 10) execution test
FAIL: libmudflap.cth/pass39-frag.c (rerun 10) output pattern test
WARNING: program timed out.
FAIL: libmudflap.cth/pass39-frag.c (rerun 12) execution test
FAIL: libmudflap.cth/pass39-frag.c (rerun 12) output pattern test
WARNING: program timed out.
FAIL: libmudflap.cth/pass39-frag.c (rerun 15) execution test
FAIL: libmudflap.cth/pass39-frag.c (rerun 15) output pattern test
WARNING: program timed out.
FAIL: libmudflap.cth/pass39-frag.c (rerun 17) execution test
FAIL: libmudflap.cth/pass39-frag.c (rerun 17) output pattern test
WARNING: program timed out.
FAIL: libmudflap.cth/pass39-frag.c (rerun 18) execution test
FAIL: libmudflap.cth/pass39-frag.c (rerun 18) output pattern test
WARNING: program timed out.
FAIL: libmudflap.cth/pass39-frag.c (rerun 19) execution test
FAIL: libmudflap.cth/pass39-frag.c (rerun 19) output pattern test
WARNING: program timed out.
FAIL: libmudflap.cth/pass37-frag.c (-static -DSTATIC) (rerun 7) execution test
FAIL: libmudflap.cth/pass37-frag.c (-static -DSTATIC) (rerun 7) output pattern test
WARNING: program timed out.
FAIL: libmudflap.cth/pass39-frag.c (-static -DSTATIC) (rerun 5) execution test
FAIL: libmudflap.cth/pass39-frag.c (-static -DSTATIC) (rerun 5) output pattern test
WARNING: program timed out.
FAIL: libmudflap.cth/pass39-frag.c (-O2) (rerun 12) execution test
FAIL: libmudflap.cth/pass39-frag.c (-O2) (rerun 12) output pattern test
WARNING: program timed out.
FAIL: libmudflap.cth/pass37-frag.c (-O3) (rerun 11) execution test
FAIL: libmudflap.cth/pass37-frag.c (-O3) (rerun 11) output pattern test
WARNING: program timed out.
FAIL: libmudflap.cth/pass37-frag.c (-O3) (rerun 14) execution test
FAIL: libmudflap.cth/pass37-frag.c (-O3) (rerun 14) output pattern test
WARNING: program timed out.
FAIL: libmudflap.cth/pass39-frag.c (-O3) (rerun 2) execution test
FAIL: libmudflap.cth/pass39-frag.c (-O3) (rerun 2) output pattern test
WARNING: program timed out.
FAIL: libmudflap.cth/pass39-frag.c (-O3) (rerun 8) execution test
FAIL: libmudflap.cth/pass39-frag.c (-O3) (rerun 8) output pattern test
WARNING: program timed out.
FAIL: libmudflap.cth/pass39-frag.c (-O3) (rerun 15) execution test
FAIL: libmudflap.cth/pass39-frag.c (-O3) (rerun 15) output pattern test
=== libmudflap Summary ===
# of expected passes 1789
# of unexpected failures 37
=== libstdc++ tests ===
Running target unix
FAIL: abi_check
XPASS: 26_numerics/headers/cmath/c99_classification_macros_c.cc (test for excess errors)
XPASS: 27_io/fpos/14320-1.cc execution test
=== libstdc++ Summary ===
# of expected passes 4848
# of unexpected failures 1
# of unexpected successes 2
# of expected failures 27
=== g++ tests ===
Running target unix
FAIL: g++.dg/other/unused1.C scan-assembler (string|ascii?)z?\\t"class2("|\\\\\\\\000)
FAIL: g++.dg/other/unused1.C scan-assembler (string|ascii?)z?\\t"printer("|\\\\\\\\000)
=== g++ Summary ===
# of expected passes 14364
# of unexpected failures 2
# of expected failures 79
# of unsupported tests 124
/local/rth/gcc/bld-head/gcc/testsuite/g++/../../g++ version 4.3.0 20070403 (experimental)
=== gcc tests ===
Running target unix
WARNING: program timed out.
FAIL: gcc.c-torture/compile/20001226-1.c -O2 (test for excess errors)
WARNING: program timed out.
FAIL: gcc.c-torture/compile/20001226-1.c -O3 -fomit-frame-pointer (test for excess errors)
WARNING: program timed out.
FAIL: gcc.c-torture/compile/20001226-1.c -O3 -g (test for excess errors)
WARNING: program timed out.
FAIL: gcc.c-torture/compile/20001226-1.c -Os (test for excess errors)
FAIL: gcc.c-torture/execute/mayalias-2.c compilation, -O3 -g (internal compiler error)
UNRESOLVED: gcc.c-torture/execute/mayalias-2.c execution, -O3 -g
FAIL: gcc.c-torture/execute/mayalias-3.c compilation, -O3 -g (internal compiler error)
UNRESOLVED: gcc.c-torture/execute/mayalias-3.c execution, -O3 -g
FAIL: tmpdir-gcc.dg-struct-layout-1/t003 c_compat_x_tst.o-c_compat_y_tst.o execute
FAIL: tmpdir-gcc.dg-struct-layout-1/t024 c_compat_x_tst.o-c_compat_y_tst.o execute
FAIL: tmpdir-gcc.dg-struct-layout-1/t025 c_compat_x_tst.o-c_compat_y_tst.o execute
FAIL: tmpdir-gcc.dg-struct-layout-1/t026 c_compat_x_tst.o-c_compat_y_tst.o execute
FAIL: tmpdir-gcc.dg-struct-layout-1/t027 c_compat_x_tst.o-c_compat_y_tst.o execute
FAIL: tmpdir-gcc.dg-struct-layout-1/t028 c_compat_x_tst.o-c_compat_y_tst.o execute
FAIL: gcc.dg/pr27095.c scan-assembler-not (?n)strlen(.*\\n)+.*strlen
FAIL: gcc.dg/pr28796-2.c execution test
FAIL: gcc.dg/torture/fp-int-convert-timode.c -O0 execution test
FAIL: gcc.dg/torture/fp-int-convert-timode.c -O1 execution test
FAIL: gcc.dg/torture/fp-int-convert-timode.c -O2 execution test
FAIL: gcc.dg/torture/fp-int-convert-timode.c -O3 -fomit-frame-pointer execution test
FAIL: gcc.dg/torture/fp-int-convert-timode.c -O3 -g execution test
FAIL: gcc.dg/torture/fp-int-convert-timode.c -Os execution test
FAIL: gcc.dg/tree-ssa/loadpre1.c scan-tree-dump-times Eliminated: 1 1
XPASS: gcc.dg/tree-ssa/update-threading.c scan-tree-dump-times Invalid sum 0
FAIL: gcc.dg/vect/pr21591.c scan-tree-dump-times vectorized 2 loops 1
FAIL: gcc.dg/vect/pr30771.c scan-tree-dump-times vectorized 1 loops 1
FAIL: gcc.dg/vect/vect-iv-1.c scan-tree-dump-times vectorized 1 loops 1
FAIL: gcc.dg/vect/vect-iv-11.c scan-tree-dump-times vectorized 1 loops 1
FAIL: gcc.dg/vect/vect-iv-2.c scan-tree-dump-times vectorized 1 loops 1
FAIL: gcc.dg/vect/vect-iv-3.c scan-tree-dump-times vectorized 1 loops 1
FAIL: gcc.dg/vect/vect-iv-4.c scan-tree-dump-times vectorized 1 loops 1
FAIL: gcc.dg/vect/vect-iv-6.c scan-tree-dump-times vectorized 1 loops 1
FAIL: gcc.dg/vect/vect-iv-9.c scan-tree-dump-times vectorized 1 loops 2
FAIL: gcc.dg/vect/vect-multitypes-1.c scan-tree-dump-times vectorized 1 loops 2
FAIL: gcc.dg/vect/vect-multitypes-1.c scan-tree-dump-times Alignment of access forced using peeling 2
FAIL: gcc.dg/vect/vect-multitypes-1.c scan-tree-dump-times Vectorizing an unaligned access 4
FAIL: gcc.dg/vect/vect-multitypes-4.c scan-tree-dump-times vectorized 1 loops 2
FAIL: gcc.dg/vect/vect-multitypes-4.c scan-tree-dump-times Alignment of access forced using peeling 2
FAIL: gcc.dg/vect/vect-multitypes-4.c scan-tree-dump-times Vectorizing an unaligned access 8
XPASS: gcc.dg/vect/vect-reduc-1char.c scan-tree-dump-times vectorized 3 loops 1
XPASS: gcc.dg/vect/vect-reduc-1short.c scan-tree-dump-times vectorized 3 loops 1
FAIL: gcc.dg/vect/vect-reduc-dot-u16b.c scan-tree-dump-times vectorized 1 loops 1
FAIL: gcc.dg/vect/vect-widen-mult-u16.c scan-tree-dump-times vectorized 1 loops 1
XPASS: gcc.dg/vect/wrapv-vect-reduc-2char.c scan-tree-dump-times vectorized 3 loops 1
XPASS: gcc.dg/vect/wrapv-vect-reduc-2short.c scan-tree-dump-times vectorized 3 loops 1
FAIL: gcc.dg/vect/no-section-anchors-vect-69.c scan-tree-dump-times Alignment of access forced using peeling 3
FAIL: gcc.dg/vect/no-tree-scev-cprop-vect-iv-1.c scan-tree-dump-times vectorized 1 loops 1
=== gcc Summary ===
# of expected passes 42561
# of unexpected failures 40
# of unexpected successes 5
# of expected failures 107
# of unresolved testcases 2
# of untested testcases 28
# of unsupported tests 469
/local/rth/gcc/bld-head/gcc/xgcc version 4.3.0 20070403 (experimental)
=== gfortran tests ===
Running target unix
FAIL: gfortran.dg/integer_exponentiation_5.F90 -O0 execution test
FAIL: gfortran.dg/integer_exponentiation_5.F90 -O1 execution test
FAIL: gfortran.dg/integer_exponentiation_5.F90 -O2 execution test
FAIL: gfortran.dg/integer_exponentiation_5.F90 -O3 -fomit-frame-pointer execution test
FAIL: gfortran.dg/integer_exponentiation_5.F90 -O3 -fomit-frame-pointer -funroll-loops execution test
FAIL: gfortran.dg/integer_exponentiation_5.F90 -O3 -fomit-frame-pointer -funroll-all-loops -finline-functions execution test
FAIL: gfortran.dg/integer_exponentiation_5.F90 -O3 -g execution test
FAIL: gfortran.dg/integer_exponentiation_5.F90 -Os execution test
FAIL: gfortran.dg/nearest_1.f90 -O0 execution test
FAIL: gfortran.dg/nearest_1.f90 -O1 execution test
FAIL: gfortran.dg/nearest_1.f90 -O2 execution test
FAIL: gfortran.dg/nearest_1.f90 -O3 -fomit-frame-pointer execution test
FAIL: gfortran.dg/nearest_1.f90 -O3 -fomit-frame-pointer -funroll-loops execution test
FAIL: gfortran.dg/nearest_1.f90 -O3 -fomit-frame-pointer -funroll-all-loops -finline-functions execution test
FAIL: gfortran.dg/nearest_1.f90 -O3 -g execution test
FAIL: gfortran.dg/nearest_1.f90 -Os execution test
FAIL: gfortran.dg/real_const_3.f90 -O0 execution test
FAIL: gfortran.dg/real_const_3.f90 -O1 execution test
FAIL: gfortran.dg/real_const_3.f90 -O2 execution test
FAIL: gfortran.dg/real_const_3.f90 -O3 -fomit-frame-pointer execution test
FAIL: gfortran.dg/real_const_3.f90 -O3 -fomit-frame-pointer -funroll-loops execution test
FAIL: gfortran.dg/real_const_3.f90 -O3 -fomit-frame-pointer -funroll-all-loops -finline-functions execution test
FAIL: gfortran.dg/real_const_3.f90 -O3 -g execution test
FAIL: gfortran.dg/real_const_3.f90 -Os execution test
FAIL: gfortran.dg/scalar_mask_1.f90 -Os (internal compiler error)
FAIL: gfortran.dg/scalar_mask_1.f90 -Os (test for excess errors)
WARNING: gfortran.dg/scalar_mask_1.f90 -Os compilation failed to produce executable
FAIL: gfortran.dg/stat_1.f90 -O0 execution test
FAIL: gfortran.dg/stat_1.f90 -O1 execution test
FAIL: gfortran.dg/stat_1.f90 -O2 execution test
FAIL: gfortran.dg/stat_1.f90 -O3 -fomit-frame-pointer execution test
FAIL: gfortran.dg/stat_1.f90 -O3 -fomit-frame-pointer -funroll-loops execution test
FAIL: gfortran.dg/stat_1.f90 -O3 -fomit-frame-pointer -funroll-all-loops -finline-functions execution test
FAIL: gfortran.dg/stat_1.f90 -O3 -g execution test
FAIL: gfortran.dg/stat_1.f90 -Os execution test
FAIL: gfortran.dg/stat_2.f90 -O0 execution test
FAIL: gfortran.dg/stat_2.f90 -O1 execution test
FAIL: gfortran.dg/stat_2.f90 -O2 execution test
FAIL: gfortran.dg/stat_2.f90 -O3 -fomit-frame-pointer execution test
FAIL: gfortran.dg/stat_2.f90 -O3 -fomit-frame-pointer -funroll-loops execution test
FAIL: gfortran.dg/stat_2.f90 -O3 -fomit-frame-pointer -funroll-all-loops -finline-functions execution test
FAIL: gfortran.dg/stat_2.f90 -O3 -g execution test
FAIL: gfortran.dg/stat_2.f90 -Os execution test
FAIL: gfortran.dg/value_4.f90 -O0 execution test
FAIL: gfortran.dg/value_4.f90 -O1 execution test
FAIL: gfortran.dg/value_4.f90 -O2 execution test
FAIL: gfortran.dg/value_4.f90 -O3 -fomit-frame-pointer execution test
FAIL: gfortran.dg/value_4.f90 -O3 -fomit-frame-pointer -funroll-loops execution test
FAIL: gfortran.dg/value_4.f90 -O3 -fomit-frame-pointer -funroll-all-loops -finline-functions execution test
FAIL: gfortran.dg/value_4.f90 -O3 -g execution test
FAIL: gfortran.dg/value_4.f90 -Os execution test
FAIL: gfortran.fortran-torture/execute/intrinsic_len.f90 execution, -O2
FAIL: gfortran.fortran-torture/execute/intrinsic_len.f90 execution, -O3 -fomit-frame-pointer
FAIL: gfortran.fortran-torture/execute/intrinsic_len.f90 execution, -O3 -fomit-frame-pointer -funroll-loops
FAIL: gfortran.fortran-torture/execute/intrinsic_len.f90 execution, -O3 -fomit-frame-pointer -funroll-all-loops -finline-functions
FAIL: gfortran.fortran-torture/execute/intrinsic_len.f90 execution, -O3 -g
FAIL: gfortran.fortran-torture/execute/intrinsic_len.f90 execution, -Os
=== gfortran Summary ===
# of expected passes 17039
# of unexpected failures 56
# of expected failures 6
# of unsupported tests 25
/local/rth/gcc/bld-head/gcc/testsuite/gfortran/../../gfortran version 4.3.0 20070403 (experimental)
Compiler version: 4.3.0 20070403 (experimental)
Platform: alphaev6-unknown-linux-gnu
configure flags: --with-long-double-128 --disable-bootstrap --enable-languages=c,c++,fortran