This is the mail archive of the
gcc-testresults@gcc.gnu.org
mailing list for the GCC project.
Results for 4.2.0 20070401 (prerelease) testsuite on i686-pc-linux-gnu
- From: CodeSourcery Automatic Testing System <gcc at codesourcery dot com>
- To: gcc-testresults at gcc dot gnu dot org
- Date: Sun, 1 Apr 2007 05:00:51 -0700
- Subject: Results for 4.2.0 20070401 (prerelease) testsuite on i686-pc-linux-gnu
LAST_UPDATED: Sun Apr 1 07:09:40 UTC 2007 (/branches/gcc-4_2-branch revision 123396)
Native configuration is i686-pc-linux-gnu
=== g++ tests ===
Running target unix
FAIL: g++.dg/eh/ctor3.C (test for excess errors)
XPASS: g++.dg/tree-ssa/ivopts-1.C scan-tree-dump-not offset: -4B
XPASS: g++.dg/tree-ssa/ivopts-1.C scan-tree-dump-not &x\\[5\\]
FAIL: g++.dg/tree-ssa/pr29585.C (test for excess errors)
FAIL: g++.old-deja/g++.mike/p4736b.C (internal compiler error)
FAIL: g++.old-deja/g++.mike/p4736b.C (test for excess errors)
UNRESOLVED: g++.old-deja/g++.mike/p4736b.C compilation failed to produce executable
FAIL: g++.old-deja/g++.mike/p700.C (test for excess errors)
=== g++ Summary ===
# of expected passes 13409
# of unexpected failures 5
# of unexpected successes 2
# of expected failures 66
# of unresolved testcases 1
# of unsupported tests 74
/scratch/gcc/nightly-2007-04-01-4.2/i686-pc-linux-gnu/build_gcc/build/test-4.2-0-i686-pc-linux-gnu/host-i686-pc-linux-gnu/fsf-4.2/bin/i686-pc-linux-gnu-g++ version 4.2.0 20070401 (prerelease)
=== gcc tests ===
Running target unix
UNRESOLVED: gcc.c-torture/execute/mayalias-2.c execution, -O3 -g
FAIL: gcc.dg/tree-ssa/loadpre1.c scan-tree-dump-times Eliminated: 1 1
FAIL: gcc.dg/tree-ssa/loadpre14.c scan-tree-dump-times Eliminated: 1 1
FAIL: gcc.dg/tree-ssa/loadpre15.c scan-tree-dump-times Eliminated: 1 1
FAIL: gcc.target/i386/vectorize1.c (internal compiler error)
FAIL: gcc.target/i386/vectorize1.c (test for excess errors)
=== gcc Summary ===
# of expected passes 41951
# of unexpected failures 5
# of expected failures 113
# of unresolved testcases 1
# of untested testcases 28
# of unsupported tests 293
/scratch/gcc/nightly-2007-04-01-4.2/i686-pc-linux-gnu/build_gcc/build/test-4.2-0-i686-pc-linux-gnu/host-i686-pc-linux-gnu/fsf-4.2/bin/i686-pc-linux-gnu-gcc version 4.2.0 20070401 (prerelease)
=== libstdc++ tests ===
Running target unix
=== libstdc++ Summary ===
# of expected passes 4465
# of expected failures 16
# of unsupported tests 2
Compiler version: 4.2.0 20070401 (prerelease)
Platform: i686-pc-linux-gnu
configure flags: --build=i686-pc-linux-gnu --host=i686-pc-linux-gnu --target=i686-pc-linux-gnu --enable-shared --enable-threads --disable-libmudflap --disable-libssp --disable-libgomp --disable-libstdcxx-pch --with-gnu-as --with-gnu-ld --prefix=/opt/codesourcery --enable-languages=c,c++ --disable-nls --with-build-time-tools=/scratch/gcc/nightly-2007-04-01-4.2/i686-pc-linux-gnu/build_gcc/install/i686-pc-linux-gnu/bin --with-build-time-tools=/scratch/gcc/nightly-2007-04-01-4.2/i686-pc-linux-gnu/build_gcc/install/i686-pc-linux-gnu/bin