This is the mail archive of the gcc-testresults@gcc.gnu.org mailing list for the GCC project.


Index Nav: [Date Index] [Subject Index] [Author Index] [Thread Index]
Message Nav: [Date Prev] [Date Next] [Thread Prev] [Thread Next]
Other format: [Raw text]

Results for 4.3.0 20070227 (experimental) testsuite on powerpc-apple-darwin8.5.0


This build run by an automatic regression tester.
See <http://gcc.gnu.org/regtest/HEAD/> for more information.

Date: 2007-02-27T04:05:44Z
Revision: 122357
URL: svn://gcc.gnu.org/svn/gcc/trunk
Status: regress-5
Prev-Endtime: 2007-02-27T04:02:29Z

LAST_UPDATED: 
Native configuration is powerpc-apple-darwin8.5.0

		=== g++ tests ===


Running target unix
WARNING: Could not compile g++.dg/compat/struct-layout-1 generator
FAIL: g++.dg/ext/alignof2.C execution test
FAIL: g++.dg/other/first-global.C scan-assembler _GLOBAL__I_foobar
FAIL: g++.dg/other/unused1.C scan-assembler (string|ascii?)z?\\t"class2("|\\\\\\\\000)
FAIL: g++.dg/other/unused1.C scan-assembler (string|ascii?)z?\\t"printer("|\\\\\\\\000)
FAIL: g++.dg/parse/attr-externally-visible-1.C scan-assembler-not bar6
FAIL: g++.dg/warn/weak1.C (test for excess errors)
WARNING: g++.dg/warn/weak1.C compilation failed to produce executable
FAIL: g++.dg/gomp/pr29965-2.C (internal compiler error)
FAIL: g++.dg/gomp/pr29965-2.C (test for excess errors)
FAIL: g++.dg/special/conpr-3.C execution test
FAIL: g++.dg/special/initpri1.C execution test

		=== g++ Summary ===

# of expected passes		13759
# of unexpected failures	10
# of expected failures		80
# of unsupported tests		131
/Users/regress/tbox/native/build/gcc/testsuite/g++/../../g++  version 4.3.0 20070227 (experimental)

		=== gcc tests ===


Running target unix
WARNING: Could not compile gcc.dg/compat/struct-layout-1 generator
XPASS: gcc.dg/20020103-1.c scan-assembler-not LC[0-9]
FAIL: gcc.dg/builtins-59.c scan-tree-dump __builtin_cexpi
FAIL: gcc.dg/builtins-59.c scan-tree-dump-not sincos
FAIL: gcc.dg/builtins-61.c scan-tree-dump cexpi
FAIL: gcc.dg/builtins-61.c scan-tree-dump sin
FAIL: gcc.dg/builtins-61.c scan-tree-dump cos
FAIL: gcc.dg/builtins-61.c scan-tree-dump return 0.0
FAIL: gcc.dg/builtins-62.c scan-tree-dump-times cexpi 3
FAIL: gcc.dg/initpri1.c execution test
FAIL: gcc.dg/memcpy-1.c scan-tree-dump-times nasty_local 0
FAIL: gcc.dg/setjmp-3.c (test for excess errors)
FAIL: gcc.dg/setjmp-4.c (test for excess errors)
FAIL: gcc.dg/gomp/pr29965-2.c (internal compiler error)
FAIL: gcc.dg/gomp/pr29965-2.c (test for excess errors)
FAIL: gcc.dg/torture/builtin-frexp-1.c  -O0  (test for excess errors)
FAIL: gcc.dg/torture/builtin-frexp-1.c  -O1  (test for excess errors)
FAIL: gcc.dg/torture/builtin-frexp-1.c  -O2  (test for excess errors)
FAIL: gcc.dg/torture/builtin-frexp-1.c  -O3 -fomit-frame-pointer  (test for excess errors)
FAIL: gcc.dg/torture/builtin-frexp-1.c  -O3 -fomit-frame-pointer -funroll-loops  (test for excess errors)
FAIL: gcc.dg/torture/builtin-frexp-1.c  -O3 -fomit-frame-pointer -funroll-all-loops -finline-functions  (test for excess errors)
FAIL: gcc.dg/torture/builtin-frexp-1.c  -O3 -g  (test for excess errors)
FAIL: gcc.dg/torture/builtin-frexp-1.c  -Os  (test for excess errors)
FAIL: gcc.dg/torture/builtin-logb-1.c  -O0  (test for excess errors)
FAIL: gcc.dg/torture/builtin-logb-1.c  -O1  (test for excess errors)
FAIL: gcc.dg/torture/builtin-logb-1.c  -O2  (test for excess errors)
FAIL: gcc.dg/torture/builtin-logb-1.c  -O3 -fomit-frame-pointer  (test for excess errors)
FAIL: gcc.dg/torture/builtin-logb-1.c  -O3 -fomit-frame-pointer -funroll-loops  (test for excess errors)
FAIL: gcc.dg/torture/builtin-logb-1.c  -O3 -fomit-frame-pointer -funroll-all-loops -finline-functions  (test for excess errors)
FAIL: gcc.dg/torture/builtin-logb-1.c  -O3 -g  (test for excess errors)
FAIL: gcc.dg/torture/builtin-logb-1.c  -Os  (test for excess errors)
FAIL: gcc.dg/torture/builtin-modf-1.c  -O0  (test for excess errors)
FAIL: gcc.dg/torture/builtin-modf-1.c  -O1  (test for excess errors)
FAIL: gcc.dg/torture/builtin-modf-1.c  -O2  (test for excess errors)
FAIL: gcc.dg/torture/builtin-modf-1.c  -O3 -fomit-frame-pointer  (test for excess errors)
FAIL: gcc.dg/torture/builtin-modf-1.c  -O3 -fomit-frame-pointer -funroll-loops  (test for excess errors)
FAIL: gcc.dg/torture/builtin-modf-1.c  -O3 -fomit-frame-pointer -funroll-all-loops -finline-functions  (test for excess errors)
FAIL: gcc.dg/torture/builtin-modf-1.c  -O3 -g  (test for excess errors)
FAIL: gcc.dg/torture/builtin-modf-1.c  -Os  (test for excess errors)
FAIL: gcc.dg/torture/builtin-pow-mpfr-1.c  -O0  scan-tree-dump pow
FAIL: gcc.dg/torture/builtin-pow-mpfr-1.c  -O1  scan-tree-dump pow
FAIL: gcc.dg/torture/builtin-pow-mpfr-1.c  -O2  scan-tree-dump pow
FAIL: gcc.dg/torture/builtin-pow-mpfr-1.c  -O3 -fomit-frame-pointer  scan-tree-dump pow
FAIL: gcc.dg/torture/builtin-pow-mpfr-1.c  -O3 -g  scan-tree-dump pow
FAIL: gcc.dg/torture/builtin-pow-mpfr-1.c  -Os  scan-tree-dump pow
FAIL: gcc.dg/torture/builtin-sin-mpfr-1.c  -O0  (test for excess errors)
FAIL: gcc.dg/torture/builtin-sin-mpfr-1.c  -O1  (test for excess errors)
FAIL: gcc.dg/torture/builtin-sin-mpfr-1.c  -O2  (test for excess errors)
FAIL: gcc.dg/torture/builtin-sin-mpfr-1.c  -O3 -fomit-frame-pointer  (test for excess errors)
FAIL: gcc.dg/torture/builtin-sin-mpfr-1.c  -O3 -fomit-frame-pointer -funroll-loops  (test for excess errors)
FAIL: gcc.dg/torture/builtin-sin-mpfr-1.c  -O3 -fomit-frame-pointer -funroll-all-loops -finline-functions  (test for excess errors)
FAIL: gcc.dg/torture/builtin-sin-mpfr-1.c  -O3 -g  (test for excess errors)
FAIL: gcc.dg/torture/builtin-sin-mpfr-1.c  -Os  (test for excess errors)
FAIL: gcc.dg/tree-ssa/loadpre1.c scan-tree-dump-times Eliminated: 1 1
FAIL: gcc.dg/tree-ssa/loop-19.c scan-tree-dump-times MEM.(base: &|symbol: )a, 2
FAIL: gcc.dg/tree-ssa/loop-19.c scan-tree-dump-times MEM.(base: &|symbol: )c, 2
XPASS: gcc.dg/tree-ssa/update-threading.c scan-tree-dump-times Invalid sum 0
FAIL: gcc.dg/vect/section-anchors-pr27770.c (test for excess errors)
FAIL: gcc.dg/vect/section-anchors-vect-69.c (test for excess errors)
FAIL: gcc.dg/vect/section-anchors-vect-69.c scan-tree-dump-times Alignment of access forced using peeling 4
FAIL: gcc.target/powerpc/parity-1.c scan-assembler popcntb
FAIL: gcc.target/powerpc/popcount-1.c scan-assembler popcntb
FAIL: gcc.target/powerpc/stabs-attrib-vect-darwin.c scan-assembler .stabs.*vi:\\\\(0,[0-9]+\\\\)=@V

		=== gcc Summary ===

# of expected passes		43695
# of unexpected failures	60
# of unexpected successes	2
# of expected failures		117
# of untested testcases		28
# of unsupported tests		445
/Users/regress/tbox/native/build/gcc/xgcc  version 4.3.0 20070227 (experimental)

		=== gfortran tests ===


Running target unix
FAIL: gfortran.dg/large_real_kind_2.F90  -O0  execution test
FAIL: gfortran.dg/large_real_kind_2.F90  -O1  execution test
FAIL: gfortran.dg/large_real_kind_2.F90  -O2  execution test
FAIL: gfortran.dg/large_real_kind_2.F90  -O3 -fomit-frame-pointer  execution test
FAIL: gfortran.dg/large_real_kind_2.F90  -O3 -fomit-frame-pointer -funroll-loops  execution test
FAIL: gfortran.dg/large_real_kind_2.F90  -O3 -fomit-frame-pointer -funroll-all-loops -finline-functions  execution test
FAIL: gfortran.dg/large_real_kind_2.F90  -O3 -g  execution test
FAIL: gfortran.dg/large_real_kind_2.F90  -Os  execution test
FAIL: gfortran.dg/large_real_kind_form_io_2.f90  -O0  execution test
FAIL: gfortran.dg/large_real_kind_form_io_2.f90  -O1  execution test
FAIL: gfortran.dg/large_real_kind_form_io_2.f90  -O2  execution test
FAIL: gfortran.dg/large_real_kind_form_io_2.f90  -O3 -fomit-frame-pointer  execution test
FAIL: gfortran.dg/large_real_kind_form_io_2.f90  -O3 -fomit-frame-pointer -funroll-loops  execution test
FAIL: gfortran.dg/large_real_kind_form_io_2.f90  -O3 -fomit-frame-pointer -funroll-all-loops -finline-functions  execution test
FAIL: gfortran.dg/large_real_kind_form_io_2.f90  -O3 -g  execution test
FAIL: gfortran.dg/large_real_kind_form_io_2.f90  -Os  execution test
FAIL: gfortran.dg/secnds-1.f  -O3 -g  execution test

		=== gfortran Summary ===

# of expected passes		16361
# of unexpected failures	17
# of expected failures		7
# of unsupported tests		58
/Users/regress/tbox/native/build/gcc/testsuite/gfortran/../../gfortran  version 4.3.0 20070227 (experimental)

		=== objc tests ===


Running target unix
WARNING: Could not compile objc.dg/gnu-encoding/struct-layout-encoding-1 generator
FAIL: objc.dg/pch/interface-1.m -O0 -g (test for excess errors)
FAIL: objc.dg/pch/interface-1.m  -O0  (test for excess errors)
FAIL: objc.dg/pch/interface-1.m  -O1  (test for excess errors)
FAIL: objc.dg/pch/interface-1.m  -O2  (test for excess errors)
FAIL: objc.dg/pch/interface-1.m  -O3 -fomit-frame-pointer  (test for excess errors)
FAIL: objc.dg/pch/interface-1.m  -O3 -g  (test for excess errors)
FAIL: objc.dg/pch/interface-1.m  -Os  (test for excess errors)

		=== objc Summary ===

# of expected passes		2955
# of unexpected failures	7
# of untested testcases		7
# of unsupported tests		1
/Users/regress/tbox/native/build/gcc/xgcc  version 4.3.0 20070227 (experimental)

		=== libffi tests ===


Running target unix

		=== libffi Summary ===

# of expected passes		1096
# of unsupported tests		8
		=== libgomp tests ===


Running target unix
FAIL: libgomp.c++/ctor-1.C  -O0  (test for excess errors)
FAIL: libgomp.c++/ctor-1.C  -O1  (test for excess errors)
FAIL: libgomp.c++/ctor-1.C  -O2  (test for excess errors)
FAIL: libgomp.c++/ctor-1.C  -O3 -fomit-frame-pointer  (test for excess errors)
FAIL: libgomp.c++/ctor-1.C  -O3 -fomit-frame-pointer -funroll-loops  (test for excess errors)
FAIL: libgomp.c++/ctor-1.C  -O3 -fomit-frame-pointer -funroll-all-loops -finline-functions  (test for excess errors)
FAIL: libgomp.c++/ctor-1.C  -O3 -g  (test for excess errors)
FAIL: libgomp.c++/ctor-1.C  -Os  (test for excess errors)
FAIL: libgomp.c++/ctor-2.C  -O0  (test for excess errors)
FAIL: libgomp.c++/ctor-2.C  -O1  (test for excess errors)
FAIL: libgomp.c++/ctor-2.C  -O2  (test for excess errors)
FAIL: libgomp.c++/ctor-2.C  -O3 -fomit-frame-pointer  (test for excess errors)
FAIL: libgomp.c++/ctor-2.C  -O3 -fomit-frame-pointer -funroll-loops  (test for excess errors)
FAIL: libgomp.c++/ctor-2.C  -O3 -fomit-frame-pointer -funroll-all-loops -finline-functions  (test for excess errors)
FAIL: libgomp.c++/ctor-2.C  -O3 -g  (test for excess errors)
FAIL: libgomp.c++/ctor-2.C  -Os  (test for excess errors)
FAIL: libgomp.c++/ctor-3.C  -O0  (test for excess errors)
FAIL: libgomp.c++/ctor-3.C  -O1  (test for excess errors)
FAIL: libgomp.c++/ctor-3.C  -O2  (test for excess errors)
FAIL: libgomp.c++/ctor-3.C  -O3 -fomit-frame-pointer  (test for excess errors)
FAIL: libgomp.c++/ctor-3.C  -O3 -fomit-frame-pointer -funroll-loops  (test for excess errors)
FAIL: libgomp.c++/ctor-3.C  -O3 -fomit-frame-pointer -funroll-all-loops -finline-functions  (test for excess errors)
FAIL: libgomp.c++/ctor-3.C  -O3 -g  (test for excess errors)
FAIL: libgomp.c++/ctor-3.C  -Os  (test for excess errors)
FAIL: libgomp.c++/ctor-4.C  -O0  (test for excess errors)
FAIL: libgomp.c++/ctor-4.C  -O1  (test for excess errors)
FAIL: libgomp.c++/ctor-4.C  -O2  (test for excess errors)
FAIL: libgomp.c++/ctor-4.C  -O3 -fomit-frame-pointer  (test for excess errors)
FAIL: libgomp.c++/ctor-4.C  -O3 -fomit-frame-pointer -funroll-loops  (test for excess errors)
FAIL: libgomp.c++/ctor-4.C  -O3 -fomit-frame-pointer -funroll-all-loops -finline-functions  (test for excess errors)
FAIL: libgomp.c++/ctor-4.C  -O3 -g  (test for excess errors)
FAIL: libgomp.c++/ctor-4.C  -Os  (test for excess errors)
FAIL: libgomp.c++/ctor-6.C  -O0  (test for excess errors)
FAIL: libgomp.c++/ctor-6.C  -O1  (test for excess errors)
FAIL: libgomp.c++/ctor-6.C  -O2  (test for excess errors)
FAIL: libgomp.c++/ctor-6.C  -O3 -fomit-frame-pointer  (test for excess errors)
FAIL: libgomp.c++/ctor-6.C  -O3 -fomit-frame-pointer -funroll-loops  (test for excess errors)
FAIL: libgomp.c++/ctor-6.C  -O3 -fomit-frame-pointer -funroll-all-loops -finline-functions  (test for excess errors)
FAIL: libgomp.c++/ctor-6.C  -O3 -g  (test for excess errors)
FAIL: libgomp.c++/ctor-6.C  -Os  (test for excess errors)
FAIL: libgomp.c++/ctor-7.C  -O0  (test for excess errors)
FAIL: libgomp.c++/ctor-7.C  -O1  (test for excess errors)
FAIL: libgomp.c++/ctor-7.C  -O2  (test for excess errors)
FAIL: libgomp.c++/ctor-7.C  -O3 -fomit-frame-pointer  (test for excess errors)
FAIL: libgomp.c++/ctor-7.C  -O3 -fomit-frame-pointer -funroll-loops  (test for excess errors)
FAIL: libgomp.c++/ctor-7.C  -O3 -fomit-frame-pointer -funroll-all-loops -finline-functions  (test for excess errors)
FAIL: libgomp.c++/ctor-7.C  -O3 -g  (test for excess errors)
FAIL: libgomp.c++/ctor-7.C  -Os  (test for excess errors)
FAIL: libgomp.c++/loop-1.C  -O  (test for excess errors)
FAIL: libgomp.c++/loop-2.C  -O  (test for excess errors)
FAIL: libgomp.c++/loop-3.C  -O  (test for excess errors)
FAIL: libgomp.c++/loop-4.C  -O  (test for excess errors)
FAIL: libgomp.c++/loop-5.C  -O  (test for excess errors)
FAIL: libgomp.c++/loop-6.C  -O0  (test for excess errors)
FAIL: libgomp.c++/loop-6.C  -O1  (test for excess errors)
FAIL: libgomp.c++/loop-6.C  -O2  (test for excess errors)
FAIL: libgomp.c++/loop-6.C  -O3 -fomit-frame-pointer  (test for excess errors)
FAIL: libgomp.c++/loop-6.C  -O3 -fomit-frame-pointer -funroll-loops  (test for excess errors)
FAIL: libgomp.c++/loop-6.C  -O3 -fomit-frame-pointer -funroll-all-loops -finline-functions  (test for excess errors)
FAIL: libgomp.c++/loop-6.C  -O3 -g  (test for excess errors)
FAIL: libgomp.c++/loop-6.C  -Os  (test for excess errors)
FAIL: libgomp.c++/loop-7.C  -O0  (test for excess errors)
FAIL: libgomp.c++/loop-7.C  -O1  (test for excess errors)
FAIL: libgomp.c++/loop-7.C  -O2  (test for excess errors)
FAIL: libgomp.c++/loop-7.C  -O3 -fomit-frame-pointer  (test for excess errors)
FAIL: libgomp.c++/loop-7.C  -O3 -fomit-frame-pointer -funroll-loops  (test for excess errors)
FAIL: libgomp.c++/loop-7.C  -O3 -fomit-frame-pointer -funroll-all-loops -finline-functions  (test for excess errors)
FAIL: libgomp.c++/loop-7.C  -O3 -g  (test for excess errors)
FAIL: libgomp.c++/loop-7.C  -Os  (test for excess errors)
FAIL: libgomp.c++/master-1.C  -O0  (test for excess errors)
FAIL: libgomp.c++/master-1.C  -O1  (test for excess errors)
FAIL: libgomp.c++/master-1.C  -O2  (test for excess errors)
FAIL: libgomp.c++/master-1.C  -O3 -fomit-frame-pointer  (test for excess errors)
FAIL: libgomp.c++/master-1.C  -O3 -fomit-frame-pointer -funroll-loops  (test for excess errors)
FAIL: libgomp.c++/master-1.C  -O3 -fomit-frame-pointer -funroll-all-loops -finline-functions  (test for excess errors)
FAIL: libgomp.c++/master-1.C  -O3 -g  (test for excess errors)
FAIL: libgomp.c++/master-1.C  -Os  (test for excess errors)
FAIL: libgomp.c++/nested-1.C  -O0  (test for excess errors)
FAIL: libgomp.c++/nested-1.C  -O1  (test for excess errors)
FAIL: libgomp.c++/nested-1.C  -O2  (test for excess errors)
FAIL: libgomp.c++/nested-1.C  -O3 -fomit-frame-pointer  (test for excess errors)
FAIL: libgomp.c++/nested-1.C  -O3 -fomit-frame-pointer -funroll-loops  (test for excess errors)
FAIL: libgomp.c++/nested-1.C  -O3 -fomit-frame-pointer -funroll-all-loops -finline-functions  (test for excess errors)
FAIL: libgomp.c++/nested-1.C  -O3 -g  (test for excess errors)
FAIL: libgomp.c++/nested-1.C  -Os  (test for excess errors)
FAIL: libgomp.c++/parallel-1.C  -O  (test for excess errors)
FAIL: libgomp.c++/pr26691.C  -O  (test for excess errors)
FAIL: libgomp.c++/pr26943.C  -O0  (test for excess errors)
FAIL: libgomp.c++/pr26943.C  -O1  (test for excess errors)
FAIL: libgomp.c++/pr26943.C  -O2  (test for excess errors)
FAIL: libgomp.c++/pr26943.C  -O3 -fomit-frame-pointer  (test for excess errors)
FAIL: libgomp.c++/pr26943.C  -O3 -fomit-frame-pointer -funroll-loops  (test for excess errors)
FAIL: libgomp.c++/pr26943.C  -O3 -fomit-frame-pointer -funroll-all-loops -finline-functions  (test for excess errors)
FAIL: libgomp.c++/pr26943.C  -O3 -g  (test for excess errors)
FAIL: libgomp.c++/pr26943.C  -Os  (test for excess errors)
FAIL: libgomp.c++/pr27337.C  -O0  (test for excess errors)
FAIL: libgomp.c++/pr27337.C  -O1  (test for excess errors)
FAIL: libgomp.c++/pr27337.C  -O2  (test for excess errors)
FAIL: libgomp.c++/pr27337.C  -O3 -fomit-frame-pointer  (test for excess errors)
FAIL: libgomp.c++/pr27337.C  -O3 -fomit-frame-pointer -funroll-loops  (test for excess errors)
FAIL: libgomp.c++/pr27337.C  -O3 -fomit-frame-pointer -funroll-all-loops -finline-functions  (test for excess errors)
FAIL: libgomp.c++/pr27337.C  -O3 -g  (test for excess errors)
FAIL: libgomp.c++/pr27337.C  -Os  (test for excess errors)
FAIL: libgomp.c++/pr30703.C  -O0  (test for excess errors)
WARNING: libgomp.c++/pr30703.C  -O0  compilation failed to produce executable
FAIL: libgomp.c++/pr30703.C  -O1  (test for excess errors)
WARNING: libgomp.c++/pr30703.C  -O1  compilation failed to produce executable
FAIL: libgomp.c++/pr30703.C  -O2  (test for excess errors)
WARNING: libgomp.c++/pr30703.C  -O2  compilation failed to produce executable
FAIL: libgomp.c++/pr30703.C  -O3 -fomit-frame-pointer  (test for excess errors)
WARNING: libgomp.c++/pr30703.C  -O3 -fomit-frame-pointer  compilation failed to produce executable
FAIL: libgomp.c++/pr30703.C  -O3 -fomit-frame-pointer -funroll-loops  (test for excess errors)
WARNING: libgomp.c++/pr30703.C  -O3 -fomit-frame-pointer -funroll-loops  compilation failed to produce executable
FAIL: libgomp.c++/pr30703.C  -O3 -fomit-frame-pointer -funroll-all-loops -finline-functions  (test for excess errors)
WARNING: libgomp.c++/pr30703.C  -O3 -fomit-frame-pointer -funroll-all-loops -finline-functions  compilation failed to produce executable
FAIL: libgomp.c++/pr30703.C  -O3 -g  (test for excess errors)
WARNING: libgomp.c++/pr30703.C  -O3 -g  compilation failed to produce executable
FAIL: libgomp.c++/pr30703.C  -Os  (test for excess errors)
WARNING: libgomp.c++/pr30703.C  -Os  compilation failed to produce executable
FAIL: libgomp.c++/reduction-1.C  -O  (test for excess errors)
FAIL: libgomp.c++/reduction-2.C  -O  (test for excess errors)
FAIL: libgomp.c++/reduction-3.C  -O  (test for excess errors)
FAIL: libgomp.c++/sections-1.C  -O  (test for excess errors)
FAIL: libgomp.c++/shared-1.C  -O  (test for excess errors)
FAIL: libgomp.c++/shared-2.C  -O  (test for excess errors)
FAIL: libgomp.c++/single-1.C  -O  (test for excess errors)
FAIL: libgomp.c++/single-2.C  -O  (test for excess errors)
FAIL: libgomp.c++/single-3.C  -O  (test for excess errors)

		=== libgomp Summary ===

# of expected passes		1218
# of unexpected failures	120
# of unsupported tests		111
		=== libjava tests ===


Running target unix
FAIL: getlocalvartable output
FAIL: PR27908 -O3 -findirect-dispatch execution - source compiled test
FAIL: Thread_Sleep_2 output - source compiled test
FAIL: Thread_Sleep_2 -findirect-dispatch output - source compiled test
FAIL: Thread_Sleep_2 -O3 output - source compiled test
FAIL: Thread_Sleep_2 -O3 -findirect-dispatch output - source compiled test

		=== libjava Summary ===

# of expected passes		2489
# of unexpected failures	6
# of untested testcases		1
		=== libstdc++ tests ===


Running target unix
XPASS: 21_strings/basic_string/element_access/char/21674.cc execution test
XPASS: 21_strings/basic_string/element_access/wchar_t/21674.cc execution test
FAIL: 26_numerics/complex/13450.cc execution test
XPASS: 26_numerics/headers/cmath/c99_classification_macros_c.cc (test for excess errors)
FAIL: ext/mt_allocator/deallocate_local_thread-5.cc execution test
FAIL: ext/mt_allocator/deallocate_local_thread-7.cc execution test
FAIL: ext/pb_ds/example/priority_queue_dijkstra.cc execution test

		=== libstdc++ Summary ===

# of expected passes		3981
# of unexpected failures	4
# of unexpected successes	3
# of expected failures		13
# of unsupported tests		318

Compiler version: 4.3.0 20070227 (experimental) 
Platform: powerpc-apple-darwin8.5.0
configure flags: --prefix=/Users/regress/tbox/objs --target=powerpc-apple-darwin8.5.0


Index Nav: [Date Index] [Subject Index] [Author Index] [Thread Index]
Message Nav: [Date Prev] [Date Next] [Thread Prev] [Thread Next]