This is the mail archive of the gcc-testresults@gcc.gnu.org mailing list for the GCC project.


Index Nav: [Date Index] [Subject Index] [Author Index] [Thread Index]
Message Nav: [Date Prev] [Date Next] [Thread Prev] [Thread Next]
Other format: [Raw text]

Results for 4.3.0 20070225 (experimental) testsuite on sparc64-unknown-linux-gnu


Aurora SPARC Linux release 2.90 (Aurora Corona)/TI UltraSparc IIi (Sabre) sun4u:

binutils-2.17.50.0.3-6.sparc.sparc
bison-2.3-2.1.sparc
dejagnu-1.4.4-5.1.noarch
expect-5.43.0-5.1.sparc
gcc-4.1.1-30.1.sparc
glibc-2.5-3.1.sparcv9
glibc-2.5-3.1.sparc64
glibc-devel-2.5-3.1.sparc
glibc-devel-2.5-3.1.sparc64
glibc-headers-2.5-3.1.sparc
gmp-2.4.1				(local build from gcc's infrastructure)
mpfr-2.2.1				(local build from gcc's infrastructure)
kernel-2.6.18-1.2798.al3.1.sparc64
libgcc-4.1.1-30.1.sparc
libgcc-4.1.1-30.1.sparc64
libgcj-4.1.1-30.1.sparc
libgcj-4.1.1-30.1.sparc64
libgcj-devel-4.1.1-30.1.sparc
libgcj-devel-4.1.1-30.1.sparc64
libstdc++-4.1.1-30.1.sparc
libstdc++-4.1.1-30.1.sparc64
libstdc++-devel-4.1.1-30.1.sparc
libstdc++-devel-4.1.1-30.1.sparc64
make-3.81-1.1.sparc
tcl-8.4.13-3.al3.sparc

LAST_UPDATED: Sun Feb 25 06:42:20 UTC 2007 (revision 122310)

Native configuration is sparc64-unknown-linux-gnu

=== gcc tests ===


Running target unix WARNING: program timed out. FAIL: gcc.c-torture/execute/20040709-1.c compilation, -O3 -fomit-frame-pointer UNRESOLVED: gcc.c-torture/execute/20040709-1.c execution, -O3 -fomit-frame-pointer WARNING: program timed out. FAIL: gcc.c-torture/execute/20040709-1.c compilation, -O3 -fomit-frame-pointer -funroll-loops UNRESOLVED: gcc.c-torture/execute/20040709-1.c execution, -O3 -fomit-frame-pointer -funroll-loops WARNING: program timed out. FAIL: gcc.c-torture/execute/20040709-1.c compilation, -O3 -fomit-frame-pointer -funroll-all-loops -finline-functions UNRESOLVED: gcc.c-torture/execute/20040709-1.c execution, -O3 -fomit-frame-pointer -funroll-all-loops -finline-functions WARNING: program timed out. FAIL: gcc.c-torture/execute/20040709-1.c compilation, -O3 -g UNRESOLVED: gcc.c-torture/execute/20040709-1.c execution, -O3 -g FAIL: gcc.c-torture/execute/mayalias-2.c compilation, -O3 -g (internal compiler error) UNRESOLVED: gcc.c-torture/execute/mayalias-2.c execution, -O3 -g FAIL: gcc.c-torture/execute/mayalias-3.c compilation, -O3 -g (internal compiler error) UNRESOLVED: gcc.c-torture/execute/mayalias-3.c execution, -O3 -g FAIL: gcc.dg/20061124-1.c (test for excess errors) WARNING: gcc.dg/20061124-1.c compilation failed to produce executable FAIL: gcc.dg/gomp/pr29965-2.c (internal compiler error) FAIL: gcc.dg/gomp/pr29965-2.c (test for excess errors) FAIL: gcc.dg/tree-ssa/loadpre1.c scan-tree-dump-times Eliminated: 1 1 XPASS: gcc.dg/tree-ssa/update-threading.c scan-tree-dump-times Invalid sum 0 FAIL: gcc.dg/vect/pr30771.c scan-tree-dump-times vectorized 1 loops 1 FAIL: gcc.dg/vect/vect-iv-4.c scan-tree-dump-times vectorized 1 loops 1 FAIL: gcc.dg/vect/vect-iv-9.c scan-tree-dump-times vectorized 1 loops 2 FAIL: gcc.dg/vect/vect-multitypes-5.c scan-tree-dump-times vectorized 1 loops 1 FAIL: gcc.dg/vect/vect-multitypes-6.c scan-tree-dump-times vectorized 1 loops 1 FAIL: gcc.dg/vect/vect-reduc-dot-u16b.c scan-tree-dump-times vectorized 1 loops 1 FAIL: gcc.dg/vect/vect-widen-mult-u16.c scan-tree-dump-times vectorized 1 loops 1 FAIL: gcc.dg/vect/no-section-anchors-vect-69.c scan-tree-dump-times Alignment of access forced using peeling 3 FAIL: gcc.target/sparc/align.c (test for excess errors) ERROR: gcc.target/sparc/align.c: error executing dg-final: couldn't open "align.s": no such file or directory UNRESOLVED: gcc.target/sparc/align.c: error executing dg-final: couldn't open "align.s": no such file or directory FAIL: gcc.target/sparc/combined-2.c (test for excess errors) ERROR: gcc.target/sparc/combined-2.c: error executing dg-final: couldn't open "combined-2.s": no such file or directory UNRESOLVED: gcc.target/sparc/combined-2.c: error executing dg-final: couldn't open "combined-2.s": no such file or directory FAIL: gcc.target/sparc/fexpand.c (test for excess errors) ERROR: gcc.target/sparc/fexpand.c: error executing dg-final: couldn't open "fexpand.s": no such file or directory UNRESOLVED: gcc.target/sparc/fexpand.c: error executing dg-final: couldn't open "fexpand.s": no such file or directory FAIL: gcc.target/sparc/fnot.c (test for excess errors) ERROR: gcc.target/sparc/fnot.c: error executing dg-final: couldn't open "fnot.s": no such file or directory UNRESOLVED: gcc.target/sparc/fnot.c: error executing dg-final: couldn't open "fnot.s": no such file or directory FAIL: gcc.target/sparc/fpack16.c (test for excess errors) ERROR: gcc.target/sparc/fpack16.c: error executing dg-final: couldn't open "fpack16.s": no such file or directory UNRESOLVED: gcc.target/sparc/fpack16.c: error executing dg-final: couldn't open "fpack16.s": no such file or directory FAIL: gcc.target/sparc/fpmerge.c (test for excess errors) ERROR: gcc.target/sparc/fpmerge.c: error executing dg-final: couldn't open "fpmerge.s": no such file or directory UNRESOLVED: gcc.target/sparc/fpmerge.c: error executing dg-final: couldn't open "fpmerge.s": no such file or directory FAIL: gcc.target/sparc/fpmul.c (test for excess errors) ERROR: gcc.target/sparc/fpmul.c: error executing dg-final: couldn't open "fpmul.s": no such file or directory UNRESOLVED: gcc.target/sparc/fpmul.c: error executing dg-final: couldn't open "fpmul.s": no such file or directory FAIL: gcc.target/sparc/noresult.c (internal compiler error) FAIL: gcc.target/sparc/noresult.c (test for excess errors) ERROR: gcc.target/sparc/noresult.c: error executing dg-final: couldn't open "noresult.s": no such file or directory UNRESOLVED: gcc.target/sparc/noresult.c: error executing dg-final: couldn't open "noresult.s": no such file or directory FAIL: gcc.target/sparc/pdist.c (test for excess errors) ERROR: gcc.target/sparc/pdist.c: error executing dg-final: couldn't open "pdist.s": no such file or directory UNRESOLVED: gcc.target/sparc/pdist.c: error executing dg-final: couldn't open "pdist.s": no such file or directory

=== gcc Summary for unix ===

# of expected passes		42313
# of unexpected failures	28
# of unexpected successes	1
# of expected failures		131
# of unresolved testcases	15
# of untested testcases		28
# of unsupported tests		442

Running target unix/-m64
FAIL: gcc.c-torture/execute/mayalias-2.c compilation,  -O3 -g
(internal compiler error)
UNRESOLVED: gcc.c-torture/execute/mayalias-2.c execution,  -O3 -g
FAIL: gcc.c-torture/execute/mayalias-3.c compilation,  -O3 -g
(internal compiler error)
UNRESOLVED: gcc.c-torture/execute/mayalias-3.c execution,  -O3 -g
FAIL: gcc.c-torture/unsorted/DFcmp.c,  -O1   (internal compiler error)
FAIL: gcc.c-torture/unsorted/DFcmp.c,  -O2   (internal compiler error)
FAIL: gcc.c-torture/unsorted/DFcmp.c,  -O3 -fomit-frame-pointer
(internal compiler error)
FAIL: gcc.c-torture/unsorted/DFcmp.c,  -O3 -g   (internal compiler error)
FAIL: gcc.c-torture/unsorted/DFcmp.c,  -Os   (internal compiler error)
FAIL: gcc.c-torture/unsorted/SFset.c,  -O1   (internal compiler error)
FAIL: gcc.c-torture/unsorted/SFset.c,  -O2   (internal compiler error)
FAIL: gcc.c-torture/unsorted/SFset.c,  -O3 -fomit-frame-pointer
(internal compiler error)
FAIL: gcc.c-torture/unsorted/SFset.c,  -O3 -g   (internal compiler error)
FAIL: gcc.c-torture/unsorted/SFset.c,  -Os   (internal compiler error)
FAIL: gcc.dg/gomp/pr29965-2.c (internal compiler error)
FAIL: gcc.dg/gomp/pr29965-2.c (test for excess errors)
FAIL: gcc.dg/tree-ssa/gen-vect-11c.c scan-tree-dump-times vectorized 0 loops 1
FAIL: gcc.dg/tree-ssa/loadpre1.c scan-tree-dump-times Eliminated: 1 1
XPASS: gcc.dg/tree-ssa/update-threading.c scan-tree-dump-times Invalid sum 0
FAIL: gcc.dg/vect/pr30771.c scan-tree-dump-times vectorized 1 loops 1
FAIL: gcc.dg/vect/vect-iv-4.c scan-tree-dump-times vectorized 1 loops 1
FAIL: gcc.dg/vect/vect-iv-9.c scan-tree-dump-times vectorized 1 loops 2
FAIL: gcc.dg/vect/vect-reduc-dot-u16b.c scan-tree-dump-times
vectorized 1 loops 1
FAIL: gcc.dg/vect/vect-widen-mult-u16.c scan-tree-dump-times
vectorized 1 loops 1
FAIL: gcc.dg/vect/no-section-anchors-vect-69.c scan-tree-dump-times
Alignment of access forced using peeling 3
FAIL: gcc.misc-tests/linkage.c link
FAIL: gcc.target/sparc/align.c (test for excess errors)
ERROR: gcc.target/sparc/align.c: error executing dg-final: couldn't
open "align.s": no such file or directory
UNRESOLVED: gcc.target/sparc/align.c: error executing dg-final:
couldn't open "align.s": no such file or directory
FAIL: gcc.target/sparc/combined-2.c (test for excess errors)
ERROR: gcc.target/sparc/combined-2.c: error executing dg-final:
couldn't open "combined-2.s": no such file or directory
UNRESOLVED: gcc.target/sparc/combined-2.c: error executing dg-final:
couldn't open "combined-2.s": no such file or directory
FAIL: gcc.target/sparc/fexpand.c (test for excess errors)
ERROR: gcc.target/sparc/fexpand.c: error executing dg-final: couldn't
open "fexpand.s": no such file or directory
UNRESOLVED: gcc.target/sparc/fexpand.c: error executing dg-final:
couldn't open "fexpand.s": no such file or directory
FAIL: gcc.target/sparc/fpack16.c (test for excess errors)
ERROR: gcc.target/sparc/fpack16.c: error executing dg-final: couldn't
open "fpack16.s": no such file or directory
UNRESOLVED: gcc.target/sparc/fpack16.c: error executing dg-final:
couldn't open "fpack16.s": no such file or directory
FAIL: gcc.target/sparc/fpmerge.c (test for excess errors)
ERROR: gcc.target/sparc/fpmerge.c: error executing dg-final: couldn't
open "fpmerge.s": no such file or directory
UNRESOLVED: gcc.target/sparc/fpmerge.c: error executing dg-final:
couldn't open "fpmerge.s": no such file or directory
FAIL: gcc.target/sparc/fpmul.c (test for excess errors)
ERROR: gcc.target/sparc/fpmul.c: error executing dg-final: couldn't
open "fpmul.s": no such file or directory
UNRESOLVED: gcc.target/sparc/fpmul.c: error executing dg-final:
couldn't open "fpmul.s": no such file or directory
FAIL: gcc.target/sparc/noresult.c (internal compiler error)
FAIL: gcc.target/sparc/noresult.c (test for excess errors)
ERROR: gcc.target/sparc/noresult.c: error executing dg-final: couldn't
open "noresult.s": no such file or directory
UNRESOLVED: gcc.target/sparc/noresult.c: error executing dg-final:
couldn't open "noresult.s": no such file or directory
FAIL: gcc.target/sparc/pdist.c (test for excess errors)
ERROR: gcc.target/sparc/pdist.c: error executing dg-final: couldn't
open "pdist.s": no such file or directory
UNRESOLVED: gcc.target/sparc/pdist.c: error executing dg-final:
couldn't open "pdist.s": no such file or directory

=== gcc Summary for unix/-m64 ===

# of expected passes		42309
# of unexpected failures	32
# of unexpected successes	1
# of expected failures		131
# of unresolved testcases	10
# of untested testcases		28
# of unsupported tests		445

=== gcc Summary ===

# of expected passes		84622
# of unexpected failures	60
# of unexpected successes	2
# of expected failures		262
# of unresolved testcases	25
# of untested testcases		56
# of unsupported tests		887
/usr/local/src/trunk/objdir/gcc/xgcc  version 4.3.0 20070225 (experimental)

=== gfortran tests ===


Running target unix FAIL: gfortran.dg/vect/vect-5.f90 -O scan-tree-dump-times Alignment of access forced using versioning. 3

=== gfortran Summary for unix ===

# of expected passes		16430
# of unexpected failures	1
# of expected failures		8
# of unsupported tests		41

Running target unix/-m64

=== gfortran Summary for unix/-m64 ===

# of expected passes		16462
# of expected failures		8
# of unsupported tests		25

=== gfortran Summary ===

# of expected passes		32892
# of unexpected failures	1
# of expected failures		16
# of unsupported tests		66
/usr/local/src/trunk/objdir/gcc/testsuite/gfortran/../../gfortran
version 4.3.0 20070225 (experimental)

=== g++ tests ===


Running target unix FAIL: g++.dg/compat/eh/unexpected1 cp_compat_x_tst.o-cp_compat_y_tst.o execute FAIL: g++.dg/eh/unexpected1.C execution test FAIL: g++.dg/gomp/pr29965-2.C (internal compiler error) FAIL: g++.dg/gomp/pr29965-2.C (test for excess errors) FAIL: g++.old-deja/g++.eh/spec2.C execution test FAIL: g++.old-deja/g++.mike/eh33.C execution test FAIL: g++.old-deja/g++.mike/eh50.C execution test FAIL: g++.old-deja/g++.mike/eh51.C execution test

=== g++ Summary for unix ===

# of expected passes		13976
# of unexpected failures	8
# of expected failures		80
# of unsupported tests		117

Running target unix/-m64
FAIL: g++.dg/compat/eh/unexpected1 cp_compat_x_tst.o-cp_compat_y_tst.o execute
FAIL: tmpdir-g++.dg-struct-layout-1/t026 cp_compat_x_tst.o compile,
(internal compiler error)
FAIL: tmpdir-g++.dg-struct-layout-1/t026 cp_compat_y_tst.o compile,
(internal compiler error)
UNRESOLVED: tmpdir-g++.dg-struct-layout-1/t026
cp_compat_x_tst.o-cp_compat_y_tst.o link
UNRESOLVED: tmpdir-g++.dg-struct-layout-1/t026
cp_compat_x_tst.o-cp_compat_y_tst.o execute
FAIL: g++.dg/eh/unexpected1.C execution test
FAIL: g++.dg/gomp/pr29965-2.C (internal compiler error)
FAIL: g++.dg/gomp/pr29965-2.C (test for excess errors)
FAIL: g++.old-deja/g++.eh/spec2.C execution test
FAIL: g++.old-deja/g++.mike/eh33.C execution test
FAIL: g++.old-deja/g++.mike/eh50.C execution test
FAIL: g++.old-deja/g++.mike/eh51.C execution test

=== g++ Summary for unix/-m64 ===

# of expected passes		13940
# of unexpected failures	10
# of expected failures		80
# of unresolved testcases	2
# of unsupported tests		119

=== g++ Summary ===

# of expected passes		27916
# of unexpected failures	18
# of expected failures		160
# of unresolved testcases	2
# of unsupported tests		236
/usr/local/src/trunk/objdir/gcc/testsuite/g++/../../g++  version 4.3.0
20070225 (experimental)

=== obj-c++ tests ===


Running target unix FAIL: obj-c++.dg/bitfield-1.mm (internal compiler error) FAIL: obj-c++.dg/bitfield-1.mm (test for excess errors) WARNING: obj-c++.dg/bitfield-1.mm compilation failed to produce executable FAIL: obj-c++.dg/comp-types-10.mm (internal compiler error) FAIL: obj-c++.dg/comp-types-10.mm (test for excess errors) FAIL: obj-c++.dg/cxx-ivars-2.mm execution test FAIL: obj-c++.dg/encode-2.mm scan-assembler {Vec<float>=ffi} FAIL: obj-c++.dg/encode-2.mm scan-assembler {Vec<double>=ddi} FAIL: obj-c++.dg/encode-3.mm execution test FAIL: obj-c++.dg/encode-8.mm execution test FAIL: obj-c++.dg/gnu-runtime-2.mm (test for excess errors) FAIL: obj-c++.dg/isa-field-1.mm (test for excess errors) FAIL: obj-c++.dg/lookup-2.mm (test for excess errors) WARNING: obj-c++.dg/lookup-2.mm compilation failed to produce executable FAIL: obj-c++.dg/qual-types-1.mm (internal compiler error) FAIL: obj-c++.dg/qual-types-1.mm (test for excess errors) WARNING: obj-c++.dg/qual-types-1.mm compilation failed to produce executable FAIL: obj-c++.dg/template-1.mm (internal compiler error) FAIL: obj-c++.dg/template-1.mm (test for excess errors) WARNING: obj-c++.dg/template-1.mm compilation failed to produce executable FAIL: obj-c++.dg/template-3.mm (internal compiler error) FAIL: obj-c++.dg/template-3.mm (test for excess errors) WARNING: obj-c++.dg/template-3.mm compilation failed to produce executable FAIL: obj-c++.dg/template-4.mm (internal compiler error) FAIL: obj-c++.dg/template-4.mm (test for excess errors) WARNING: obj-c++.dg/template-4.mm compilation failed to produce executable FAIL: obj-c++.dg/try-catch-2.mm (test for excess errors) WARNING: obj-c++.dg/try-catch-2.mm compilation failed to produce executable FAIL: obj-c++.dg/try-catch-9.mm (internal compiler error) FAIL: obj-c++.dg/try-catch-9.mm (test for excess errors) WARNING: obj-c++.dg/try-catch-9.mm compilation failed to produce executable

=== obj-c++ Summary for unix ===

# of expected passes		414
# of unexpected failures	23
# of unsupported tests		13

Running target unix/-m64
FAIL: obj-c++.dg/bitfield-1.mm (internal compiler error)
FAIL: obj-c++.dg/bitfield-1.mm (test for excess errors)
WARNING: obj-c++.dg/bitfield-1.mm compilation failed to produce executable
FAIL: obj-c++.dg/bitfield-4.mm (test for excess errors)
FAIL: obj-c++.dg/comp-types-10.mm (internal compiler error)
FAIL: obj-c++.dg/comp-types-10.mm (test for excess errors)
FAIL: obj-c++.dg/cxx-ivars-2.mm execution test
FAIL: obj-c++.dg/encode-2.mm scan-assembler {Vec<float>=ffi}
FAIL: obj-c++.dg/encode-2.mm scan-assembler {Vec<double>=ddi}
FAIL: obj-c++.dg/encode-3.mm execution test
FAIL: obj-c++.dg/encode-8.mm execution test
FAIL: obj-c++.dg/gnu-runtime-2.mm (test for excess errors)
FAIL: obj-c++.dg/isa-field-1.mm (test for excess errors)
FAIL: obj-c++.dg/layout-1.mm (test for excess errors)
FAIL: obj-c++.dg/lookup-2.mm (test for excess errors)
WARNING: obj-c++.dg/lookup-2.mm compilation failed to produce executable
FAIL: obj-c++.dg/qual-types-1.mm (internal compiler error)
FAIL: obj-c++.dg/qual-types-1.mm (test for excess errors)
WARNING: obj-c++.dg/qual-types-1.mm compilation failed to produce executable
FAIL: obj-c++.dg/template-1.mm (internal compiler error)
FAIL: obj-c++.dg/template-1.mm (test for excess errors)
WARNING: obj-c++.dg/template-1.mm compilation failed to produce executable
FAIL: obj-c++.dg/template-3.mm (internal compiler error)
FAIL: obj-c++.dg/template-3.mm (test for excess errors)
WARNING: obj-c++.dg/template-3.mm compilation failed to produce executable
FAIL: obj-c++.dg/template-4.mm (internal compiler error)
FAIL: obj-c++.dg/template-4.mm (test for excess errors)
WARNING: obj-c++.dg/template-4.mm compilation failed to produce executable
FAIL: obj-c++.dg/try-catch-2.mm (test for excess errors)
WARNING: obj-c++.dg/try-catch-2.mm compilation failed to produce executable
FAIL: obj-c++.dg/try-catch-9.mm (internal compiler error)
FAIL: obj-c++.dg/try-catch-9.mm (test for excess errors)
WARNING: obj-c++.dg/try-catch-9.mm compilation failed to produce executable

=== obj-c++ Summary for unix/-m64 ===

# of expected passes		412
# of unexpected failures	25
# of unsupported tests		13

=== obj-c++ Summary ===

# of expected passes		826
# of unexpected failures	48
# of unsupported tests		26
/usr/local/src/trunk/objdir/gcc/testsuite/obj-c++/../../g++  version
4.3.0 20070225 (experimental)

=== objc tests ===


Running target unix


=== objc Summary for unix ===

# of expected passes		1796
# of expected failures		7
# of unsupported tests		24

Running target unix/-m64

=== objc Summary for unix/-m64 ===

# of expected passes		1796
# of expected failures		7
# of unsupported tests		24

=== objc Summary ===

# of expected passes		3592
# of expected failures		14
# of unsupported tests		48
/usr/local/src/trunk/objdir/gcc/xgcc  version 4.3.0 20070225 (experimental)

=== treelang tests ===


Running target unix


=== treelang Summary for unix ===

# of expected passes 52

Running target unix/-m64

=== treelang Summary for unix/-m64 ===

# of expected passes 52

=== treelang Summary ===

# of expected passes		104
		=== libffi tests ===


Running target unix


=== libffi Summary for unix ===

# of expected passes		1096
# of unsupported tests		8

Running target unix/-m64

=== libffi Summary for unix/-m64 ===

# of expected passes		1096
# of unsupported tests		8

=== libffi Summary ===

# of expected passes		2192
# of unsupported tests		16
		=== libgomp tests ===


Running target unix


=== libgomp Summary for unix ===

# of expected passes 1566

Running target unix/-m64

=== libgomp Summary for unix/-m64 ===

# of expected passes 1566

=== libgomp Summary ===

# of expected passes		3132
		=== libjava tests ===


Running target unix FAIL: getlocalvartable run

=== libjava Summary for unix ===

# of expected passes		2495
# of unexpected failures	1
# of untested testcases		1

Running target unix/-m64
WARNING: program timed out.
FAIL: Array_3 execution - source compiled test
WARNING: program timed out.
FAIL: Array_3 -findirect-dispatch execution - source compiled test
WARNING: program timed out.
FAIL: Array_3 -O3 execution - source compiled test
WARNING: program timed out.
FAIL: Array_3 -O3 -findirect-dispatch execution - source compiled test
FAIL: Invoke_1 execution - source compiled test
FAIL: Invoke_1 -findirect-dispatch execution - source compiled test
FAIL: Invoke_1 -O3 execution - source compiled test
FAIL: Invoke_1 -O3 -findirect-dispatch execution - source compiled test
FAIL: pr83 -findirect-dispatch execution - source compiled test
FAIL: pr83 -O3 -findirect-dispatch execution - source compiled test

=== libjava Summary for unix/-m64 ===

# of expected passes		2476
# of unexpected failures	10
# of untested testcases		10

=== libjava Summary ===

# of expected passes		4971
# of unexpected failures	11
# of untested testcases		11
		=== libmudflap tests ===


Running target unix FAIL: libmudflap.c/pass54-frag.c execution test FAIL: libmudflap.c/pass54-frag.c execution test FAIL: libmudflap.c/pass54-frag.c (-static) execution test FAIL: libmudflap.c/pass54-frag.c (-static) execution test FAIL: libmudflap.c++/pass41-frag.cxx execution test FAIL: libmudflap.c++/pass41-frag.cxx (-static) execution test FAIL: libmudflap.c++/pass41-frag.cxx ( -O) execution test FAIL: libmudflap.c++/pass41-frag.cxx (-O2) execution test FAIL: libmudflap.c++/pass41-frag.cxx (-O3) execution test

=== libmudflap Summary for unix ===

# of expected passes		1817
# of unexpected failures	9

Running target unix/-m64
FAIL: libmudflap.c/pass54-frag.c execution test
FAIL: libmudflap.c/pass54-frag.c execution test
FAIL: libmudflap.c/fail27-frag.c (-static) output pattern test
FAIL: libmudflap.c/pass54-frag.c (-static) execution test
FAIL: libmudflap.c/pass54-frag.c (-static) execution test
FAIL: libmudflap.c++/pass41-frag.cxx execution test
FAIL: libmudflap.c++/pass41-frag.cxx (-static) execution test
FAIL: libmudflap.c++/pass41-frag.cxx ( -O) execution test
FAIL: libmudflap.c++/pass41-frag.cxx (-O2) execution test
FAIL: libmudflap.c++/pass41-frag.cxx (-O3) execution test
FAIL: libmudflap.cth/pass59-frag.c (test for excess errors)
FAIL: libmudflap.cth/pass59-frag.c (-static -DSTATIC) (test for excess errors)
FAIL: libmudflap.cth/pass59-frag.c (-O2) (test for excess errors)
FAIL: libmudflap.cth/pass59-frag.c (-O3) (test for excess errors)

=== libmudflap Summary for unix/-m64 ===

# of expected passes		1812
# of unexpected failures	14

=== libmudflap Summary ===

# of expected passes		3629
# of unexpected failures	23
		=== libstdc++ tests ===


Running target unix XPASS: 26_numerics/headers/cmath/c99_classification_macros_c.cc (test for excess errors) FAIL: 27_io/ios_base/storage/2.cc execution test FAIL: ext/pb_ds/regression/list_update_data_map_rand.cc (test for excess errors) WARNING: ext/pb_ds/regression/list_update_data_map_rand.cc compilation failed to produce executable WARNING: program timed out. FAIL: ext/pb_ds/regression/tree_data_map_rand.cc (test for excess errors) WARNING: ext/pb_ds/regression/tree_data_map_rand.cc compilation failed to produce executable WARNING: program timed out. FAIL: ext/pb_ds/regression/tree_no_data_map_rand.cc (test for excess errors) WARNING: ext/pb_ds/regression/tree_no_data_map_rand.cc compilation failed to produce executable

=== libstdc++ Summary for unix ===

# of expected passes		4614
# of unexpected failures	4
# of unexpected successes	1
# of expected failures		16

Running target unix/-m64
XPASS: 26_numerics/headers/cmath/c99_classification_macros_c.cc (test
for excess errors)
FAIL: 27_io/basic_filebuf/close/char/4879.cc execution test
FAIL: 27_io/basic_filebuf/close/char/9964.cc execution test
FAIL: 27_io/basic_filebuf/imbue/char/13171-2.cc execution test
FAIL: 27_io/basic_filebuf/imbue/wchar_t/14975-2.cc execution test
FAIL: 27_io/basic_filebuf/seekoff/char/26777.cc execution test
FAIL: 27_io/basic_filebuf/underflow/char/10097.cc execution test
XPASS: 27_io/fpos/14320-1.cc execution test
FAIL: 27_io/ios_base/storage/2.cc execution test
FAIL: 27_io/objects/char/7.cc execution test
FAIL: 27_io/objects/char/9661-1.cc execution test
FAIL: 27_io/objects/wchar_t/7.cc execution test
FAIL: 27_io/objects/wchar_t/9661-1.cc execution test
FAIL: ext/pb_ds/regression/list_update_data_map_rand.cc (test for excess errors)
WARNING: ext/pb_ds/regression/list_update_data_map_rand.cc compilation
failed to produce executable
WARNING: program timed out.
FAIL: ext/pb_ds/regression/tree_data_map_rand.cc (test for excess errors)
WARNING: ext/pb_ds/regression/tree_data_map_rand.cc compilation failed
to produce executable
WARNING: program timed out.
FAIL: ext/pb_ds/regression/tree_no_data_map_rand.cc (test for excess errors)
WARNING: ext/pb_ds/regression/tree_no_data_map_rand.cc compilation
failed to produce executable

=== libstdc++ Summary for unix/-m64 ===

# of expected passes		4604
# of unexpected failures	14
# of unexpected successes	2
# of expected failures		15

=== libstdc++ Summary ===

# of expected passes		9218
# of unexpected failures	18
# of unexpected successes	3
# of expected failures		31

Compiler version: 4.3.0 20070225 (experimental)
Platform: sparc64-unknown-linux-gnu
configure flags: --enable-__cxa_atexit --enable-shared --with-cpu=v7
--enable-languages=c,c++,fortran,java,objc,obj-c++,treelang
--with-gmp=/usr/local/gmp-mpfr --with-mpfr=/usr/local/gmp-mpfr


Index Nav: [Date Index] [Subject Index] [Author Index] [Thread Index]
Message Nav: [Date Prev] [Date Next] [Thread Prev] [Thread Next]