This is the mail archive of the gcc-testresults@gcc.gnu.org mailing list for the GCC project.


Index Nav: [Date Index] [Subject Index] [Author Index] [Thread Index]
Message Nav: [Date Prev] [Date Next] [Thread Prev] [Thread Next]
Other format: [Raw text]

Results for 4.2.0 20070225 (prerelease) testsuite on arm-none-linux-gnueabi


LAST_UPDATED: Sun Feb 25 08:08:46 UTC 2007 (/branches/gcc-4_2-branch revision 122311)

Target is arm-none-linux-gnueabi
Host   is i686-pc-linux-gnu

		=== g++ tests ===


Running target qemu-system
FAIL: g++.dg/abi/local1.C execution test
XPASS: g++.dg/other/packed1.C execution test
FAIL: g++.dg/gomp/pr27325.C (internal compiler error)
FAIL: g++.dg/gomp/pr27325.C (test for excess errors)
FAIL: g++.dg/gomp/pr27337-2.C (internal compiler error)
FAIL: g++.dg/gomp/pr27337-2.C (test for excess errors)

		=== g++ Summary ===

# of expected passes		13240
# of unexpected failures	5
# of unexpected successes	1
# of expected failures		67
# of unsupported tests		130
/scratch/gcc/nightly-2007-02-25-4.2/arm-none-linux-gnueabi/build_gcc/build/test-4.2-0-arm-none-linux-gnueabi/host-i686-pc-linux-gnu/fsf-4.2/bin/arm-none-linux-gnueabi-c++  version 4.2.0 20070225 (prerelease)

Host   is i686-pc-linux-gnu

		=== gcc tests ===


Running target qemu-system
FAIL: gcc.c-torture/execute/mayalias-2.c compilation,  -O3 -g  (internal compiler error)
UNRESOLVED: gcc.c-torture/execute/mayalias-2.c execution,  -O3 -g 
FAIL: gcc.dg/special/gcsec-1.c (test for excess errors)
FAIL: gcc.dg/tree-ssa/loadpre1.c scan-tree-dump-times Eliminated: 1 1
FAIL: gcc.dg/tree-ssa/loadpre14.c scan-tree-dump-times Eliminated: 1 1
FAIL: gcc.dg/tree-ssa/loadpre15.c scan-tree-dump-times Eliminated: 1 1

		=== gcc Summary ===

# of expected passes		40405
# of unexpected failures	5
# of expected failures		80
# of unresolved testcases	1
# of untested testcases		28
# of unsupported tests		392
/scratch/gcc/nightly-2007-02-25-4.2/arm-none-linux-gnueabi/build_gcc/build/test-4.2-0-arm-none-linux-gnueabi/host-i686-pc-linux-gnu/fsf-4.2/bin/arm-none-linux-gnueabi-gcc  version 4.2.0 20070225 (prerelease)

Host   is i686-pc-linux-gnu

		=== libstdc++ tests ===


Running target qemu-system
WARNING: remote_expect statement without a default case?!
WARNING: remote_expect statement without a default case?!
WARNING: program timed out.
WARNING: no shell prompt printed
WARNING: remote_expect statement without a default case?!
WARNING: remote_expect statement without a default case?!
WARNING: program timed out.
WARNING: no shell prompt printed
ERROR: tcl error sourcing /scratch/gcc/nightly-2007-02-25-4.2/src/gcc-4.2/libstdc++-v3/testsuite/libstdc++-dg/conformance.exp.
ERROR: Could not run cd /scratch/gcc/nightly-2007-02-25-4.2/arm-none-linux-gnueabi/build_gcc/build/test-4.2-0-arm-none-linux-gnueabi/host-i686-pc-linux-gnu/default/libstdc++.d:

		=== libstdc++ Summary ===

# of expected passes		1
Host   is i686-pc-linux-gnu

		=== g++ tests ===


Running target qemu-system/-mthumb
WARNING: remote_expect statement without a default case?!
WARNING: remote_expect statement without a default case?!
WARNING: program timed out.
WARNING: no shell prompt printed
WARNING: remote_expect statement without a default case?!
WARNING: remote_expect statement without a default case?!
WARNING: program timed out.
WARNING: no shell prompt printed
ERROR: tcl error sourcing /scratch/gcc/nightly-2007-02-25-4.2/src/gcc-4.2/gcc/testsuite/g++.dg/bprob/bprob.exp.
ERROR: Could not run cd /scratch/gcc/nightly-2007-02-25-4.2/arm-none-linux-gnueabi/build_gcc/build/test-4.2-0-arm-none-linux-gnueabi/host-i686-pc-linux-gnu/mthumb/g++.d:
WARNING: remote_expect statement without a default case?!
WARNING: remote_expect statement without a default case?!
WARNING: program timed out.
WARNING: no shell prompt printed
ERROR: g++.dg/charset/asm1.c: Could not run cd /scratch/gcc/nightly-2007-02-25-4.2/arm-none-linux-gnueabi/build_gcc/build/test-4.2-0-arm-none-linux-gnueabi/host-i686-pc-linux-gnu/mthumb/g++.d:
UNRESOLVED: g++.dg/charset/asm1.c: Could not run cd /scratch/gcc/nightly-2007-02-25-4.2/arm-none-linux-gnueabi/build_gcc/build/test-4.2-0-arm-none-linux-gnueabi/host-i686-pc-linux-gnu/mthumb/g++.d:
WARNING: remote_expect statement without a default case?!
WARNING: remote_expect statement without a default case?!
WARNING: program timed out.
WARNING: no shell prompt printed
ERROR: g++.dg/charset/asm2.c: Could not run cd /scratch/gcc/nightly-2007-02-25-4.2/arm-none-linux-gnueabi/build_gcc/build/test-4.2-0-arm-none-linux-gnueabi/host-i686-pc-linux-gnu/mthumb/g++.d:
UNRESOLVED: g++.dg/charset/asm2.c: Could not run cd /scratch/gcc/nightly-2007-02-25-4.2/arm-none-linux-gnueabi/build_gcc/build/test-4.2-0-arm-none-linux-gnueabi/host-i686-pc-linux-gnu/mthumb/g++.d:
WARNING: remote_expect statement without a default case?!
WARNING: remote_expect statement without a default case?!
WARNING: program timed out.
WARNING: no shell prompt printed
ERROR: g++.dg/charset/asm3.c: Could not run cd /scratch/gcc/nightly-2007-02-25-4.2/arm-none-linux-gnueabi/build_gcc/build/test-4.2-0-arm-none-linux-gnueabi/host-i686-pc-linux-gnu/mthumb/g++.d:
UNRESOLVED: g++.dg/charset/asm3.c: Could not run cd /scratch/gcc/nightly-2007-02-25-4.2/arm-none-linux-gnueabi/build_gcc/build/test-4.2-0-arm-none-linux-gnueabi/host-i686-pc-linux-gnu/mthumb/g++.d:
WARNING: remote_expect statement without a default case?!
WARNING: remote_expect statement without a default case?!
WARNING: program timed out.
WARNING: no shell prompt printed
ERROR: g++.dg/charset/asm4.c: Could not run cd /scratch/gcc/nightly-2007-02-25-4.2/arm-none-linux-gnueabi/build_gcc/build/test-4.2-0-arm-none-linux-gnueabi/host-i686-pc-linux-gnu/mthumb/g++.d:
UNRESOLVED: g++.dg/charset/asm4.c: Could not run cd /scratch/gcc/nightly-2007-02-25-4.2/arm-none-linux-gnueabi/build_gcc/build/test-4.2-0-arm-none-linux-gnueabi/host-i686-pc-linux-gnu/mthumb/g++.d:
WARNING: remote_expect statement without a default case?!
WARNING: remote_expect statement without a default case?!
WARNING: program timed out.
WARNING: no shell prompt printed
ERROR: g++.dg/charset/asm5.c: Could not run cd /scratch/gcc/nightly-2007-02-25-4.2/arm-none-linux-gnueabi/build_gcc/build/test-4.2-0-arm-none-linux-gnueabi/host-i686-pc-linux-gnu/mthumb/g++.d:
UNRESOLVED: g++.dg/charset/asm5.c: Could not run cd /scratch/gcc/nightly-2007-02-25-4.2/arm-none-linux-gnueabi/build_gcc/build/test-4.2-0-arm-none-linux-gnueabi/host-i686-pc-linux-gnu/mthumb/g++.d:
WARNING: remote_expect statement without a default case?!
WARNING: remote_expect statement without a default case?!
WARNING: program timed out.
WARNING: no shell prompt printed
ERROR: g++.dg/charset/attribute1.c: Could not run cd /scratch/gcc/nightly-2007-02-25-4.2/arm-none-linux-gnueabi/build_gcc/build/test-4.2-0-arm-none-linux-gnueabi/host-i686-pc-linux-gnu/mthumb/g++.d:
UNRESOLVED: g++.dg/charset/attribute1.c: Could not run cd /scratch/gcc/nightly-2007-02-25-4.2/arm-none-linux-gnueabi/build_gcc/build/test-4.2-0-arm-none-linux-gnueabi/host-i686-pc-linux-gnu/mthumb/g++.d:
WARNING: remote_expect statement without a default case?!
WARNING: remote_expect statement without a default case?!
WARNING: program timed out.
WARNING: no shell prompt printed
ERROR: g++.dg/charset/attribute2.c: Could not run cd /scratch/gcc/nightly-2007-02-25-4.2/arm-none-linux-gnueabi/build_gcc/build/test-4.2-0-arm-none-linux-gnueabi/host-i686-pc-linux-gnu/mthumb/g++.d:
UNRESOLVED: g++.dg/charset/attribute2.c: Could not run cd /scratch/gcc/nightly-2007-02-25-4.2/arm-none-linux-gnueabi/build_gcc/build/test-4.2-0-arm-none-linux-gnueabi/host-i686-pc-linux-gnu/mthumb/g++.d:
WARNING: remote_expect statement without a default case?!
WARNING: remote_expect statement without a default case?!
WARNING: program timed out.
WARNING: no shell prompt printed
ERROR: g++.dg/charset/extern1.cc: Could not run cd /scratch/gcc/nightly-2007-02-25-4.2/arm-none-linux-gnueabi/build_gcc/build/test-4.2-0-arm-none-linux-gnueabi/host-i686-pc-linux-gnu/mthumb/g++.d:
UNRESOLVED: g++.dg/charset/extern1.cc: Could not run cd /scratch/gcc/nightly-2007-02-25-4.2/arm-none-linux-gnueabi/build_gcc/build/test-4.2-0-arm-none-linux-gnueabi/host-i686-pc-linux-gnu/mthumb/g++.d:
WARNING: remote_expect statement without a default case?!
WARNING: remote_expect statement without a default case?!
WARNING: program timed out.
WARNING: no shell prompt printed
ERROR: g++.dg/charset/extern2.cc: Could not run cd /scratch/gcc/nightly-2007-02-25-4.2/arm-none-linux-gnueabi/build_gcc/build/test-4.2-0-arm-none-linux-gnueabi/host-i686-pc-linux-gnu/mthumb/g++.d:
UNRESOLVED: g++.dg/charset/extern2.cc: Could not run cd /scratch/gcc/nightly-2007-02-25-4.2/arm-none-linux-gnueabi/build_gcc/build/test-4.2-0-arm-none-linux-gnueabi/host-i686-pc-linux-gnu/mthumb/g++.d:
WARNING: remote_expect statement without a default case?!
WARNING: remote_expect statement without a default case?!
WARNING: program timed out.
WARNING: no shell prompt printed
ERROR: g++.dg/charset/extern3.cc: Could not run cd /scratch/gcc/nightly-2007-02-25-4.2/arm-none-linux-gnueabi/build_gcc/build/test-4.2-0-arm-none-linux-gnueabi/host-i686-pc-linux-gnu/mthumb/g++.d:
UNRESOLVED: g++.dg/charset/extern3.cc: Could not run cd /scratch/gcc/nightly-2007-02-25-4.2/arm-none-linux-gnueabi/build_gcc/build/test-4.2-0-arm-none-linux-gnueabi/host-i686-pc-linux-gnu/mthumb/g++.d:
WARNING: remote_expect statement without a default case?!
WARNING: remote_expect statement without a default case?!
WARNING: program timed out.
WARNING: no shell prompt printed
ERROR: g++.dg/charset/function.cc: Could not run cd /scratch/gcc/nightly-2007-02-25-4.2/arm-none-linux-gnueabi/build_gcc/build/test-4.2-0-arm-none-linux-gnueabi/host-i686-pc-linux-gnu/mthumb/g++.d:
UNRESOLVED: g++.dg/charset/function.cc: Could not run cd /scratch/gcc/nightly-2007-02-25-4.2/arm-none-linux-gnueabi/build_gcc/build/test-4.2-0-arm-none-linux-gnueabi/host-i686-pc-linux-gnu/mthumb/g++.d:
WARNING: remote_expect statement without a default case?!
WARNING: remote_expect statement without a default case?!
WARNING: program timed out.
WARNING: no shell prompt printed
ERROR: g++.dg/charset/string.c: Could not run cd /scratch/gcc/nightly-2007-02-25-4.2/arm-none-linux-gnueabi/build_gcc/build/test-4.2-0-arm-none-linux-gnueabi/host-i686-pc-linux-gnu/mthumb/g++.d:
UNRESOLVED: g++.dg/charset/string.c: Could not run cd /scratch/gcc/nightly-2007-02-25-4.2/arm-none-linux-gnueabi/build_gcc/build/test-4.2-0-arm-none-linux-gnueabi/host-i686-pc-linux-gnu/mthumb/g++.d:
WARNING: remote_expect statement without a default case?!
WARNING: remote_expect statement without a default case?!
WARNING: program timed out.
WARNING: no shell prompt printed
ERROR: tcl error sourcing /scratch/gcc/nightly-2007-02-25-4.2/src/gcc-4.2/gcc/testsuite/g++.dg/compat/compat.exp.
ERROR: Could not run cd /scratch/gcc/nightly-2007-02-25-4.2/arm-none-linux-gnueabi/build_gcc/build/test-4.2-0-arm-none-linux-gnueabi/host-i686-pc-linux-gnu/mthumb/g++.d:
UNRESOLVED: tmpdir-g++.dg-struct-layout-1/t001 cp_compat_main_tst.o compile
WARNING: remote_expect statement without a default case?!
WARNING: remote_expect statement without a default case?!
WARNING: program timed out.
WARNING: no shell prompt printed
ERROR: tcl error sourcing /scratch/gcc/nightly-2007-02-25-4.2/src/gcc-4.2/gcc/testsuite/g++.dg/compat/struct-layout-1.exp.
ERROR: Could not run cd /scratch/gcc/nightly-2007-02-25-4.2/arm-none-linux-gnueabi/build_gcc/build/test-4.2-0-arm-none-linux-gnueabi/host-i686-pc-linux-gnu/mthumb/g++.d:
UNRESOLVED: g++.dg/debug/anonunion1.C -gdwarf-21 (test for excess errors)
WARNING: remote_expect statement without a default case?!
WARNING: remote_expect statement without a default case?!
WARNING: program timed out.
WARNING: no shell prompt printed
ERROR: tcl error sourcing /scratch/gcc/nightly-2007-02-25-4.2/src/gcc-4.2/gcc/testsuite/g++.dg/debug/debug.exp.
ERROR: Could not run cd /scratch/gcc/nightly-2007-02-25-4.2/arm-none-linux-gnueabi/build_gcc/build/test-4.2-0-arm-none-linux-gnueabi/host-i686-pc-linux-gnu/mthumb/g++.d:
UNRESOLVED: g++.dg/abi/align1.C (test for excess errors)
WARNING: remote_expect statement without a default case?!
WARNING: remote_expect statement without a default case?!
WARNING: program timed out.
WARNING: no shell prompt printed
ERROR: tcl error sourcing /scratch/gcc/nightly-2007-02-25-4.2/src/gcc-4.2/gcc/testsuite/g++.dg/dg.exp.
ERROR: Could not run cd /scratch/gcc/nightly-2007-02-25-4.2/arm-none-linux-gnueabi/build_gcc/build/test-4.2-0-arm-none-linux-gnueabi/host-i686-pc-linux-gnu/mthumb/g++.d:
UNRESOLVED: g++.dg/gcov/gcov-1.C
FAIL: g++.dg/gomp/pr27325.C (internal compiler error)
FAIL: g++.dg/gomp/pr27325.C (test for excess errors)
FAIL: g++.dg/gomp/pr27337-2.C (internal compiler error)
FAIL: g++.dg/gomp/pr27337-2.C (test for excess errors)
WARNING: remote_expect statement without a default case?!
WARNING: remote_expect statement without a default case?!
WARNING: program timed out.
WARNING: no shell prompt printed
ERROR: tcl error sourcing /scratch/gcc/nightly-2007-02-25-4.2/src/gcc-4.2/gcc/testsuite/g++.old-deja/old-deja.exp.
ERROR: Could not run cd /scratch/gcc/nightly-2007-02-25-4.2/arm-none-linux-gnueabi/build_gcc/build/test-4.2-0-arm-none-linux-gnueabi/host-i686-pc-linux-gnu/mthumb/g++.d:

		=== g++ Summary ===

# of expected passes		1240
# of unexpected failures	4
# of expected failures		1
# of unresolved testcases	16
# of unsupported tests		5
/scratch/gcc/nightly-2007-02-25-4.2/arm-none-linux-gnueabi/build_gcc/build/test-4.2-0-arm-none-linux-gnueabi/host-i686-pc-linux-gnu/fsf-4.2/bin/arm-none-linux-gnueabi-c++  version 4.2.0 20070225 (prerelease)

Host   is i686-pc-linux-gnu

		=== gcc tests ===


Running target qemu-system/-mthumb
WARNING: remote_expect statement without a default case?!
WARNING: remote_expect statement without a default case?!
WARNING: program timed out.
WARNING: no shell prompt printed
WARNING: remote_expect statement without a default case?!
WARNING: remote_expect statement without a default case?!
WARNING: program timed out.
WARNING: no shell prompt printed
ERROR: tcl error sourcing /scratch/gcc/nightly-2007-02-25-4.2/src/gcc-4.2/gcc/testsuite/gcc.c-torture/execute/builtins/builtins.exp.
ERROR: Could not run cd /scratch/gcc/nightly-2007-02-25-4.2/arm-none-linux-gnueabi/build_gcc/build/test-4.2-0-arm-none-linux-gnueabi/host-i686-pc-linux-gnu/mthumb/gcc.d:
UNRESOLVED: gcc.c-torture/execute/20000112-1.c compilation,  -O0 
WARNING: remote_expect statement without a default case?!
WARNING: remote_expect statement without a default case?!
WARNING: program timed out.
WARNING: no shell prompt printed
ERROR: tcl error sourcing /scratch/gcc/nightly-2007-02-25-4.2/src/gcc-4.2/gcc/testsuite/gcc.c-torture/execute/execute.exp.
ERROR: Could not run cd /scratch/gcc/nightly-2007-02-25-4.2/arm-none-linux-gnueabi/build_gcc/build/test-4.2-0-arm-none-linux-gnueabi/host-i686-pc-linux-gnu/mthumb/gcc.d:
UNRESOLVED: gcc.c-torture/execute/ieee/20000320-1.c compilation,  -O0 
WARNING: remote_expect statement without a default case?!
WARNING: remote_expect statement without a default case?!
WARNING: program timed out.
WARNING: no shell prompt printed
ERROR: tcl error sourcing /scratch/gcc/nightly-2007-02-25-4.2/src/gcc-4.2/gcc/testsuite/gcc.c-torture/execute/ieee/ieee.exp.
ERROR: Could not run cd /scratch/gcc/nightly-2007-02-25-4.2/arm-none-linux-gnueabi/build_gcc/build/test-4.2-0-arm-none-linux-gnueabi/host-i686-pc-linux-gnu/mthumb/gcc.d:
UNRESOLVED: gcc.c-torture/unsorted/386.c,  -O0  
WARNING: remote_expect statement without a default case?!
WARNING: remote_expect statement without a default case?!
WARNING: program timed out.
WARNING: no shell prompt printed
ERROR: gcc.dg/charset/asm1.c: Could not run cd /scratch/gcc/nightly-2007-02-25-4.2/arm-none-linux-gnueabi/build_gcc/build/test-4.2-0-arm-none-linux-gnueabi/host-i686-pc-linux-gnu/mthumb/gcc.d:
UNRESOLVED: gcc.dg/charset/asm1.c: Could not run cd /scratch/gcc/nightly-2007-02-25-4.2/arm-none-linux-gnueabi/build_gcc/build/test-4.2-0-arm-none-linux-gnueabi/host-i686-pc-linux-gnu/mthumb/gcc.d:
WARNING: remote_expect statement without a default case?!
WARNING: remote_expect statement without a default case?!
WARNING: program timed out.
WARNING: no shell prompt printed
ERROR: gcc.dg/charset/asm2.c: Could not run cd /scratch/gcc/nightly-2007-02-25-4.2/arm-none-linux-gnueabi/build_gcc/build/test-4.2-0-arm-none-linux-gnueabi/host-i686-pc-linux-gnu/mthumb/gcc.d:
UNRESOLVED: gcc.dg/charset/asm2.c: Could not run cd /scratch/gcc/nightly-2007-02-25-4.2/arm-none-linux-gnueabi/build_gcc/build/test-4.2-0-arm-none-linux-gnueabi/host-i686-pc-linux-gnu/mthumb/gcc.d:
WARNING: remote_expect statement without a default case?!
WARNING: remote_expect statement without a default case?!
WARNING: program timed out.
WARNING: no shell prompt printed
ERROR: gcc.dg/charset/asm3.c: Could not run cd /scratch/gcc/nightly-2007-02-25-4.2/arm-none-linux-gnueabi/build_gcc/build/test-4.2-0-arm-none-linux-gnueabi/host-i686-pc-linux-gnu/mthumb/gcc.d:
UNRESOLVED: gcc.dg/charset/asm3.c: Could not run cd /scratch/gcc/nightly-2007-02-25-4.2/arm-none-linux-gnueabi/build_gcc/build/test-4.2-0-arm-none-linux-gnueabi/host-i686-pc-linux-gnu/mthumb/gcc.d:
WARNING: remote_expect statement without a default case?!
WARNING: remote_expect statement without a default case?!
WARNING: program timed out.
WARNING: no shell prompt printed
ERROR: gcc.dg/charset/asm4.c: Could not run cd /scratch/gcc/nightly-2007-02-25-4.2/arm-none-linux-gnueabi/build_gcc/build/test-4.2-0-arm-none-linux-gnueabi/host-i686-pc-linux-gnu/mthumb/gcc.d:
UNRESOLVED: gcc.dg/charset/asm4.c: Could not run cd /scratch/gcc/nightly-2007-02-25-4.2/arm-none-linux-gnueabi/build_gcc/build/test-4.2-0-arm-none-linux-gnueabi/host-i686-pc-linux-gnu/mthumb/gcc.d:
WARNING: remote_expect statement without a default case?!
WARNING: remote_expect statement without a default case?!
WARNING: program timed out.
WARNING: no shell prompt printed
ERROR: gcc.dg/charset/asm5.c: Could not run cd /scratch/gcc/nightly-2007-02-25-4.2/arm-none-linux-gnueabi/build_gcc/build/test-4.2-0-arm-none-linux-gnueabi/host-i686-pc-linux-gnu/mthumb/gcc.d:
UNRESOLVED: gcc.dg/charset/asm5.c: Could not run cd /scratch/gcc/nightly-2007-02-25-4.2/arm-none-linux-gnueabi/build_gcc/build/test-4.2-0-arm-none-linux-gnueabi/host-i686-pc-linux-gnu/mthumb/gcc.d:
WARNING: remote_expect statement without a default case?!
WARNING: remote_expect statement without a default case?!
WARNING: program timed out.
WARNING: no shell prompt printed
ERROR: gcc.dg/charset/asm6.c: Could not run cd /scratch/gcc/nightly-2007-02-25-4.2/arm-none-linux-gnueabi/build_gcc/build/test-4.2-0-arm-none-linux-gnueabi/host-i686-pc-linux-gnu/mthumb/gcc.d:
UNRESOLVED: gcc.dg/charset/asm6.c: Could not run cd /scratch/gcc/nightly-2007-02-25-4.2/arm-none-linux-gnueabi/build_gcc/build/test-4.2-0-arm-none-linux-gnueabi/host-i686-pc-linux-gnu/mthumb/gcc.d:
WARNING: remote_expect statement without a default case?!
WARNING: remote_expect statement without a default case?!
WARNING: program timed out.
WARNING: no shell prompt printed
ERROR: gcc.dg/charset/attribute1.c: Could not run cd /scratch/gcc/nightly-2007-02-25-4.2/arm-none-linux-gnueabi/build_gcc/build/test-4.2-0-arm-none-linux-gnueabi/host-i686-pc-linux-gnu/mthumb/gcc.d:
UNRESOLVED: gcc.dg/charset/attribute1.c: Could not run cd /scratch/gcc/nightly-2007-02-25-4.2/arm-none-linux-gnueabi/build_gcc/build/test-4.2-0-arm-none-linux-gnueabi/host-i686-pc-linux-gnu/mthumb/gcc.d:
WARNING: remote_expect statement without a default case?!
WARNING: remote_expect statement without a default case?!
WARNING: program timed out.
WARNING: no shell prompt printed
ERROR: gcc.dg/charset/attribute2.c: Could not run cd /scratch/gcc/nightly-2007-02-25-4.2/arm-none-linux-gnueabi/build_gcc/build/test-4.2-0-arm-none-linux-gnueabi/host-i686-pc-linux-gnu/mthumb/gcc.d:
UNRESOLVED: gcc.dg/charset/attribute2.c: Could not run cd /scratch/gcc/nightly-2007-02-25-4.2/arm-none-linux-gnueabi/build_gcc/build/test-4.2-0-arm-none-linux-gnueabi/host-i686-pc-linux-gnu/mthumb/gcc.d:
WARNING: remote_expect statement without a default case?!
WARNING: remote_expect statement without a default case?!
WARNING: program timed out.
WARNING: no shell prompt printed
ERROR: gcc.dg/charset/builtin1.c: Could not run cd /scratch/gcc/nightly-2007-02-25-4.2/arm-none-linux-gnueabi/build_gcc/build/test-4.2-0-arm-none-linux-gnueabi/host-i686-pc-linux-gnu/mthumb/gcc.d:
UNRESOLVED: gcc.dg/charset/builtin1.c: Could not run cd /scratch/gcc/nightly-2007-02-25-4.2/arm-none-linux-gnueabi/build_gcc/build/test-4.2-0-arm-none-linux-gnueabi/host-i686-pc-linux-gnu/mthumb/gcc.d:
WARNING: remote_expect statement without a default case?!
WARNING: remote_expect statement without a default case?!
WARNING: program timed out.
WARNING: no shell prompt printed
ERROR: gcc.dg/charset/builtin2.c: Could not run cd /scratch/gcc/nightly-2007-02-25-4.2/arm-none-linux-gnueabi/build_gcc/build/test-4.2-0-arm-none-linux-gnueabi/host-i686-pc-linux-gnu/mthumb/gcc.d:
UNRESOLVED: gcc.dg/charset/builtin2.c: Could not run cd /scratch/gcc/nightly-2007-02-25-4.2/arm-none-linux-gnueabi/build_gcc/build/test-4.2-0-arm-none-linux-gnueabi/host-i686-pc-linux-gnu/mthumb/gcc.d:
WARNING: remote_expect statement without a default case?!
WARNING: remote_expect statement without a default case?!
WARNING: program timed out.
WARNING: no shell prompt printed
ERROR: gcc.dg/charset/extern.c: Could not run cd /scratch/gcc/nightly-2007-02-25-4.2/arm-none-linux-gnueabi/build_gcc/build/test-4.2-0-arm-none-linux-gnueabi/host-i686-pc-linux-gnu/mthumb/gcc.d:
UNRESOLVED: gcc.dg/charset/extern.c: Could not run cd /scratch/gcc/nightly-2007-02-25-4.2/arm-none-linux-gnueabi/build_gcc/build/test-4.2-0-arm-none-linux-gnueabi/host-i686-pc-linux-gnu/mthumb/gcc.d:
WARNING: remote_expect statement without a default case?!
WARNING: remote_expect statement without a default case?!
WARNING: program timed out.
WARNING: no shell prompt printed
ERROR: gcc.dg/charset/function.c: Could not run cd /scratch/gcc/nightly-2007-02-25-4.2/arm-none-linux-gnueabi/build_gcc/build/test-4.2-0-arm-none-linux-gnueabi/host-i686-pc-linux-gnu/mthumb/gcc.d:
UNRESOLVED: gcc.dg/charset/function.c: Could not run cd /scratch/gcc/nightly-2007-02-25-4.2/arm-none-linux-gnueabi/build_gcc/build/test-4.2-0-arm-none-linux-gnueabi/host-i686-pc-linux-gnu/mthumb/gcc.d:
WARNING: remote_expect statement without a default case?!
WARNING: remote_expect statement without a default case?!
WARNING: program timed out.
WARNING: no shell prompt printed
ERROR: gcc.dg/charset/string.c: Could not run cd /scratch/gcc/nightly-2007-02-25-4.2/arm-none-linux-gnueabi/build_gcc/build/test-4.2-0-arm-none-linux-gnueabi/host-i686-pc-linux-gnu/mthumb/gcc.d:
UNRESOLVED: gcc.dg/charset/string.c: Could not run cd /scratch/gcc/nightly-2007-02-25-4.2/arm-none-linux-gnueabi/build_gcc/build/test-4.2-0-arm-none-linux-gnueabi/host-i686-pc-linux-gnu/mthumb/gcc.d:
WARNING: remote_expect statement without a default case?!
WARNING: remote_expect statement without a default case?!
WARNING: program timed out.
WARNING: no shell prompt printed
ERROR: tcl error sourcing /scratch/gcc/nightly-2007-02-25-4.2/src/gcc-4.2/gcc/testsuite/gcc.dg/compat/compat.exp.
ERROR: Could not run cd /scratch/gcc/nightly-2007-02-25-4.2/arm-none-linux-gnueabi/build_gcc/build/test-4.2-0-arm-none-linux-gnueabi/host-i686-pc-linux-gnu/mthumb/gcc.d:
UNRESOLVED: tmpdir-gcc.dg-struct-layout-1/t001 c_compat_main_tst.o compile
WARNING: remote_expect statement without a default case?!
WARNING: remote_expect statement without a default case?!
WARNING: program timed out.
WARNING: no shell prompt printed
ERROR: tcl error sourcing /scratch/gcc/nightly-2007-02-25-4.2/src/gcc-4.2/gcc/testsuite/gcc.dg/compat/struct-layout-1.exp.
ERROR: Could not run cd /scratch/gcc/nightly-2007-02-25-4.2/arm-none-linux-gnueabi/build_gcc/build/test-4.2-0-arm-none-linux-gnueabi/host-i686-pc-linux-gnu/mthumb/gcc.d:
UNRESOLVED: gcc.dg/cpp/19921210-1.c (test for excess errors)
WARNING: remote_expect statement without a default case?!
WARNING: remote_expect statement without a default case?!
WARNING: program timed out.
WARNING: no shell prompt printed
ERROR: tcl error sourcing /scratch/gcc/nightly-2007-02-25-4.2/src/gcc-4.2/gcc/testsuite/gcc.dg/cpp/cpp.exp.
ERROR: Could not run cd /scratch/gcc/nightly-2007-02-25-4.2/arm-none-linux-gnueabi/build_gcc/build/test-4.2-0-arm-none-linux-gnueabi/host-i686-pc-linux-gnu/mthumb/gcc.d:
UNRESOLVED: gcc.dg/cpp/trad/Wunused.c  (test for bogus messages, line 12)
WARNING: remote_expect statement without a default case?!
WARNING: remote_expect statement without a default case?!
WARNING: program timed out.
WARNING: no shell prompt printed
ERROR: tcl error sourcing /scratch/gcc/nightly-2007-02-25-4.2/src/gcc-4.2/gcc/testsuite/gcc.dg/cpp/trad/trad.exp.
ERROR: Could not run cd /scratch/gcc/nightly-2007-02-25-4.2/arm-none-linux-gnueabi/build_gcc/build/test-4.2-0-arm-none-linux-gnueabi/host-i686-pc-linux-gnu/mthumb/gcc.d:
UNRESOLVED: gcc.dg/debug/20000503-1.c -gdwarf-21 (test for excess errors)
WARNING: remote_expect statement without a default case?!
WARNING: remote_expect statement without a default case?!
WARNING: program timed out.
WARNING: no shell prompt printed
ERROR: tcl error sourcing /scratch/gcc/nightly-2007-02-25-4.2/src/gcc-4.2/gcc/testsuite/gcc.dg/debug/debug.exp.
ERROR: Could not run cd /scratch/gcc/nightly-2007-02-25-4.2/arm-none-linux-gnueabi/build_gcc/build/test-4.2-0-arm-none-linux-gnueabi/host-i686-pc-linux-gnu/mthumb/gcc.d:
UNRESOLVED: gcc.dg/debug/dwarf2/c99-typedef1.c (test for excess errors)
WARNING: remote_expect statement without a default case?!
WARNING: remote_expect statement without a default case?!
WARNING: program timed out.
WARNING: no shell prompt printed
ERROR: tcl error sourcing /scratch/gcc/nightly-2007-02-25-4.2/src/gcc-4.2/gcc/testsuite/gcc.dg/dg.exp.
ERROR: Could not run cd /scratch/gcc/nightly-2007-02-25-4.2/arm-none-linux-gnueabi/build_gcc/build/test-4.2-0-arm-none-linux-gnueabi/host-i686-pc-linux-gnu/mthumb/gcc.d:
UNRESOLVED: gcc.dg/format/array-1.c   wrong type with array (test for warnings, line 25)
WARNING: remote_expect statement without a default case?!
WARNING: remote_expect statement without a default case?!
WARNING: program timed out.
WARNING: no shell prompt printed
ERROR: tcl error sourcing /scratch/gcc/nightly-2007-02-25-4.2/src/gcc-4.2/gcc/testsuite/gcc.dg/special/special.exp.
ERROR: Could not run cd /scratch/gcc/nightly-2007-02-25-4.2/arm-none-linux-gnueabi/build_gcc/build/test-4.2-0-arm-none-linux-gnueabi/host-i686-pc-linux-gnu/mthumb/gcc.d:
UNRESOLVED: gcc.dg/tls/alias-1.c (test for excess errors)
WARNING: remote_expect statement without a default case?!
WARNING: remote_expect statement without a default case?!
WARNING: program timed out.
WARNING: no shell prompt printed
ERROR: gcc.dg/tls/opt-11.c: Could not run cd /scratch/gcc/nightly-2007-02-25-4.2/arm-none-linux-gnueabi/build_gcc/build/test-4.2-0-arm-none-linux-gnueabi/host-i686-pc-linux-gnu/mthumb/gcc.d:
UNRESOLVED: gcc.dg/tls/opt-11.c: Could not run cd /scratch/gcc/nightly-2007-02-25-4.2/arm-none-linux-gnueabi/build_gcc/build/test-4.2-0-arm-none-linux-gnueabi/host-i686-pc-linux-gnu/mthumb/gcc.d:
WARNING: remote_expect statement without a default case?!
WARNING: remote_expect statement without a default case?!
WARNING: program timed out.
WARNING: no shell prompt printed
ERROR: tcl error sourcing /scratch/gcc/nightly-2007-02-25-4.2/src/gcc-4.2/gcc/testsuite/gcc.dg/torture/dg-torture.exp.
ERROR: Could not run cd /scratch/gcc/nightly-2007-02-25-4.2/arm-none-linux-gnueabi/build_gcc/build/test-4.2-0-arm-none-linux-gnueabi/host-i686-pc-linux-gnu/mthumb/gcc.d:
WARNING: remote_expect statement without a default case?!
WARNING: remote_expect statement without a default case?!
WARNING: program timed out.
WARNING: no shell prompt printed
ERROR: tcl error sourcing /scratch/gcc/nightly-2007-02-25-4.2/src/gcc-4.2/gcc/testsuite/gcc.dg/tree-prof/tree-prof.exp.
ERROR: Could not run cd /scratch/gcc/nightly-2007-02-25-4.2/arm-none-linux-gnueabi/build_gcc/build/test-4.2-0-arm-none-linux-gnueabi/host-i686-pc-linux-gnu/mthumb/gcc.d:
UNRESOLVED: gcc.dg/tree-ssa/20030530-2.c (test for excess errors)
WARNING: remote_expect statement without a default case?!
WARNING: remote_expect statement without a default case?!
WARNING: program timed out.
WARNING: no shell prompt printed
ERROR: tcl error sourcing /scratch/gcc/nightly-2007-02-25-4.2/src/gcc-4.2/gcc/testsuite/gcc.dg/tree-ssa/tree-ssa.exp.
ERROR: Could not run cd /scratch/gcc/nightly-2007-02-25-4.2/arm-none-linux-gnueabi/build_gcc/build/test-4.2-0-arm-none-linux-gnueabi/host-i686-pc-linux-gnu/mthumb/gcc.d:
UNRESOLVED: gcc.dg/weak/typeof-2.c (test for excess errors)
WARNING: remote_expect statement without a default case?!
WARNING: remote_expect statement without a default case?!
WARNING: program timed out.
WARNING: no shell prompt printed
ERROR: tcl error sourcing /scratch/gcc/nightly-2007-02-25-4.2/src/gcc-4.2/gcc/testsuite/gcc.dg/weak/weak.exp.
ERROR: Could not run cd /scratch/gcc/nightly-2007-02-25-4.2/arm-none-linux-gnueabi/build_gcc/build/test-4.2-0-arm-none-linux-gnueabi/host-i686-pc-linux-gnu/mthumb/gcc.d:
UNRESOLVED: gcc.misc-tests/arm-isr.c (test for excess errors)
WARNING: remote_expect statement without a default case?!
WARNING: remote_expect statement without a default case?!
WARNING: program timed out.
WARNING: no shell prompt printed
ERROR: tcl error sourcing /scratch/gcc/nightly-2007-02-25-4.2/src/gcc-4.2/gcc/testsuite/gcc.misc-tests/bprob.exp.
ERROR: Could not run cd /scratch/gcc/nightly-2007-02-25-4.2/arm-none-linux-gnueabi/build_gcc/build/test-4.2-0-arm-none-linux-gnueabi/host-i686-pc-linux-gnu/mthumb/gcc.d:
UNRESOLVED: gcc.misc-tests/gcov-1.c

		=== gcc Summary ===

# of expected passes		13851
# of expected failures		13
# of unresolved testcases	28
# of untested testcases		28
# of unsupported tests		100
/scratch/gcc/nightly-2007-02-25-4.2/arm-none-linux-gnueabi/build_gcc/build/test-4.2-0-arm-none-linux-gnueabi/host-i686-pc-linux-gnu/fsf-4.2/bin/arm-none-linux-gnueabi-gcc  version 4.2.0 20070225 (prerelease)

Host   is i686-pc-linux-gnu

		=== libstdc++ tests ===


Running target qemu-system/-mthumb
WARNING: remote_expect statement without a default case?!
WARNING: remote_expect statement without a default case?!
WARNING: program timed out.
WARNING: no shell prompt printed
WARNING: remote_expect statement without a default case?!
WARNING: remote_expect statement without a default case?!
WARNING: program timed out.
WARNING: no shell prompt printed
ERROR: tcl error sourcing /scratch/gcc/nightly-2007-02-25-4.2/src/gcc-4.2/libstdc++-v3/testsuite/libstdc++-dg/conformance.exp.
ERROR: Could not run cd /scratch/gcc/nightly-2007-02-25-4.2/arm-none-linux-gnueabi/build_gcc/build/test-4.2-0-arm-none-linux-gnueabi/host-i686-pc-linux-gnu/mthumb/libstdc++.d:

		=== libstdc++ Summary ===

# of expected passes		1

Compiler version: 4.2.0 20070225 (prerelease) 
Platform: arm-none-linux-gnueabi
configure flags: --build=i686-pc-linux-gnu --host=i686-pc-linux-gnu --target=arm-none-linux-gnueabi --enable-shared --enable-threads --disable-libmudflap --disable-libssp --disable-libgomp --disable-libstdcxx-pch --with-gnu-as --with-gnu-ld --prefix=/opt/codesourcery --enable-languages=c,c++ --enable-symvers=gnu --enable-__cxa_atexit --disable-nls --with-sysroot=/opt/codesourcery/arm-none-linux-gnueabi/libc --with-build-sysroot=/scratch/gcc/nightly-2007-02-25-4.2/arm-none-linux-gnueabi/build_gcc/install/arm-none-linux-gnueabi/libc --with-build-time-tools=/scratch/gcc/nightly-2007-02-25-4.2/arm-none-linux-gnueabi/build_gcc/install/arm-none-linux-gnueabi/bin --with-build-time-tools=/scratch/gcc/nightly-2007-02-25-4.2/arm-none-linux-gnueabi/build_gcc/install/arm-none-linux-gnueabi/bin


Index Nav: [Date Index] [Subject Index] [Author Index] [Thread Index]
Message Nav: [Date Prev] [Date Next] [Thread Prev] [Thread Next]