This is the mail archive of the gcc-testresults@gcc.gnu.org mailing list for the GCC project.


Index Nav: [Date Index] [Subject Index] [Author Index] [Thread Index]
Message Nav: [Date Prev] [Date Next] [Thread Prev] [Thread Next]
Other format: [Raw text]

Results for 4.2.0 20070225 (prerelease) testsuite on powerpc64-apple-darwin8.8.0


LAST_UPDATED: Sun Feb 25 14:45:30 UTC 2007 (revision 122312M)

Native configuration is powerpc64-apple-darwin8.8.0

		=== g++ tests ===


Running target unix/-mcpu=970/-m64
FAIL: tmpdir-g++.dg-struct-layout-1/t003 cp_compat_x_tst.o-cp_compat_y_tst.o execute 
FAIL: tmpdir-g++.dg-struct-layout-1/t006 cp_compat_x_tst.o-cp_compat_y_tst.o execute 
FAIL: tmpdir-g++.dg-struct-layout-1/t007 cp_compat_x_tst.o-cp_compat_y_tst.o execute 
FAIL: tmpdir-g++.dg-struct-layout-1/t008 cp_compat_x_tst.o-cp_compat_y_tst.o execute 
FAIL: tmpdir-g++.dg-struct-layout-1/t010 cp_compat_x_tst.o-cp_compat_y_tst.o execute 
FAIL: tmpdir-g++.dg-struct-layout-1/t011 cp_compat_x_tst.o-cp_compat_y_tst.o execute 
FAIL: tmpdir-g++.dg-struct-layout-1/t020 cp_compat_x_tst.o-cp_compat_y_tst.o execute 
FAIL: tmpdir-g++.dg-struct-layout-1/t026 cp_compat_x_tst.o-cp_compat_y_tst.o execute 
FAIL: tmpdir-g++.dg-struct-layout-1/t027 cp_compat_x_tst.o-cp_compat_y_tst.o execute 
FAIL: g++.dg/eh/forced1.C execution test
WARNING: program timed out.
FAIL: g++.dg/eh/simd-4.C execution test
FAIL: g++.dg/other/unused1.C scan-assembler (string|ascii?)z?\\t"class2("|\\\\\\\\000)
FAIL: g++.dg/other/unused1.C scan-assembler (string|ascii?)z?\\t"printer("|\\\\\\\\000)
FAIL: g++.dg/rtti/repo1.C (test for excess errors)
FAIL: g++.dg/template/repo1.C (test for excess errors)
FAIL: g++.dg/template/repo3.C (test for excess errors)
FAIL: g++.dg/warn/weak1.C (test for excess errors)
WARNING: g++.dg/warn/weak1.C compilation failed to produce executable
FAIL: g++.dg/special/conpr-3.C execution test
FAIL: g++.old-deja/g++.eh/terminate2.C execution test
FAIL: g++.old-deja/g++.pt/instantiate4.C (test for excess errors)
FAIL: g++.old-deja/g++.pt/instantiate6.C (test for excess errors)
FAIL: g++.old-deja/g++.pt/repo1.C (test for excess errors)
FAIL: g++.old-deja/g++.pt/repo2.C (test for excess errors)
FAIL: g++.old-deja/g++.pt/repo3.C (test for excess errors)
FAIL: g++.old-deja/g++.pt/repo4.C (test for excess errors)

		=== g++ Summary ===

# of expected passes		13143
# of unexpected failures	25
# of expected failures		67
# of unsupported tests		132
/Users/gcc-test/programs/gcc/4.2.0/objdir/gcc/testsuite/g++/../../g++  version 4.2.0 20070225 (prerelease)

		=== gcc tests ===


Running target unix/-mcpu=970/-m64
WARNING: program timed out.
FAIL: gcc.c-torture/compile/20001226-1.c  -O2  (test for excess errors)
WARNING: program timed out.
FAIL: gcc.c-torture/compile/20001226-1.c  -O3 -fomit-frame-pointer  (test for excess errors)
WARNING: program timed out.
FAIL: gcc.c-torture/compile/20001226-1.c  -O3 -g  (test for excess errors)
WARNING: program timed out.
FAIL: gcc.c-torture/compile/20001226-1.c  -Os  (test for excess errors)
FAIL: tmpdir-gcc.dg-struct-layout-1/t001 c_compat_x_tst.o-c_compat_y_tst.o execute 
FAIL: tmpdir-gcc.dg-struct-layout-1/t003 c_compat_x_tst.o-c_compat_y_tst.o execute 
FAIL: tmpdir-gcc.dg-struct-layout-1/t005 c_compat_x_tst.o-c_compat_y_tst.o execute 
FAIL: tmpdir-gcc.dg-struct-layout-1/t006 c_compat_x_tst.o-c_compat_y_tst.o execute 
FAIL: tmpdir-gcc.dg-struct-layout-1/t008 c_compat_x_tst.o-c_compat_y_tst.o execute 
FAIL: tmpdir-gcc.dg-struct-layout-1/t016 c_compat_x_tst.o-c_compat_y_tst.o execute 
FAIL: tmpdir-gcc.dg-struct-layout-1/t024 c_compat_x_tst.o-c_compat_y_tst.o execute 
FAIL: tmpdir-gcc.dg-struct-layout-1/t026 c_compat_x_tst.o-c_compat_y_tst.o execute 
FAIL: tmpdir-gcc.dg-struct-layout-1/t028 c_compat_x_tst.o-c_compat_y_tst.o execute 
FAIL: gcc.dg/20020919-1.c  (test for errors, line 108)
FAIL: gcc.dg/20020919-1.c  (test for errors, line 126)
FAIL: gcc.dg/20020919-1.c  (test for errors, line 135)
FAIL: gcc.dg/20020919-1.c  (test for errors, line 162)
FAIL: gcc.dg/20020919-1.c  (test for errors, line 180)
FAIL: gcc.dg/20020919-1.c  (test for errors, line 234)
WARNING: program timed out.
FAIL: gcc.dg/cleanup-10.c execution test
WARNING: program timed out.
FAIL: gcc.dg/cleanup-11.c execution test
WARNING: program timed out.
FAIL: gcc.dg/cleanup-8.c execution test
WARNING: program timed out.
FAIL: gcc.dg/cleanup-9.c execution test
FAIL: gcc.dg/framework-1.c (test for excess errors)
FAIL: gcc.dg/torture/fp-int-convert-timode.c  -O0  execution test
FAIL: gcc.dg/torture/fp-int-convert-timode.c  -O1  execution test
FAIL: gcc.dg/torture/fp-int-convert-timode.c  -O2  execution test
FAIL: gcc.dg/torture/fp-int-convert-timode.c  -O3 -fomit-frame-pointer  execution test
FAIL: gcc.dg/torture/fp-int-convert-timode.c  -O3 -g  execution test
FAIL: gcc.dg/torture/fp-int-convert-timode.c  -Os  execution test
FAIL: gcc.dg/tree-ssa/loadpre1.c scan-tree-dump-times Eliminated: 1 1
FAIL: gcc.dg/tree-ssa/loadpre14.c scan-tree-dump-times Eliminated: 1 1
FAIL: gcc.dg/tree-ssa/loadpre15.c scan-tree-dump-times Eliminated: 1 1
FAIL: gcc.dg/tree-ssa/loop-19.c scan-tree-dump-times MEM.(base: &|symbol: )a, 2
FAIL: gcc.dg/tree-ssa/loop-19.c scan-tree-dump-times MEM.(base: &|symbol: )c, 2
XPASS: gcc.dg/tree-ssa/sra-2.c scan-tree-dump-times link_error 0
FAIL: gcc.dg/vect/section-anchors-pr27770.c (test for excess errors)
FAIL: gcc.dg/vect/section-anchors-vect-69.c (test for excess errors)
FAIL: gcc.dg/vect/section-anchors-vect-69.c scan-tree-dump-times Alignment of access forced using peeling 4
FAIL: gcc.target/powerpc/ppc-negeq0-1.c scan-assembler-not cntlzw
FAIL: gcc.target/powerpc/ppc64-abi-1.c (test for excess errors)
WARNING: gcc.target/powerpc/ppc64-abi-1.c compilation failed to produce executable
FAIL: gcc.target/powerpc/stabs-attrib-vect-darwin.c scan-assembler .stabs.*vi:\\\\(0,16\\\\)=@V

		=== gcc Summary ===

# of expected passes		42092
# of unexpected failures	41
# of unexpected successes	1
# of expected failures		108
# of untested testcases		28
# of unsupported tests		535
/Users/gcc-test/programs/gcc/4.2.0/objdir/gcc/xgcc  version 4.2.0 20070225 (prerelease)

		=== gfortran tests ===


Running target unix/-mcpu=970/-m64
FAIL: gfortran.dg/actual_array_constructor_1.f90  -O3 -g  (test for excess errors)
FAIL: gfortran.dg/assign.f90  -O3 -g  (test for excess errors)
FAIL: gfortran.dg/assign_2.f90  -O3 -g  (test for excess errors)
FAIL: gfortran.dg/auto_char_dummy_array_1.f90  -O3 -g  (test for excess errors)
FAIL: gfortran.dg/blockdata_1.f90  -O3 -g  (test for excess errors)
FAIL: gfortran.dg/char_array_constructor.f90  -O3 -g  (test for excess errors)
FAIL: gfortran.dg/char_array_structure_constructor.f90  -O3 -g  (test for excess errors)
FAIL: gfortran.dg/common_2.f90  -O3 -g  (test for excess errors)
FAIL: gfortran.dg/common_4.f90  -O3 -g  (test for excess errors)
FAIL: gfortran.dg/common_equivalence_1.f  -O3 -g  (test for excess errors)
FAIL: gfortran.dg/common_pointer_1.f90  -O3 -g  (test for excess errors)
FAIL: gfortran.dg/contained_1.f90  -O3 -g  (test for excess errors)
FAIL: gfortran.dg/cray_pointers_2.f90  -O3 -g  (test for excess errors)
FAIL: gfortran.dg/cray_pointers_5.f90  -O3 -g  (test for excess errors)
FAIL: gfortran.dg/entry_array_specs_2.f  -O3 -g  (test for excess errors)
FAIL: gfortran.dg/equiv_6.f90  -O3 -g  (test for excess errors)
FAIL: gfortran.dg/f2c_6.f90  -O3 -g  (test for excess errors)
FAIL: gfortran.dg/large_real_kind_2.F90  -O0  execution test
FAIL: gfortran.dg/large_real_kind_2.F90  -O1  execution test
FAIL: gfortran.dg/large_real_kind_2.F90  -O2  execution test
FAIL: gfortran.dg/large_real_kind_2.F90  -O3 -fomit-frame-pointer  execution test
FAIL: gfortran.dg/large_real_kind_2.F90  -O3 -fomit-frame-pointer -funroll-loops  execution test
FAIL: gfortran.dg/large_real_kind_2.F90  -O3 -fomit-frame-pointer -funroll-all-loops -finline-functions  execution test
FAIL: gfortran.dg/large_real_kind_2.F90  -O3 -g  execution test
FAIL: gfortran.dg/large_real_kind_2.F90  -Os  execution test
FAIL: gfortran.dg/large_real_kind_form_io_2.f90  -O0  execution test
FAIL: gfortran.dg/large_real_kind_form_io_2.f90  -O1  execution test
FAIL: gfortran.dg/large_real_kind_form_io_2.f90  -O2  execution test
FAIL: gfortran.dg/large_real_kind_form_io_2.f90  -O3 -fomit-frame-pointer  execution test
FAIL: gfortran.dg/large_real_kind_form_io_2.f90  -O3 -fomit-frame-pointer -funroll-loops  execution test
FAIL: gfortran.dg/large_real_kind_form_io_2.f90  -O3 -fomit-frame-pointer -funroll-all-loops -finline-functions  execution test
FAIL: gfortran.dg/large_real_kind_form_io_2.f90  -O3 -g  execution test
FAIL: gfortran.dg/large_real_kind_form_io_2.f90  -Os  execution test
FAIL: gfortran.dg/loc_1.f90  -O3 -g  (test for excess errors)
FAIL: gfortran.dg/loc_2.f90  -O3 -g  (test for excess errors)
FAIL: gfortran.dg/module_blank_common.f90  -O3 -g  (test for excess errors)
FAIL: gfortran.dg/module_commons_1.f90  -O3 -g  (test for excess errors)
FAIL: gfortran.dg/module_equivalence_1.f90  -O3 -g  (test for excess errors)
FAIL: gfortran.dg/module_equivalence_2.f90  -O3 -g  (test for excess errors)
FAIL: gfortran.dg/namelist_14.f90  -O3 -g  (test for excess errors)
FAIL: gfortran.dg/namelist_use.f90  -O3 -g  (test for excess errors)
FAIL: gfortran.dg/namelist_use_only.f90  -O3 -g  (test for excess errors)
FAIL: gfortran.dg/nested_modules_1.f90  -O3 -g  (test for excess errors)
FAIL: gfortran.dg/pr16861.f90  -O3 -g  (test for excess errors)
FAIL: gfortran.dg/pr29581.f90  -O3 -g  (test for excess errors)
FAIL: gfortran.dg/use_allocated_1.f90  -O3 -g  (test for excess errors)
FAIL: gfortran.dg/used_dummy_types_1.f90  -O3 -g  (test for excess errors)
FAIL: gfortran.dg/used_interface_ref.f90  -O3 -g  (test for excess errors)
FAIL: gfortran.dg/g77/13037.f  -O3 -g  (test for excess errors)
FAIL: gfortran.dg/g77/19990419-1.f  -O3 -g  (test for excess errors)
FAIL: gfortran.dg/g77/f90-intrinsic-bit.f  -O3 -g  (test for excess errors)
FAIL: gfortran.dg/g77/f90-intrinsic-mathematical.f  -O3 -g  (test for excess errors)
FAIL: gfortran.dg/g77/f90-intrinsic-numeric.f  -O3 -g  (test for excess errors)
FAIL: gfortran.dg/g77/intrinsic-unix-bessel.f  -O3 -g  (test for excess errors)
FAIL: gfortran.dg/g77/intrinsic-unix-erf.f  -O3 -g  (test for excess errors)
FAIL: gfortran.dg/g77/short.f  -O3 -g  (test for excess errors)

		=== gfortran Summary ===

# of expected passes		15716
# of unexpected failures	56
# of expected failures		7
# of unsupported tests		41
/Users/gcc-test/programs/gcc/4.2.0/objdir/gcc/testsuite/gfortran/../../gfortran  version 4.2.0 20070225 (prerelease)

		=== objc tests ===


Running target unix/-mcpu=970/-m64
FAIL: objc.dg/bitfield-1.m (test for excess errors)
WARNING: objc.dg/bitfield-1.m compilation failed to produce executable
FAIL: objc.dg/bitfield-2.m (test for excess errors)
FAIL: objc.dg/bitfield-3.m (test for excess errors)
FAIL: objc.dg/bitfield-5.m (test for excess errors)
FAIL: objc.dg/call-super-1.m (test for excess errors)
WARNING: objc.dg/call-super-1.m compilation failed to produce executable
FAIL: objc.dg/call-super-3.m (test for excess errors)
WARNING: objc.dg/call-super-3.m compilation failed to produce executable
FAIL: objc.dg/category-1.m (test for excess errors)
WARNING: objc.dg/category-1.m compilation failed to produce executable
FAIL: objc.dg/const-str-10.m scan-assembler .long\\t__NSConstantStringClassReference\\n\\t.long\\t.*\\n\\t.long\\t5\\n\\t.data
FAIL: objc.dg/const-str-11.m scan-assembler .long\\t__XStrClassReference\\n\\t.long\\t.*\\n\\t.long\\t5\\n\\t.data
FAIL: objc.dg/const-str-3.m (test for excess errors)
WARNING: objc.dg/const-str-3.m compilation failed to produce executable
FAIL: objc.dg/const-str-4.m (test for excess errors)
FAIL: objc.dg/const-str-7.m (test for excess errors)
WARNING: objc.dg/const-str-7.m compilation failed to produce executable
FAIL: objc.dg/const-str-8.m (test for excess errors)
WARNING: objc.dg/const-str-8.m compilation failed to produce executable
FAIL: objc.dg/const-str-9.m scan-assembler .long\\t__NSConstantStringClassReference\\n\\t.long\\t.*\\n\\t.long\\t5\\n\\t.data
FAIL: objc.dg/defs.m (test for excess errors)
WARNING: objc.dg/defs.m compilation failed to produce executable
FAIL: objc.dg/desig-init-1.m (test for excess errors)
WARNING: objc.dg/desig-init-1.m compilation failed to produce executable
FAIL: objc.dg/encode-1.m (test for excess errors)
FAIL: objc.dg/encode-2.m (test for excess errors)
WARNING: objc.dg/encode-2.m compilation failed to produce executable
FAIL: objc.dg/encode-3.m (test for excess errors)
WARNING: objc.dg/encode-3.m compilation failed to produce executable
FAIL: objc.dg/encode-4.m (test for excess errors)
WARNING: objc.dg/encode-4.m compilation failed to produce executable
FAIL: objc.dg/encode-8.m execution test
FAIL: objc.dg/fix-and-continue-1.m (test for excess errors)
WARNING: objc.dg/fix-and-continue-1.m compilation failed to produce executable
FAIL: objc.dg/func-ptr-1.m (test for excess errors)
WARNING: objc.dg/func-ptr-1.m compilation failed to produce executable
FAIL: objc.dg/func-ptr-2.m (test for excess errors)
WARNING: objc.dg/func-ptr-2.m compilation failed to produce executable
FAIL: objc.dg/lookup-1.m (test for excess errors)
WARNING: objc.dg/lookup-1.m compilation failed to produce executable
FAIL: objc.dg/method-10.m (test for excess errors)
WARNING: objc.dg/method-10.m compilation failed to produce executable
FAIL: objc.dg/method-13.m (test for excess errors)
WARNING: objc.dg/method-13.m compilation failed to produce executable
FAIL: objc.dg/method-3.m (test for excess errors)
WARNING: objc.dg/method-3.m compilation failed to produce executable
FAIL: objc.dg/next-runtime-1.m scan-assembler L_OBJC_MODULES:\\n[ \\t]*.long\\t6\\n
FAIL: objc.dg/no-extra-load.m (test for excess errors)
ERROR: objc.dg/no-extra-load.m: error executing dg-final: couldn't open "no-extra-load.s": no such file or directory
UNRESOLVED: objc.dg/no-extra-load.m: error executing dg-final: couldn't open "no-extra-load.s": no such file or directory
FAIL: objc.dg/proto-lossage-3.m (test for excess errors)
WARNING: objc.dg/proto-lossage-3.m compilation failed to produce executable
FAIL: objc.dg/proto-qual-1.m (test for excess errors)
WARNING: objc.dg/proto-qual-1.m compilation failed to produce executable
FAIL: objc.dg/sizeof-1.m (test for excess errors)
WARNING: objc.dg/sizeof-1.m compilation failed to produce executable
FAIL: objc.dg/stret-1.m (test for excess errors)
WARNING: objc.dg/stret-1.m compilation failed to produce executable
FAIL: objc.dg/stret-2.m scan-assembler objc_msgSend_stret
FAIL: objc.dg/stret-2.m scan-assembler objc_msgSendSuper_stret
FAIL: objc.dg/stret-2.m scan-assembler-not objc_msgSend[^_S]
FAIL: objc.dg/stret-2.m scan-assembler-not objc_msgSendSuper[^_]
FAIL: objc.dg/super-class-3.m (test for excess errors)
WARNING: objc.dg/super-class-3.m compilation failed to produce executable
FAIL: objc.dg/symtab-1.m scan-assembler L_OBJC_SYMBOLS.*:\\n\\t.long\\t0\\n\\t.long\\t0\\n\\t.short\\t2\\n\\t.short\\t0\\n\\t.long\\tL_OBJC_CLASS_Derived.*\\n\\t.long\\tL_OBJC_CLASS_Base.*\\n
FAIL: objc.dg/type-size-2.m (test for excess errors)
WARNING: objc.dg/type-size-2.m compilation failed to produce executable
FAIL: objc.dg/va-meth-1.m (test for excess errors)
WARNING: objc.dg/va-meth-1.m compilation failed to produce executable
FAIL: objc.dg/zero-link-3.m (test for excess errors)
WARNING: objc.dg/zero-link-3.m compilation failed to produce executable
FAIL: objc.dg-struct-layout-encoding-1/t001_main.m execution test
FAIL: objc.dg-struct-layout-encoding-1/t005_main.m execution test
FAIL: objc.dg-struct-layout-encoding-1/t009_main.m execution test
FAIL: objc.dg-struct-layout-encoding-1/t010_main.m execution test
FAIL: objc.dg-struct-layout-encoding-1/t013_main.m execution test
FAIL: objc.dg-struct-layout-encoding-1/t014_main.m execution test
FAIL: objc.dg-struct-layout-encoding-1/t016_main.m execution test
FAIL: objc.dg-struct-layout-encoding-1/t017_main.m execution test
FAIL: objc.dg-struct-layout-encoding-1/t018_main.m execution test
FAIL: objc.dg-struct-layout-encoding-1/t019_main.m execution test
FAIL: objc.dg-struct-layout-encoding-1/t020_main.m execution test
FAIL: objc.dg-struct-layout-encoding-1/t021_main.m execution test
FAIL: objc.dg-struct-layout-encoding-1/t023_main.m execution test
FAIL: objc.dg-struct-layout-encoding-1/t024_main.m execution test
FAIL: objc.dg/special/unclaimed-category-1.m unclaimed-category-1a.o (test for excess errors)
WARNING: objc.dg/special/unclaimed-category-1.m unclaimed-category-1a.o compilation failed to produce executable

		=== objc Summary ===

# of expected passes		1744
# of unexpected failures	58
# of expected failures		17
# of unresolved testcases	1
# of unsupported tests		2
/Users/gcc-test/programs/gcc/4.2.0/objdir/gcc/xgcc  version 4.2.0 20070225 (prerelease)

		=== libgomp tests ===


Running target unix/-mcpu=970/-m64
FAIL: libgomp.c++/pr30703.C  -O0  (test for excess errors)
WARNING: libgomp.c++/pr30703.C  -O0  compilation failed to produce executable
FAIL: libgomp.c++/pr30703.C  -O1  (test for excess errors)
WARNING: libgomp.c++/pr30703.C  -O1  compilation failed to produce executable
FAIL: libgomp.c++/pr30703.C  -O2  (test for excess errors)
WARNING: libgomp.c++/pr30703.C  -O2  compilation failed to produce executable
FAIL: libgomp.c++/pr30703.C  -O3 -fomit-frame-pointer  (test for excess errors)
WARNING: libgomp.c++/pr30703.C  -O3 -fomit-frame-pointer  compilation failed to produce executable
FAIL: libgomp.c++/pr30703.C  -O3 -fomit-frame-pointer -funroll-loops  (test for excess errors)
WARNING: libgomp.c++/pr30703.C  -O3 -fomit-frame-pointer -funroll-loops  compilation failed to produce executable
FAIL: libgomp.c++/pr30703.C  -O3 -fomit-frame-pointer -funroll-all-loops -finline-functions  (test for excess errors)
WARNING: libgomp.c++/pr30703.C  -O3 -fomit-frame-pointer -funroll-all-loops -finline-functions  compilation failed to produce executable
FAIL: libgomp.c++/pr30703.C  -O3 -g  (test for excess errors)
WARNING: libgomp.c++/pr30703.C  -O3 -g  compilation failed to produce executable
FAIL: libgomp.c++/pr30703.C  -Os  (test for excess errors)
WARNING: libgomp.c++/pr30703.C  -Os  compilation failed to produce executable
FAIL: libgomp.fortran/appendix-a/a.19.1.f90  -O3 -g  (test for excess errors)
FAIL: libgomp.fortran/appendix-a/a.28.1.f90  -O3 -g  (test for excess errors)
FAIL: libgomp.fortran/appendix-a/a.28.2.f90  -O3 -g  (test for excess errors)
FAIL: libgomp.fortran/jacobi.f  -O3 -g  (test for excess errors)
FAIL: libgomp.fortran/nestedfn2.f90  -O3 -g  (test for excess errors)
FAIL: libgomp.fortran/sharing1.f90  -O3 -g  (test for excess errors)

		=== libgomp Summary ===

# of expected passes		1324
# of unexpected failures	14
# of unsupported tests		111
		=== libstdc++ tests ===


Running target unix/-mcpu=970/-m64
FAIL: 21_strings/basic_string/cons/char/1.cc execution test
FAIL: 21_strings/basic_string/cons/wchar_t/1.cc execution test
XPASS: 21_strings/basic_string/element_access/char/21674.cc execution test
XPASS: 21_strings/basic_string/element_access/wchar_t/21674.cc execution test
FAIL: 21_strings/basic_string/insert/char/1.cc execution test
FAIL: 21_strings/basic_string/insert/wchar_t/1.cc execution test
FAIL: 23_containers/bitset/input/1.cc (test for excess errors)
FAIL: 23_containers/bitset/to_ulong/1.cc (test for excess errors)
FAIL: 23_containers/deque/modifiers/swap/2.cc (test for excess errors)
FAIL: 23_containers/deque/modifiers/swap/3.cc (test for excess errors)
FAIL: 23_containers/list/modifiers/swap/2.cc (test for excess errors)
FAIL: 23_containers/list/modifiers/swap/3.cc (test for excess errors)
FAIL: 23_containers/list/operators/5.cc (test for excess errors)
FAIL: 23_containers/map/modifiers/swap/2.cc (test for excess errors)
FAIL: 23_containers/map/modifiers/swap/3.cc (test for excess errors)
FAIL: 23_containers/multimap/modifiers/swap/2.cc (test for excess errors)
FAIL: 23_containers/multimap/modifiers/swap/3.cc (test for excess errors)
FAIL: 23_containers/multiset/modifiers/swap/2.cc (test for excess errors)
FAIL: 23_containers/multiset/modifiers/swap/3.cc (test for excess errors)
FAIL: 23_containers/set/modifiers/swap/2.cc (test for excess errors)
FAIL: 23_containers/set/modifiers/swap/3.cc (test for excess errors)
FAIL: 23_containers/vector/bool/modifiers/swap/1.cc (test for excess errors)
FAIL: 23_containers/vector/bool/modifiers/swap/2.cc (test for excess errors)
FAIL: 23_containers/vector/modifiers/swap/2.cc (test for excess errors)
FAIL: 23_containers/vector/modifiers/swap/3.cc (test for excess errors)
WARNING: program timed out.
FAIL: 27_io/ios_base/storage/2.cc execution test
FAIL: ext/bitmap_allocator/check_allocate_max_size.cc (test for excess errors)
FAIL: ext/bitmap_allocator/check_deallocate_null.cc (test for excess errors)
FAIL: ext/bitmap_allocator/check_delete.cc (test for excess errors)
FAIL: ext/mt_allocator/check_allocate_big_per_type.cc (test for excess errors)
FAIL: ext/mt_allocator/check_allocate_max_size.cc (test for excess errors)
FAIL: ext/mt_allocator/check_deallocate_null.cc (test for excess errors)
FAIL: ext/mt_allocator/check_deallocate_null_thread.cc (test for excess errors)
FAIL: ext/mt_allocator/check_delete.cc (test for excess errors)
FAIL: ext/mt_allocator/check_new.cc (test for excess errors)
FAIL: ext/mt_allocator/deallocate_global-2.cc (test for excess errors)
FAIL: ext/mt_allocator/deallocate_global-4.cc (test for excess errors)
FAIL: ext/mt_allocator/deallocate_global_thread-1.cc (test for excess errors)
FAIL: ext/mt_allocator/deallocate_global_thread-3.cc (test for excess errors)
FAIL: ext/mt_allocator/deallocate_local-2.cc (test for excess errors)
FAIL: ext/mt_allocator/deallocate_local-4.cc (test for excess errors)
FAIL: ext/mt_allocator/deallocate_local-6.cc (test for excess errors)
FAIL: ext/mt_allocator/deallocate_local-8.cc (test for excess errors)
FAIL: ext/mt_allocator/deallocate_local_thread-1.cc (test for excess errors)
FAIL: ext/mt_allocator/deallocate_local_thread-3.cc (test for excess errors)
FAIL: ext/mt_allocator/deallocate_local_thread-5.cc (test for excess errors)
FAIL: ext/mt_allocator/deallocate_local_thread-5.cc execution test
FAIL: ext/mt_allocator/deallocate_local_thread-7.cc (test for excess errors)
FAIL: ext/mt_allocator/deallocate_local_thread-7.cc execution test
FAIL: ext/mt_allocator/tune-1.cc (test for excess errors)
FAIL: ext/mt_allocator/tune-2.cc (test for excess errors)
FAIL: ext/mt_allocator/tune-3.cc (test for excess errors)
FAIL: ext/mt_allocator/tune-4.cc (test for excess errors)
FAIL: ext/pb_ds/example/priority_queue_dijkstra.cc execution test
WARNING: program timed out.
FAIL: ext/pb_ds/regression/tree_data_map_rand.cc (test for excess errors)
WARNING: ext/pb_ds/regression/tree_data_map_rand.cc compilation failed to produce executable
WARNING: program timed out.
FAIL: ext/pb_ds/regression/tree_no_data_map_rand.cc (test for excess errors)
WARNING: ext/pb_ds/regression/tree_no_data_map_rand.cc compilation failed to produce executable
FAIL: tr1/5_numerical_facilities/random/discard_block/operators/equal.cc (test for excess errors)
FAIL: tr1/5_numerical_facilities/random/discard_block/operators/not_equal.cc (test for excess errors)
FAIL: tr1/5_numerical_facilities/random/discard_block/operators/serialize.cc (test for excess errors)
FAIL: tr1/5_numerical_facilities/random/linear_congruential/cons/default.cc (test for excess errors)
FAIL: tr1/5_numerical_facilities/random/linear_congruential/operators/serialize.cc (test for excess errors)
FAIL: tr1/5_numerical_facilities/random/minstd_rand.cc (test for excess errors)
FAIL: tr1/5_numerical_facilities/random/minstd_rand0.cc (test for excess errors)
FAIL: tr1/5_numerical_facilities/random/ranlux3.cc (test for excess errors)
FAIL: tr1/5_numerical_facilities/random/ranlux3_01.cc (test for excess errors)
FAIL: tr1/5_numerical_facilities/random/ranlux4.cc (test for excess errors)
FAIL: tr1/5_numerical_facilities/random/ranlux4_01.cc (test for excess errors)
FAIL: tr1/5_numerical_facilities/random/subtract_with_carry/cons/default.cc (test for excess errors)
FAIL: tr1/5_numerical_facilities/random/subtract_with_carry/cons/seed1.cc (test for excess errors)
FAIL: tr1/5_numerical_facilities/random/subtract_with_carry/cons/seed2.cc (test for excess errors)
FAIL: tr1/5_numerical_facilities/random/subtract_with_carry/operators/equal.cc (test for excess errors)
FAIL: tr1/5_numerical_facilities/random/subtract_with_carry/operators/not_equal.cc (test for excess errors)
FAIL: tr1/5_numerical_facilities/random/subtract_with_carry/operators/serialize.cc (test for excess errors)
FAIL: tr1/5_numerical_facilities/random/subtract_with_carry_01/cons/default.cc (test for excess errors)
FAIL: tr1/5_numerical_facilities/random/subtract_with_carry_01/cons/seed1.cc (test for excess errors)
FAIL: tr1/5_numerical_facilities/random/subtract_with_carry_01/cons/seed2.cc (test for excess errors)
FAIL: tr1/5_numerical_facilities/random/subtract_with_carry_01/operators/equal.cc (test for excess errors)
FAIL: tr1/5_numerical_facilities/random/subtract_with_carry_01/operators/not_equal.cc (test for excess errors)
FAIL: tr1/5_numerical_facilities/random/subtract_with_carry_01/operators/serialize.cc (test for excess errors)
FAIL: tr1/5_numerical_facilities/random/xor_combine/cons/default.cc (test for excess errors)
FAIL: tr1/5_numerical_facilities/random/xor_combine/operators/equal.cc (test for excess errors)
FAIL: tr1/5_numerical_facilities/random/xor_combine/operators/serialize.cc (test for excess errors)
FAIL: tr1/6_containers/unordered/swap/unordered_map/1.cc (test for excess errors)
FAIL: tr1/6_containers/unordered/swap/unordered_map/2.cc (test for excess errors)
FAIL: tr1/6_containers/unordered/swap/unordered_multimap/1.cc (test for excess errors)
FAIL: tr1/6_containers/unordered/swap/unordered_multimap/2.cc (test for excess errors)
FAIL: tr1/6_containers/unordered/swap/unordered_multiset/1.cc (test for excess errors)
FAIL: tr1/6_containers/unordered/swap/unordered_multiset/2.cc (test for excess errors)
FAIL: tr1/6_containers/unordered/swap/unordered_set/1.cc (test for excess errors)
FAIL: tr1/6_containers/unordered/swap/unordered_set/2.cc (test for excess errors)

		=== libstdc++ Summary ===

# of expected passes		3737
# of unexpected failures	88
# of unexpected successes	2
# of expected failures		14
# of unsupported tests		318

Compiler version: 4.2.0 20070225 (prerelease) 
Platform: powerpc64-apple-darwin8.8.0
configure flags: --host=powerpc64-apple-darwin8.8.0 --target=powerpc64-apple-darwin8.8.0 --build=powerpc64-apple-darwin8.8.0 --prefix=/pkgs/gcc-4.2.0-64-test --with-gmp=/pkgs/gmp-4.2.1-64 --with-mpfr=/pkgs/gmp-4.2.1-64 --enable-languages=c,c++,fortran,java,objc
BOOT_CFLAGS=-g -O2
Counting all warnings,
there are 0 warnings in stage3 of this bootstrap.

Number of warnings per file:

Number of warning types:


Index Nav: [Date Index] [Subject Index] [Author Index] [Thread Index]
Message Nav: [Date Prev] [Date Next] [Thread Prev] [Thread Next]