This is the mail archive of the gcc-testresults@gcc.gnu.org mailing list for the GCC project.


Index Nav: [Date Index] [Subject Index] [Author Index] [Thread Index]
Message Nav: [Date Prev] [Date Next] [Thread Prev] [Thread Next]
Other format: [Raw text]

Results for 4.2.0 20070222 (prerelease) gcc testsuite on h8300-unknown-elf


Ubuntu 5 on pentium3-smp
cross tool versions:
GNU assembler 2.17.50 20070210
GNU gdb 6.6.50.20070209-cvs
GNU ld version 2.17.50 20070210

GNU Make 3.80
expect version 5.42.1
host gcc version: gcc (GCC) 4.3.0 20070216 (experimental)
LAST_UPDATED: Thu Feb 22 01:23:55 UTC 2007 (revision 122216)

Target is h8300-unknown-elf
Host   is i686-pc-linux-gnu

		=== gcc tests ===


Running target h8300-sim
FAIL: gcc.c-torture/compile/20000804-1.c  -O0  (test for excess errors)
FAIL: gcc.c-torture/compile/20001226-1.c  -O3 -g  (test for excess errors)
FAIL: gcc.c-torture/compile/20010327-1.c  -O0  (test for excess errors)
FAIL: gcc.c-torture/compile/20010327-1.c  -O1  (test for excess errors)
FAIL: gcc.c-torture/compile/20010327-1.c  -O2  (test for excess errors)
FAIL: gcc.c-torture/compile/20010327-1.c  -O3 -fomit-frame-pointer  (test for excess errors)
FAIL: gcc.c-torture/compile/20010327-1.c  -O3 -g  (test for excess errors)
FAIL: gcc.c-torture/compile/20010327-1.c  -Os  (test for excess errors)
FAIL: gcc.c-torture/compile/20020604-1.c  -O0  (test for excess errors)
FAIL: gcc.c-torture/compile/20020604-1.c  -O1  (test for excess errors)
FAIL: gcc.c-torture/compile/20020604-1.c  -O2  (test for excess errors)
FAIL: gcc.c-torture/compile/20020604-1.c  -O3 -fomit-frame-pointer  (test for excess errors)
FAIL: gcc.c-torture/compile/20020604-1.c  -O3 -fomit-frame-pointer -funroll-loops  (test for excess errors)
FAIL: gcc.c-torture/compile/20020604-1.c  -O3 -fomit-frame-pointer -funroll-all-loops -finline-functions  (test for excess errors)
FAIL: gcc.c-torture/compile/20020604-1.c  -O3 -g  (test for excess errors)
FAIL: gcc.c-torture/compile/20020604-1.c  -Os  (test for excess errors)
FAIL: gcc.c-torture/execute/builtins/complex-1.c execution,  -O0 
FAIL: gcc.c-torture/execute/builtins/complex-1.c execution,  -O1 
FAIL: gcc.c-torture/execute/builtins/complex-1.c execution,  -O2 
FAIL: gcc.c-torture/execute/builtins/complex-1.c execution,  -O3 -fomit-frame-pointer 
FAIL: gcc.c-torture/execute/builtins/complex-1.c execution,  -O3 -g 
FAIL: gcc.c-torture/execute/builtins/complex-1.c execution,  -Os 
FAIL: gcc.c-torture/execute/builtins/pr23484-chk.c execution,  -O1 
FAIL: gcc.c-torture/execute/builtins/pr23484-chk.c execution,  -O2 
FAIL: gcc.c-torture/execute/builtins/pr23484-chk.c execution,  -O3 -fomit-frame-pointer 
FAIL: gcc.c-torture/execute/builtins/pr23484-chk.c execution,  -O3 -g 
FAIL: gcc.c-torture/execute/builtins/pr23484-chk.c execution,  -Os 
WARNING: program timed out.
FAIL: gcc.c-torture/execute/builtins/snprintf-chk.c execution,  -O1 
WARNING: program timed out.
FAIL: gcc.c-torture/execute/builtins/snprintf-chk.c execution,  -O2 
WARNING: program timed out.
FAIL: gcc.c-torture/execute/builtins/snprintf-chk.c execution,  -O3 -fomit-frame-pointer 
WARNING: program timed out.
FAIL: gcc.c-torture/execute/builtins/snprintf-chk.c execution,  -O3 -fomit-frame-pointer -funroll-loops 
FAIL: gcc.c-torture/execute/builtins/snprintf-chk.c execution,  -O3 -fomit-frame-pointer -funroll-all-loops -finline-functions 
WARNING: program timed out.
FAIL: gcc.c-torture/execute/builtins/snprintf-chk.c execution,  -O3 -g 
WARNING: program timed out.
FAIL: gcc.c-torture/execute/builtins/snprintf-chk.c execution,  -Os 
WARNING: program timed out.
FAIL: gcc.c-torture/execute/builtins/sprintf-chk.c execution,  -O1 
WARNING: program timed out.
FAIL: gcc.c-torture/execute/builtins/sprintf-chk.c execution,  -O2 
WARNING: program timed out.
FAIL: gcc.c-torture/execute/builtins/sprintf-chk.c execution,  -O3 -fomit-frame-pointer 
WARNING: program timed out.
FAIL: gcc.c-torture/execute/builtins/sprintf-chk.c execution,  -O3 -fomit-frame-pointer -funroll-loops 
FAIL: gcc.c-torture/execute/builtins/sprintf-chk.c execution,  -O3 -fomit-frame-pointer -funroll-all-loops -finline-functions 
WARNING: program timed out.
FAIL: gcc.c-torture/execute/builtins/sprintf-chk.c execution,  -O3 -g 
WARNING: program timed out.
FAIL: gcc.c-torture/execute/builtins/sprintf-chk.c execution,  -Os 
FAIL: gcc.c-torture/execute/builtins/strcat-chk.c execution,  -O3 -fomit-frame-pointer -funroll-all-loops -finline-functions 
FAIL: gcc.c-torture/execute/builtins/strncat-chk.c execution,  -O3 -fomit-frame-pointer -funroll-all-loops -finline-functions 
FAIL: gcc.c-torture/execute/builtins/strncpy-chk.c execution,  -O3 -fomit-frame-pointer -funroll-all-loops -finline-functions 
WARNING: program timed out.
FAIL: gcc.c-torture/execute/builtins/vsnprintf-chk.c execution,  -O1 
WARNING: program timed out.
FAIL: gcc.c-torture/execute/builtins/vsnprintf-chk.c execution,  -O2 
WARNING: program timed out.
FAIL: gcc.c-torture/execute/builtins/vsnprintf-chk.c execution,  -O3 -fomit-frame-pointer 
FAIL: gcc.c-torture/execute/builtins/vsnprintf-chk.c execution,  -O3 -fomit-frame-pointer -funroll-loops 
FAIL: gcc.c-torture/execute/builtins/vsnprintf-chk.c execution,  -O3 -fomit-frame-pointer -funroll-all-loops -finline-functions 
WARNING: program timed out.
FAIL: gcc.c-torture/execute/builtins/vsnprintf-chk.c execution,  -O3 -g 
WARNING: program timed out.
FAIL: gcc.c-torture/execute/builtins/vsnprintf-chk.c execution,  -Os 
WARNING: program timed out.
FAIL: gcc.c-torture/execute/builtins/vsprintf-chk.c execution,  -O1 
WARNING: program timed out.
FAIL: gcc.c-torture/execute/builtins/vsprintf-chk.c execution,  -O2 
WARNING: program timed out.
FAIL: gcc.c-torture/execute/builtins/vsprintf-chk.c execution,  -O3 -fomit-frame-pointer 
WARNING: program timed out.
FAIL: gcc.c-torture/execute/builtins/vsprintf-chk.c execution,  -O3 -fomit-frame-pointer -funroll-loops 
FAIL: gcc.c-torture/execute/builtins/vsprintf-chk.c execution,  -O3 -fomit-frame-pointer -funroll-all-loops -finline-functions 
WARNING: program timed out.
FAIL: gcc.c-torture/execute/builtins/vsprintf-chk.c execution,  -O3 -g 
WARNING: program timed out.
FAIL: gcc.c-torture/execute/builtins/vsprintf-chk.c execution,  -Os 
FAIL: gcc.c-torture/execute/20000113-1.c compilation,  -O3 -fomit-frame-pointer  (internal compiler error)
UNRESOLVED: gcc.c-torture/execute/20000113-1.c execution,  -O3 -fomit-frame-pointer 
FAIL: gcc.c-torture/execute/20000113-1.c compilation,  -O3 -g  (internal compiler error)
UNRESOLVED: gcc.c-torture/execute/20000113-1.c execution,  -O3 -g 
FAIL: gcc.c-torture/execute/20000603-1.c execution,  -O0 
FAIL: gcc.c-torture/execute/20000603-1.c execution,  -O1 
FAIL: gcc.c-torture/execute/20000603-1.c execution,  -O2 
FAIL: gcc.c-torture/execute/20000605-1.c execution,  -O0 
FAIL: gcc.c-torture/execute/20000605-1.c execution,  -O2 
FAIL: gcc.c-torture/execute/20000605-1.c execution,  -O3 -fomit-frame-pointer 
FAIL: gcc.c-torture/execute/20000605-1.c execution,  -O3 -fomit-frame-pointer -funroll-loops 
FAIL: gcc.c-torture/execute/20000605-1.c execution,  -O3 -fomit-frame-pointer -funroll-all-loops -finline-functions 
FAIL: gcc.c-torture/execute/20000605-1.c execution,  -O3 -g 
FAIL: gcc.c-torture/execute/20000605-1.c execution,  -Os 
FAIL: gcc.c-torture/execute/20000731-1.c execution,  -O0 
FAIL: gcc.c-torture/execute/20010209-1.c execution,  -O0 
FAIL: gcc.c-torture/execute/20010605-2.c execution,  -O0 
FAIL: gcc.c-torture/execute/20010605-2.c execution,  -O1 
FAIL: gcc.c-torture/execute/20010605-2.c execution,  -O2 
FAIL: gcc.c-torture/execute/20010605-2.c execution,  -Os 
FAIL: gcc.c-torture/execute/20010717-1.c execution,  -O0 
FAIL: gcc.c-torture/execute/20011217-1.c execution,  -O0 
FAIL: gcc.c-torture/execute/20020108-1.c execution,  -O0 
FAIL: gcc.c-torture/execute/20020108-1.c execution,  -O1 
FAIL: gcc.c-torture/execute/20020108-1.c execution,  -O2 
FAIL: gcc.c-torture/execute/20020227-1.c execution,  -O0 
FAIL: gcc.c-torture/execute/20020227-1.c execution,  -O1 
FAIL: gcc.c-torture/execute/20020227-1.c execution,  -O2 
FAIL: gcc.c-torture/execute/20020227-1.c execution,  -Os 
FAIL: gcc.c-torture/execute/20020406-1.c execution,  -O0 
FAIL: gcc.c-torture/execute/20020406-1.c execution,  -O1 
FAIL: gcc.c-torture/execute/20020406-1.c execution,  -O2 
FAIL: gcc.c-torture/execute/20020406-1.c execution,  -O3 -fomit-frame-pointer 
FAIL: gcc.c-torture/execute/20020406-1.c execution,  -O3 -fomit-frame-pointer -funroll-loops 
FAIL: gcc.c-torture/execute/20020406-1.c execution,  -O3 -fomit-frame-pointer -funroll-all-loops -finline-functions 
FAIL: gcc.c-torture/execute/20020406-1.c execution,  -O3 -g 
FAIL: gcc.c-torture/execute/20020406-1.c execution,  -Os 
FAIL: gcc.c-torture/execute/20020411-1.c execution,  -O0 
FAIL: gcc.c-torture/execute/20020411-1.c execution,  -O1 
FAIL: gcc.c-torture/execute/20020411-1.c execution,  -O2 
FAIL: gcc.c-torture/execute/20020411-1.c execution,  -Os 
FAIL: gcc.c-torture/execute/20020412-1.c execution,  -O0 
FAIL: gcc.c-torture/execute/20020413-1.c execution,  -O0 
WARNING: program timed out.
FAIL: gcc.c-torture/execute/20020413-1.c execution,  -O1 
WARNING: program timed out.
FAIL: gcc.c-torture/execute/20020413-1.c execution,  -O2 
WARNING: program timed out.
FAIL: gcc.c-torture/execute/20020413-1.c execution,  -Os 
FAIL: gcc.c-torture/execute/20020423-1.c execution,  -O0 
FAIL: gcc.c-torture/execute/20020614-1.c execution,  -O0 
FAIL: gcc.c-torture/execute/20021118-2.c execution,  -O0 
FAIL: gcc.c-torture/execute/20021118-2.c execution,  -O1 
FAIL: gcc.c-torture/execute/20021118-2.c execution,  -O2 
FAIL: gcc.c-torture/execute/20021118-2.c execution,  -O3 -fomit-frame-pointer 
FAIL: gcc.c-torture/execute/20021118-2.c execution,  -O3 -g 
FAIL: gcc.c-torture/execute/20021118-2.c execution,  -Os 
FAIL: gcc.c-torture/execute/20021120-1.c execution,  -O0 
FAIL: gcc.c-torture/execute/20021120-1.c execution,  -O1 
FAIL: gcc.c-torture/execute/20021120-1.c execution,  -O2 
FAIL: gcc.c-torture/execute/20021120-1.c execution,  -O3 -fomit-frame-pointer 
FAIL: gcc.c-torture/execute/20021120-1.c execution,  -O3 -fomit-frame-pointer -funroll-loops 
FAIL: gcc.c-torture/execute/20021120-1.c execution,  -O3 -fomit-frame-pointer -funroll-all-loops -finline-functions 
FAIL: gcc.c-torture/execute/20021120-1.c execution,  -O3 -g 
FAIL: gcc.c-torture/execute/20021120-1.c execution,  -Os 
WARNING: program timed out.
FAIL: gcc.c-torture/execute/20021120-3.c execution,  -O0 
WARNING: program timed out.
FAIL: gcc.c-torture/execute/20021120-3.c execution,  -O1 
FAIL: gcc.c-torture/execute/20021120-3.c execution,  -O2 
WARNING: program timed out.
FAIL: gcc.c-torture/execute/20021120-3.c execution,  -O3 -fomit-frame-pointer 
WARNING: program timed out.
FAIL: gcc.c-torture/execute/20021120-3.c execution,  -O3 -g 
WARNING: program timed out.
FAIL: gcc.c-torture/execute/20021120-3.c execution,  -Os 
FAIL: gcc.c-torture/execute/20030714-1.c execution,  -O0 
FAIL: gcc.c-torture/execute/20030714-1.c execution,  -O1 
FAIL: gcc.c-torture/execute/20030714-1.c execution,  -O2 
FAIL: gcc.c-torture/execute/20030714-1.c execution,  -Os 
FAIL: gcc.c-torture/execute/20030910-1.c execution,  -O0 
FAIL: gcc.c-torture/execute/20030914-1.c execution,  -O0 
FAIL: gcc.c-torture/execute/20030914-1.c execution,  -O1 
FAIL: gcc.c-torture/execute/20030914-1.c execution,  -O2 
FAIL: gcc.c-torture/execute/20030914-1.c execution,  -O3 -fomit-frame-pointer 
FAIL: gcc.c-torture/execute/20030914-1.c execution,  -O3 -fomit-frame-pointer -funroll-loops 
FAIL: gcc.c-torture/execute/20030914-1.c execution,  -O3 -fomit-frame-pointer -funroll-all-loops -finline-functions 
FAIL: gcc.c-torture/execute/20030914-1.c execution,  -O3 -g 
FAIL: gcc.c-torture/execute/20030914-1.c execution,  -Os 
FAIL: gcc.c-torture/execute/20031211-1.c compilation,  -O1  (internal compiler error)
UNRESOLVED: gcc.c-torture/execute/20031211-1.c execution,  -O1 
FAIL: gcc.c-torture/execute/20031211-1.c compilation,  -O2  (internal compiler error)
UNRESOLVED: gcc.c-torture/execute/20031211-1.c execution,  -O2 
FAIL: gcc.c-torture/execute/20031211-1.c compilation,  -O3 -fomit-frame-pointer  (internal compiler error)
UNRESOLVED: gcc.c-torture/execute/20031211-1.c execution,  -O3 -fomit-frame-pointer 
FAIL: gcc.c-torture/execute/20031211-1.c compilation,  -O3 -g  (internal compiler error)
UNRESOLVED: gcc.c-torture/execute/20031211-1.c execution,  -O3 -g 
FAIL: gcc.c-torture/execute/20031211-1.c compilation,  -Os  (internal compiler error)
UNRESOLVED: gcc.c-torture/execute/20031211-1.c execution,  -Os 
FAIL: gcc.c-torture/execute/20040311-1.c execution,  -O0 
FAIL: gcc.c-torture/execute/20040831-1.c execution,  -O0 
FAIL: gcc.c-torture/execute/20041113-1.c execution,  -O0 
FAIL: gcc.c-torture/execute/20041113-1.c execution,  -O1 
FAIL: gcc.c-torture/execute/20041113-1.c execution,  -O2 
FAIL: gcc.c-torture/execute/20041113-1.c execution,  -O3 -fomit-frame-pointer 
FAIL: gcc.c-torture/execute/20041113-1.c execution,  -O3 -g 
FAIL: gcc.c-torture/execute/20041113-1.c execution,  -Os 
FAIL: gcc.c-torture/execute/20050604-1.c execution,  -O0 
FAIL: gcc.c-torture/execute/20050604-1.c execution,  -O1 
FAIL: gcc.c-torture/execute/20050604-1.c execution,  -O2 
FAIL: gcc.c-torture/execute/20050604-1.c execution,  -O3 -fomit-frame-pointer 
FAIL: gcc.c-torture/execute/20050604-1.c execution,  -O3 -fomit-frame-pointer -funroll-loops 
FAIL: gcc.c-torture/execute/20050604-1.c execution,  -O3 -fomit-frame-pointer -funroll-all-loops -finline-functions 
FAIL: gcc.c-torture/execute/20050604-1.c execution,  -O3 -g 
FAIL: gcc.c-torture/execute/20050604-1.c execution,  -Os 
WARNING: program timed out.
FAIL: gcc.c-torture/execute/20051110-1.c execution,  -O0 
WARNING: program timed out.
FAIL: gcc.c-torture/execute/20051110-1.c execution,  -O1 
WARNING: program timed out.
FAIL: gcc.c-torture/execute/20051110-1.c execution,  -O2 
WARNING: program timed out.
FAIL: gcc.c-torture/execute/20051110-1.c execution,  -Os 
WARNING: program timed out.
FAIL: gcc.c-torture/execute/20051110-2.c execution,  -O0 
WARNING: program timed out.
FAIL: gcc.c-torture/execute/20051110-2.c execution,  -O1 
WARNING: program timed out.
FAIL: gcc.c-torture/execute/20051110-2.c execution,  -O2 
WARNING: program timed out.
FAIL: gcc.c-torture/execute/20051110-2.c execution,  -Os 
FAIL: gcc.c-torture/execute/20060102-1.c execution,  -O1 
FAIL: gcc.c-torture/execute/20060102-1.c execution,  -O2 
FAIL: gcc.c-torture/execute/20060102-1.c execution,  -O3 -fomit-frame-pointer 
FAIL: gcc.c-torture/execute/20060102-1.c execution,  -O3 -g 
FAIL: gcc.c-torture/execute/20060102-1.c execution,  -Os 
FAIL: gcc.c-torture/execute/20061101-1.c execution,  -O0 
FAIL: gcc.c-torture/execute/20061101-1.c execution,  -O1 
FAIL: gcc.c-torture/execute/20061101-1.c execution,  -O2 
FAIL: gcc.c-torture/execute/20061101-1.c execution,  -O3 -fomit-frame-pointer 
FAIL: gcc.c-torture/execute/20061101-1.c execution,  -O3 -fomit-frame-pointer -funroll-loops 
FAIL: gcc.c-torture/execute/20061101-1.c execution,  -O3 -fomit-frame-pointer -funroll-all-loops -finline-functions 
FAIL: gcc.c-torture/execute/20061101-1.c execution,  -O3 -g 
FAIL: gcc.c-torture/execute/20061101-1.c execution,  -Os 
FAIL: gcc.c-torture/execute/920501-8.c execution,  -O0 
FAIL: gcc.c-torture/execute/920501-8.c execution,  -O1 
FAIL: gcc.c-torture/execute/920501-8.c execution,  -O2 
FAIL: gcc.c-torture/execute/920501-8.c execution,  -O3 -fomit-frame-pointer 
FAIL: gcc.c-torture/execute/920501-8.c execution,  -O3 -g 
FAIL: gcc.c-torture/execute/920501-8.c execution,  -Os 
FAIL: gcc.c-torture/execute/920625-1.c execution,  -O0 
FAIL: gcc.c-torture/execute/920625-1.c execution,  -O1 
FAIL: gcc.c-torture/execute/920625-1.c execution,  -O2 
FAIL: gcc.c-torture/execute/920625-1.c execution,  -O3 -fomit-frame-pointer 
FAIL: gcc.c-torture/execute/920625-1.c execution,  -O3 -fomit-frame-pointer -funroll-loops 
FAIL: gcc.c-torture/execute/920625-1.c execution,  -O3 -fomit-frame-pointer -funroll-all-loops -finline-functions 
FAIL: gcc.c-torture/execute/920625-1.c execution,  -O3 -g 
FAIL: gcc.c-torture/execute/920625-1.c execution,  -Os 
WARNING: program timed out.
FAIL: gcc.c-torture/execute/920726-1.c execution,  -O0 
WARNING: program timed out.
FAIL: gcc.c-torture/execute/920726-1.c execution,  -O1 
WARNING: program timed out.
FAIL: gcc.c-torture/execute/920726-1.c execution,  -O2 
WARNING: program timed out.
FAIL: gcc.c-torture/execute/920726-1.c execution,  -O3 -fomit-frame-pointer 
WARNING: program timed out.
FAIL: gcc.c-torture/execute/920726-1.c execution,  -O3 -fomit-frame-pointer -funroll-loops 
FAIL: gcc.c-torture/execute/920726-1.c execution,  -O3 -fomit-frame-pointer -funroll-all-loops -finline-functions 
WARNING: program timed out.
FAIL: gcc.c-torture/execute/920726-1.c execution,  -O3 -g 
WARNING: program timed out.
FAIL: gcc.c-torture/execute/920726-1.c execution,  -Os 
FAIL: gcc.c-torture/execute/921124-1.c execution,  -O0 
FAIL: gcc.c-torture/execute/921124-1.c execution,  -O1 
FAIL: gcc.c-torture/execute/921124-1.c execution,  -O2 
FAIL: gcc.c-torture/execute/921124-1.c execution,  -Os 
FAIL: gcc.c-torture/execute/921208-1.c execution,  -O0 
FAIL: gcc.c-torture/execute/921208-1.c execution,  -O1 
FAIL: gcc.c-torture/execute/921208-1.c execution,  -O2 
FAIL: gcc.c-torture/execute/921208-1.c execution,  -O3 -fomit-frame-pointer 
FAIL: gcc.c-torture/execute/921208-1.c execution,  -O3 -g 
FAIL: gcc.c-torture/execute/921208-1.c execution,  -Os 
FAIL: gcc.c-torture/execute/930106-1.c execution,  -O0 
FAIL: gcc.c-torture/execute/930106-1.c execution,  -O1 
FAIL: gcc.c-torture/execute/930106-1.c execution,  -O2 
FAIL: gcc.c-torture/execute/930513-1.c execution,  -O0 
FAIL: gcc.c-torture/execute/930513-1.c execution,  -O1 
FAIL: gcc.c-torture/execute/930513-1.c execution,  -O2 
FAIL: gcc.c-torture/execute/930513-1.c execution,  -O3 -fomit-frame-pointer 
FAIL: gcc.c-torture/execute/930513-1.c execution,  -O3 -g 
FAIL: gcc.c-torture/execute/930513-1.c execution,  -Os 
FAIL: gcc.c-torture/execute/930527-1.c execution,  -O0 
FAIL: gcc.c-torture/execute/930527-1.c execution,  -O1 
FAIL: gcc.c-torture/execute/930527-1.c execution,  -O2 
WARNING: program timed out.
FAIL: gcc.c-torture/execute/930603-1.c execution,  -O0 
FAIL: gcc.c-torture/execute/930603-1.c execution,  -O1 
FAIL: gcc.c-torture/execute/930603-1.c execution,  -O2 
WARNING: program timed out.
FAIL: gcc.c-torture/execute/930603-1.c execution,  -Os 
FAIL: gcc.c-torture/execute/930702-1.c execution,  -O0 
FAIL: gcc.c-torture/execute/930702-1.c execution,  -O1 
FAIL: gcc.c-torture/execute/930702-1.c execution,  -O2 
FAIL: gcc.c-torture/execute/930702-1.c execution,  -O3 -fomit-frame-pointer 
FAIL: gcc.c-torture/execute/930702-1.c execution,  -O3 -g 
FAIL: gcc.c-torture/execute/930702-1.c execution,  -Os 
FAIL: gcc.c-torture/execute/930718-1.c compilation,  -O1  (internal compiler error)
UNRESOLVED: gcc.c-torture/execute/930718-1.c execution,  -O1 
FAIL: gcc.c-torture/execute/930718-1.c compilation,  -O2  (internal compiler error)
UNRESOLVED: gcc.c-torture/execute/930718-1.c execution,  -O2 
FAIL: gcc.c-torture/execute/930718-1.c compilation,  -O3 -fomit-frame-pointer  (internal compiler error)
UNRESOLVED: gcc.c-torture/execute/930718-1.c execution,  -O3 -fomit-frame-pointer 
FAIL: gcc.c-torture/execute/930718-1.c compilation,  -O3 -g  (internal compiler error)
UNRESOLVED: gcc.c-torture/execute/930718-1.c execution,  -O3 -g 
FAIL: gcc.c-torture/execute/930718-1.c compilation,  -Os  (internal compiler error)
UNRESOLVED: gcc.c-torture/execute/930718-1.c execution,  -Os 
FAIL: gcc.c-torture/execute/941021-1.c execution,  -O0 
FAIL: gcc.c-torture/execute/941021-1.c execution,  -O1 
FAIL: gcc.c-torture/execute/941021-1.c execution,  -O2 
WARNING: program timed out.
FAIL: gcc.c-torture/execute/960215-1.c execution,  -O0 
WARNING: program timed out.
FAIL: gcc.c-torture/execute/960215-1.c execution,  -O1 
FAIL: gcc.c-torture/execute/960215-1.c execution,  -O2 
WARNING: program timed out.
FAIL: gcc.c-torture/execute/960215-1.c execution,  -O3 -fomit-frame-pointer 
WARNING: program timed out.
FAIL: gcc.c-torture/execute/960215-1.c execution,  -O3 -g 
WARNING: program timed out.
FAIL: gcc.c-torture/execute/960215-1.c execution,  -Os 
FAIL: gcc.c-torture/execute/960405-1.c execution,  -O0 
FAIL: gcc.c-torture/execute/960405-1.c execution,  -O1 
FAIL: gcc.c-torture/execute/960405-1.c execution,  -O2 
FAIL: gcc.c-torture/execute/960405-1.c execution,  -O3 -fomit-frame-pointer 
FAIL: gcc.c-torture/execute/960405-1.c execution,  -O3 -g 
FAIL: gcc.c-torture/execute/960405-1.c execution,  -Os 
FAIL: gcc.c-torture/execute/960512-1.c execution,  -O1 
FAIL: gcc.c-torture/execute/960512-1.c execution,  -O2 
FAIL: gcc.c-torture/execute/960512-1.c execution,  -Os 
FAIL: gcc.c-torture/execute/960513-1.c execution,  -O0 
FAIL: gcc.c-torture/execute/960513-1.c execution,  -O1 
FAIL: gcc.c-torture/execute/960513-1.c execution,  -O2 
FAIL: gcc.c-torture/execute/960513-1.c execution,  -Os 
FAIL: gcc.c-torture/execute/960608-1.c compilation,  -O3 -fomit-frame-pointer  (internal compiler error)
UNRESOLVED: gcc.c-torture/execute/960608-1.c execution,  -O3 -fomit-frame-pointer 
FAIL: gcc.c-torture/execute/960608-1.c compilation,  -O3 -g  (internal compiler error)
UNRESOLVED: gcc.c-torture/execute/960608-1.c execution,  -O3 -g 
FAIL: gcc.c-torture/execute/960608-1.c compilation,  -Os  (internal compiler error)
UNRESOLVED: gcc.c-torture/execute/960608-1.c execution,  -Os 
FAIL: gcc.c-torture/execute/961223-1.c execution,  -O0 
FAIL: gcc.c-torture/execute/961223-1.c execution,  -Os 
FAIL: gcc.c-torture/execute/980205.c execution,  -O0 
FAIL: gcc.c-torture/execute/980205.c execution,  -O1 
FAIL: gcc.c-torture/execute/980205.c execution,  -O2 
FAIL: gcc.c-torture/execute/980205.c execution,  -O3 -fomit-frame-pointer 
FAIL: gcc.c-torture/execute/980205.c execution,  -O3 -g 
FAIL: gcc.c-torture/execute/980205.c execution,  -Os 
WARNING: program timed out.
FAIL: gcc.c-torture/execute/980605-1.c execution,  -O0 
WARNING: program timed out.
FAIL: gcc.c-torture/execute/980605-1.c execution,  -O1 
WARNING: program timed out.
FAIL: gcc.c-torture/execute/980605-1.c execution,  -O2 
WARNING: program timed out.
FAIL: gcc.c-torture/execute/980605-1.c execution,  -O3 -fomit-frame-pointer 
WARNING: program timed out.
FAIL: gcc.c-torture/execute/980605-1.c execution,  -O3 -g 
WARNING: program timed out.
FAIL: gcc.c-torture/execute/980605-1.c execution,  -Os 
WARNING: program timed out.
FAIL: gcc.c-torture/execute/980709-1.c execution,  -O0 
WARNING: program timed out.
FAIL: gcc.c-torture/execute/980709-1.c execution,  -O1 
WARNING: program timed out.
FAIL: gcc.c-torture/execute/980709-1.c execution,  -O2 
WARNING: program timed out.
FAIL: gcc.c-torture/execute/980709-1.c execution,  -O3 -fomit-frame-pointer 
WARNING: program timed out.
FAIL: gcc.c-torture/execute/980709-1.c execution,  -O3 -g 
WARNING: program timed out.
FAIL: gcc.c-torture/execute/980709-1.c execution,  -Os 
WARNING: program timed out.
FAIL: gcc.c-torture/execute/981001-1.c execution,  -O0 
WARNING: program timed out.
FAIL: gcc.c-torture/execute/981001-1.c execution,  -O1 
WARNING: program timed out.
FAIL: gcc.c-torture/execute/981001-1.c execution,  -O2 
WARNING: program timed out.
FAIL: gcc.c-torture/execute/981001-1.c execution,  -O3 -fomit-frame-pointer 
WARNING: program timed out.
FAIL: gcc.c-torture/execute/981001-1.c execution,  -O3 -g 
WARNING: program timed out.
FAIL: gcc.c-torture/execute/981001-1.c execution,  -Os 
FAIL: gcc.c-torture/execute/990127-2.c execution,  -O0 
FAIL: gcc.c-torture/execute/990127-2.c execution,  -O1 
FAIL: gcc.c-torture/execute/990127-2.c execution,  -O2 
FAIL: gcc.c-torture/execute/990127-2.c execution,  -Os 
FAIL: gcc.c-torture/execute/990326-1.c execution,  -O0 
FAIL: gcc.c-torture/execute/990326-1.c execution,  -O1 
FAIL: gcc.c-torture/execute/990326-1.c execution,  -O2 
FAIL: gcc.c-torture/execute/990326-1.c execution,  -O3 -fomit-frame-pointer 
FAIL: gcc.c-torture/execute/990326-1.c execution,  -O3 -g 
FAIL: gcc.c-torture/execute/990326-1.c execution,  -Os 
FAIL: gcc.c-torture/execute/990827-1.c execution,  -O0 
FAIL: gcc.c-torture/execute/990827-1.c execution,  -O1 
FAIL: gcc.c-torture/execute/990827-1.c execution,  -O2 
FAIL: gcc.c-torture/execute/990827-1.c execution,  -Os 
FAIL: gcc.c-torture/execute/990829-1.c execution,  -O0 
FAIL: gcc.c-torture/execute/990829-1.c execution,  -O1 
FAIL: gcc.c-torture/execute/990829-1.c execution,  -O2 
FAIL: gcc.c-torture/execute/990829-1.c execution,  -Os 
FAIL: gcc.c-torture/execute/991019-1.c execution,  -O0 
FAIL: gcc.c-torture/execute/991019-1.c execution,  -O1 
FAIL: gcc.c-torture/execute/991019-1.c execution,  -O2 
FAIL: gcc.c-torture/execute/991019-1.c execution,  -Os 
FAIL: gcc.c-torture/execute/991030-1.c execution,  -O0 
FAIL: gcc.c-torture/execute/991030-1.c execution,  -O1 
FAIL: gcc.c-torture/execute/991030-1.c execution,  -O2 
FAIL: gcc.c-torture/execute/991030-1.c execution,  -O3 -fomit-frame-pointer 
FAIL: gcc.c-torture/execute/991030-1.c execution,  -O3 -g 
FAIL: gcc.c-torture/execute/991030-1.c execution,  -Os 
FAIL: gcc.c-torture/execute/991202-3.c execution,  -O0 
FAIL: gcc.c-torture/execute/991202-3.c execution,  -O1 
FAIL: gcc.c-torture/execute/991202-3.c execution,  -O2 
FAIL: gcc.c-torture/execute/991202-3.c execution,  -Os 
FAIL: gcc.c-torture/execute/align-2.c execution,  -O0 
FAIL: gcc.c-torture/execute/align-2.c execution,  -O1 
FAIL: gcc.c-torture/execute/align-2.c execution,  -O2 
FAIL: gcc.c-torture/execute/align-2.c execution,  -O3 -fomit-frame-pointer 
FAIL: gcc.c-torture/execute/align-2.c execution,  -O3 -g 
FAIL: gcc.c-torture/execute/align-2.c execution,  -Os 
WARNING: program timed out.
FAIL: gcc.c-torture/execute/arith-rand.c execution,  -O0 
WARNING: program timed out.
FAIL: gcc.c-torture/execute/arith-rand.c execution,  -O1 
WARNING: program timed out.
FAIL: gcc.c-torture/execute/arith-rand.c execution,  -O2 
WARNING: program timed out.
FAIL: gcc.c-torture/execute/arith-rand.c execution,  -O3 -fomit-frame-pointer 
WARNING: program timed out.
FAIL: gcc.c-torture/execute/arith-rand.c execution,  -O3 -fomit-frame-pointer -funroll-loops 
FAIL: gcc.c-torture/execute/arith-rand.c execution,  -O3 -fomit-frame-pointer -funroll-all-loops -finline-functions 
WARNING: program timed out.
FAIL: gcc.c-torture/execute/arith-rand.c execution,  -O3 -g 
WARNING: program timed out.
FAIL: gcc.c-torture/execute/arith-rand.c execution,  -Os 
FAIL: gcc.c-torture/execute/cbrt.c execution,  -O0 
FAIL: gcc.c-torture/execute/cbrt.c execution,  -O1 
FAIL: gcc.c-torture/execute/cbrt.c execution,  -O2 
FAIL: gcc.c-torture/execute/cbrt.c execution,  -O3 -fomit-frame-pointer 
FAIL: gcc.c-torture/execute/cbrt.c execution,  -O3 -g 
WARNING: program timed out.
FAIL: gcc.c-torture/execute/cbrt.c execution,  -Os 
WARNING: program timed out.
FAIL: gcc.c-torture/execute/complex-1.c execution,  -O0 
WARNING: program timed out.
FAIL: gcc.c-torture/execute/complex-1.c execution,  -O1 
WARNING: program timed out.
FAIL: gcc.c-torture/execute/complex-1.c execution,  -O2 
FAIL: gcc.c-torture/execute/complex-1.c execution,  -Os 
FAIL: gcc.c-torture/execute/complex-2.c execution,  -O0 
FAIL: gcc.c-torture/execute/complex-2.c execution,  -O1 
FAIL: gcc.c-torture/execute/complex-2.c execution,  -O2 
FAIL: gcc.c-torture/execute/complex-2.c execution,  -O3 -fomit-frame-pointer 
FAIL: gcc.c-torture/execute/complex-2.c execution,  -O3 -g 
FAIL: gcc.c-torture/execute/complex-2.c execution,  -Os 
FAIL: gcc.c-torture/execute/complex-3.c execution,  -O0 
FAIL: gcc.c-torture/execute/complex-3.c execution,  -O1 
FAIL: gcc.c-torture/execute/complex-3.c execution,  -O2 
FAIL: gcc.c-torture/execute/complex-3.c execution,  -Os 
WARNING: program timed out.
FAIL: gcc.c-torture/execute/complex-5.c execution,  -O0 
WARNING: program timed out.
FAIL: gcc.c-torture/execute/complex-5.c execution,  -O1 
WARNING: program timed out.
FAIL: gcc.c-torture/execute/complex-5.c execution,  -O2 
WARNING: program timed out.
FAIL: gcc.c-torture/execute/complex-5.c execution,  -O3 -fomit-frame-pointer 
WARNING: program timed out.
FAIL: gcc.c-torture/execute/complex-5.c execution,  -O3 -g 
WARNING: program timed out.
FAIL: gcc.c-torture/execute/complex-5.c execution,  -Os 
WARNING: program timed out.
FAIL: gcc.c-torture/execute/complex-6.c execution,  -O0 
WARNING: program timed out.
FAIL: gcc.c-torture/execute/complex-6.c execution,  -O1 
WARNING: program timed out.
FAIL: gcc.c-torture/execute/complex-6.c execution,  -O2 
WARNING: program timed out.
FAIL: gcc.c-torture/execute/complex-6.c execution,  -Os 
FAIL: gcc.c-torture/execute/complex-7.c execution,  -O0 
FAIL: gcc.c-torture/execute/complex-7.c execution,  -O1 
FAIL: gcc.c-torture/execute/complex-7.c execution,  -O2 
FAIL: gcc.c-torture/execute/complex-7.c execution,  -O3 -fomit-frame-pointer 
FAIL: gcc.c-torture/execute/complex-7.c execution,  -O3 -g 
FAIL: gcc.c-torture/execute/complex-7.c execution,  -Os 
FAIL: gcc.c-torture/execute/cvt-1.c execution,  -O0 
FAIL: gcc.c-torture/execute/cvt-1.c execution,  -O1 
FAIL: gcc.c-torture/execute/cvt-1.c execution,  -O2 
FAIL: gcc.c-torture/execute/cvt-1.c execution,  -Os 
FAIL: gcc.c-torture/execute/float-floor.c execution,  -O0 
FAIL: gcc.c-torture/execute/float-floor.c execution,  -O1 
FAIL: gcc.c-torture/execute/float-floor.c execution,  -O2 
FAIL: gcc.c-torture/execute/float-floor.c execution,  -O3 -fomit-frame-pointer 
FAIL: gcc.c-torture/execute/float-floor.c execution,  -O3 -g 
FAIL: gcc.c-torture/execute/float-floor.c execution,  -Os 
FAIL: gcc.c-torture/execute/func-ptr-1.c execution,  -O0 
FAIL: gcc.c-torture/execute/func-ptr-1.c execution,  -O1 
FAIL: gcc.c-torture/execute/func-ptr-1.c execution,  -O2 
FAIL: gcc.c-torture/execute/func-ptr-1.c execution,  -O3 -fomit-frame-pointer 
FAIL: gcc.c-torture/execute/func-ptr-1.c execution,  -O3 -g 
FAIL: gcc.c-torture/execute/func-ptr-1.c execution,  -Os 
WARNING: program timed out.
FAIL: gcc.c-torture/execute/gofast.c execution,  -O0 
WARNING: program timed out.
FAIL: gcc.c-torture/execute/gofast.c execution,  -O1 
WARNING: program timed out.
FAIL: gcc.c-torture/execute/gofast.c execution,  -O2 
FAIL: gcc.c-torture/execute/gofast.c execution,  -Os 
WARNING: program timed out.
FAIL: gcc.c-torture/execute/loop-13.c execution,  -O0 
WARNING: program timed out.
FAIL: gcc.c-torture/execute/loop-13.c execution,  -O1 
WARNING: program timed out.
FAIL: gcc.c-torture/execute/loop-13.c execution,  -O2 
WARNING: program timed out.
FAIL: gcc.c-torture/execute/loop-13.c execution,  -Os 
WARNING: program timed out.
FAIL: gcc.c-torture/execute/loop-2b.c execution,  -O1 
WARNING: program timed out.
FAIL: gcc.c-torture/execute/loop-2b.c execution,  -O2 
FAIL: gcc.c-torture/execute/loop-8.c execution,  -O0 
FAIL: gcc.c-torture/execute/loop-8.c execution,  -O1 
FAIL: gcc.c-torture/execute/loop-8.c execution,  -O2 
FAIL: gcc.c-torture/execute/loop-8.c execution,  -O3 -fomit-frame-pointer 
FAIL: gcc.c-torture/execute/loop-8.c execution,  -O3 -fomit-frame-pointer -funroll-loops 
FAIL: gcc.c-torture/execute/loop-8.c execution,  -O3 -fomit-frame-pointer -funroll-all-loops -finline-functions 
FAIL: gcc.c-torture/execute/loop-8.c execution,  -O3 -g 
FAIL: gcc.c-torture/execute/loop-8.c execution,  -Os 
WARNING: program timed out.
FAIL: gcc.c-torture/execute/loop-ivopts-1.c execution,  -O0 
WARNING: program timed out.
FAIL: gcc.c-torture/execute/loop-ivopts-1.c execution,  -O1 
WARNING: program timed out.
FAIL: gcc.c-torture/execute/loop-ivopts-1.c execution,  -O2 
WARNING: program timed out.
FAIL: gcc.c-torture/execute/loop-ivopts-1.c execution,  -O3 -fomit-frame-pointer 
WARNING: program timed out.
FAIL: gcc.c-torture/execute/loop-ivopts-1.c execution,  -O3 -fomit-frame-pointer -funroll-loops 
FAIL: gcc.c-torture/execute/loop-ivopts-1.c execution,  -O3 -fomit-frame-pointer -funroll-all-loops -finline-functions 
WARNING: program timed out.
FAIL: gcc.c-torture/execute/loop-ivopts-1.c execution,  -O3 -g 
WARNING: program timed out.
FAIL: gcc.c-torture/execute/loop-ivopts-1.c execution,  -Os 
FAIL: gcc.c-torture/execute/mayalias-2.c compilation,  -O3 -g  (internal compiler error)
UNRESOLVED: gcc.c-torture/execute/mayalias-2.c execution,  -O3 -g 
FAIL: gcc.c-torture/execute/nest-stdar-1.c execution,  -O0 
FAIL: gcc.c-torture/execute/nest-stdar-1.c execution,  -O1 
FAIL: gcc.c-torture/execute/nest-stdar-1.c execution,  -O2 
FAIL: gcc.c-torture/execute/nest-stdar-1.c execution,  -O3 -fomit-frame-pointer 
FAIL: gcc.c-torture/execute/nest-stdar-1.c execution,  -O3 -g 
FAIL: gcc.c-torture/execute/nest-stdar-1.c execution,  -Os 
FAIL: gcc.c-torture/execute/nestfunc-3.c compilation,  -O3 -g 
UNRESOLVED: gcc.c-torture/execute/nestfunc-3.c execution,  -O3 -g 
FAIL: gcc.c-torture/execute/pr19606.c execution,  -O0 
FAIL: gcc.c-torture/execute/pr19606.c execution,  -O1 
FAIL: gcc.c-torture/execute/pr19606.c execution,  -O2 
FAIL: gcc.c-torture/execute/pr19606.c execution,  -O3 -fomit-frame-pointer 
FAIL: gcc.c-torture/execute/pr19606.c execution,  -O3 -g 
FAIL: gcc.c-torture/execute/pr19606.c execution,  -Os 
FAIL: gcc.c-torture/execute/pr22061-4.c execution,  -O0 
FAIL: gcc.c-torture/execute/pr23135.c execution,  -O0 
FAIL: gcc.c-torture/execute/pr23135.c execution,  -O1 
FAIL: gcc.c-torture/execute/pr23135.c execution,  -O2 
FAIL: gcc.c-torture/execute/pr23135.c execution,  -O3 -fomit-frame-pointer 
FAIL: gcc.c-torture/execute/pr23135.c execution,  -O3 -g 
FAIL: gcc.c-torture/execute/pr23135.c execution,  -Os 
FAIL: gcc.c-torture/execute/pr23941.c execution,  -O0 
FAIL: gcc.c-torture/execute/pr23941.c execution,  -O1 
FAIL: gcc.c-torture/execute/pr23941.c execution,  -O2 
FAIL: gcc.c-torture/execute/pr23941.c execution,  -O3 -fomit-frame-pointer 
FAIL: gcc.c-torture/execute/pr23941.c execution,  -O3 -g 
FAIL: gcc.c-torture/execute/pr23941.c execution,  -Os 
WARNING: program timed out.
FAIL: gcc.c-torture/execute/pr27364.c execution,  -O0 
WARNING: program timed out.
FAIL: gcc.c-torture/execute/pr27364.c execution,  -O1 
WARNING: program timed out.
FAIL: gcc.c-torture/execute/pr27364.c execution,  -O2 
WARNING: program timed out.
FAIL: gcc.c-torture/execute/pr27364.c execution,  -Os 
FAIL: gcc.c-torture/execute/pr28651.c execution,  -O0 
FAIL: gcc.c-torture/execute/pr28651.c execution,  -O1 
FAIL: gcc.c-torture/execute/pr28651.c execution,  -O2 
FAIL: gcc.c-torture/execute/pr28651.c execution,  -O3 -fomit-frame-pointer 
FAIL: gcc.c-torture/execute/pr28651.c execution,  -O3 -g 
FAIL: gcc.c-torture/execute/pr28651.c execution,  -Os 
FAIL: gcc.c-torture/execute/pr28982a.c execution,  -O0 
FAIL: gcc.c-torture/execute/pr28982a.c execution,  -O1 
FAIL: gcc.c-torture/execute/pr28982a.c execution,  -O2 
FAIL: gcc.c-torture/execute/pr28982a.c execution,  -O3 -fomit-frame-pointer 
FAIL: gcc.c-torture/execute/pr28982a.c execution,  -O3 -fomit-frame-pointer -funroll-loops 
FAIL: gcc.c-torture/execute/pr28982a.c execution,  -O3 -fomit-frame-pointer -funroll-all-loops -finline-functions 
FAIL: gcc.c-torture/execute/pr28982a.c execution,  -O3 -g 
FAIL: gcc.c-torture/execute/pr28982a.c execution,  -Os 
FAIL: gcc.c-torture/execute/pr29797-1.c execution,  -O0 
FAIL: gcc.c-torture/execute/pr29797-1.c execution,  -O1 
FAIL: gcc.c-torture/execute/pr29797-1.c execution,  -O2 
FAIL: gcc.c-torture/execute/pr29797-1.c execution,  -O3 -fomit-frame-pointer 
FAIL: gcc.c-torture/execute/pr29797-1.c execution,  -O3 -g 
FAIL: gcc.c-torture/execute/pr29797-1.c execution,  -Os 
WARNING: program timed out.
FAIL: gcc.c-torture/execute/regstack-1.c execution,  -O0 
WARNING: program timed out.
FAIL: gcc.c-torture/execute/regstack-1.c execution,  -O1 
FAIL: gcc.c-torture/execute/regstack-1.c execution,  -O2 
WARNING: program timed out.
FAIL: gcc.c-torture/execute/regstack-1.c execution,  -O3 -fomit-frame-pointer 
WARNING: program timed out.
FAIL: gcc.c-torture/execute/regstack-1.c execution,  -O3 -g 
WARNING: program timed out.
FAIL: gcc.c-torture/execute/regstack-1.c execution,  -Os 
FAIL: gcc.c-torture/execute/simd-1.c execution,  -O0 
FAIL: gcc.c-torture/execute/simd-1.c execution,  -O1 
FAIL: gcc.c-torture/execute/simd-1.c execution,  -O2 
FAIL: gcc.c-torture/execute/simd-1.c execution,  -O3 -fomit-frame-pointer 
FAIL: gcc.c-torture/execute/simd-1.c execution,  -O3 -g 
FAIL: gcc.c-torture/execute/simd-1.c execution,  -Os 
FAIL: gcc.c-torture/execute/stdarg-3.c execution,  -O0 
FAIL: gcc.c-torture/execute/stdarg-3.c execution,  -O1 
FAIL: gcc.c-torture/execute/stdarg-3.c execution,  -O2 
FAIL: gcc.c-torture/execute/stdarg-3.c execution,  -O3 -fomit-frame-pointer 
FAIL: gcc.c-torture/execute/stdarg-3.c execution,  -O3 -fomit-frame-pointer -funroll-loops 
FAIL: gcc.c-torture/execute/stdarg-3.c execution,  -O3 -fomit-frame-pointer -funroll-all-loops -finline-functions 
FAIL: gcc.c-torture/execute/stdarg-3.c execution,  -O3 -g 
FAIL: gcc.c-torture/execute/stdarg-3.c execution,  -Os 
FAIL: gcc.c-torture/execute/stdarg-4.c execution,  -O0 
FAIL: gcc.c-torture/execute/stdarg-4.c execution,  -O1 
FAIL: gcc.c-torture/execute/stdarg-4.c execution,  -O2 
FAIL: gcc.c-torture/execute/stdarg-4.c execution,  -O3 -fomit-frame-pointer 
FAIL: gcc.c-torture/execute/stdarg-4.c execution,  -O3 -g 
FAIL: gcc.c-torture/execute/stdarg-4.c execution,  -Os 
FAIL: gcc.c-torture/execute/strct-pack-1.c execution,  -O0 
FAIL: gcc.c-torture/execute/strct-pack-1.c execution,  -O1 
FAIL: gcc.c-torture/execute/strct-pack-1.c execution,  -O2 
FAIL: gcc.c-torture/execute/struct-ret-1.c execution,  -O0 
FAIL: gcc.c-torture/execute/struct-ret-1.c execution,  -O1 
FAIL: gcc.c-torture/execute/struct-ret-1.c execution,  -O2 
FAIL: gcc.c-torture/execute/struct-ret-1.c execution,  -O3 -fomit-frame-pointer 
FAIL: gcc.c-torture/execute/struct-ret-1.c execution,  -O3 -g 
FAIL: gcc.c-torture/execute/struct-ret-1.c execution,  -Os 
FAIL: gcc.c-torture/execute/va-arg-12.c execution,  -O0 
FAIL: gcc.c-torture/execute/va-arg-12.c execution,  -O1 
FAIL: gcc.c-torture/execute/va-arg-12.c execution,  -O2 
FAIL: gcc.c-torture/execute/va-arg-12.c execution,  -O3 -fomit-frame-pointer 
FAIL: gcc.c-torture/execute/va-arg-12.c execution,  -O3 -g 
FAIL: gcc.c-torture/execute/va-arg-12.c execution,  -Os 
FAIL: gcc.c-torture/execute/va-arg-15.c execution,  -O0 
FAIL: gcc.c-torture/execute/va-arg-15.c execution,  -O1 
FAIL: gcc.c-torture/execute/va-arg-15.c execution,  -O2 
FAIL: gcc.c-torture/execute/va-arg-15.c execution,  -O3 -fomit-frame-pointer 
FAIL: gcc.c-torture/execute/va-arg-15.c execution,  -O3 -fomit-frame-pointer -funroll-loops 
FAIL: gcc.c-torture/execute/va-arg-15.c execution,  -O3 -fomit-frame-pointer -funroll-all-loops -finline-functions 
FAIL: gcc.c-torture/execute/va-arg-15.c execution,  -O3 -g 
FAIL: gcc.c-torture/execute/va-arg-15.c execution,  -Os 
FAIL: gcc.c-torture/execute/va-arg-16.c execution,  -O0 
FAIL: gcc.c-torture/execute/va-arg-16.c execution,  -O1 
FAIL: gcc.c-torture/execute/va-arg-16.c execution,  -O2 
FAIL: gcc.c-torture/execute/va-arg-16.c execution,  -O3 -fomit-frame-pointer 
FAIL: gcc.c-torture/execute/va-arg-16.c execution,  -O3 -g 
FAIL: gcc.c-torture/execute/va-arg-16.c execution,  -Os 
FAIL: gcc.c-torture/execute/va-arg-17.c execution,  -O0 
FAIL: gcc.c-torture/execute/va-arg-17.c execution,  -O1 
FAIL: gcc.c-torture/execute/va-arg-17.c execution,  -O2 
FAIL: gcc.c-torture/execute/va-arg-17.c execution,  -O3 -fomit-frame-pointer 
FAIL: gcc.c-torture/execute/va-arg-17.c execution,  -O3 -g 
FAIL: gcc.c-torture/execute/va-arg-17.c execution,  -Os 
WARNING: program timed out.
FAIL: gcc.c-torture/execute/va-arg-21.c execution,  -O0 
WARNING: program timed out.
FAIL: gcc.c-torture/execute/va-arg-21.c execution,  -O1 
WARNING: program timed out.
FAIL: gcc.c-torture/execute/va-arg-21.c execution,  -O2 
WARNING: program timed out.
FAIL: gcc.c-torture/execute/va-arg-21.c execution,  -O3 -fomit-frame-pointer 
WARNING: program timed out.
FAIL: gcc.c-torture/execute/va-arg-21.c execution,  -O3 -fomit-frame-pointer -funroll-loops 
FAIL: gcc.c-torture/execute/va-arg-21.c execution,  -O3 -fomit-frame-pointer -funroll-all-loops -finline-functions 
WARNING: program timed out.
FAIL: gcc.c-torture/execute/va-arg-21.c execution,  -O3 -g 
WARNING: program timed out.
FAIL: gcc.c-torture/execute/va-arg-21.c execution,  -Os 
FAIL: gcc.c-torture/execute/va-arg-26.c execution,  -O0 
FAIL: gcc.c-torture/execute/va-arg-26.c execution,  -O1 
FAIL: gcc.c-torture/execute/va-arg-26.c execution,  -O2 
FAIL: gcc.c-torture/execute/va-arg-26.c execution,  -O3 -fomit-frame-pointer 
FAIL: gcc.c-torture/execute/va-arg-26.c execution,  -O3 -g 
FAIL: gcc.c-torture/execute/va-arg-26.c execution,  -Os 
FAIL: gcc.c-torture/execute/va-arg-5.c execution,  -O0 
FAIL: gcc.c-torture/execute/va-arg-5.c execution,  -O1 
FAIL: gcc.c-torture/execute/va-arg-5.c execution,  -O2 
FAIL: gcc.c-torture/execute/va-arg-5.c execution,  -O3 -fomit-frame-pointer 
FAIL: gcc.c-torture/execute/va-arg-5.c execution,  -O3 -g 
FAIL: gcc.c-torture/execute/va-arg-5.c execution,  -Os 
WARNING: program timed out.
FAIL: gcc.c-torture/execute/ieee/20001122-1.c execution,  -O0 
WARNING: program timed out.
FAIL: gcc.c-torture/execute/ieee/20001122-1.c execution,  -O1 
WARNING: program timed out.
FAIL: gcc.c-torture/execute/ieee/20001122-1.c execution,  -O2 
WARNING: program timed out.
FAIL: gcc.c-torture/execute/ieee/20001122-1.c execution,  -O3 -fomit-frame-pointer 
WARNING: program timed out.
FAIL: gcc.c-torture/execute/ieee/20001122-1.c execution,  -O3 -fomit-frame-pointer -funroll-loops 
WARNING: program timed out.
FAIL: gcc.c-torture/execute/ieee/20001122-1.c execution,  -O3 -fomit-frame-pointer -funroll-all-loops -finline-functions 
WARNING: program timed out.
FAIL: gcc.c-torture/execute/ieee/20001122-1.c execution,  -O3 -g 
WARNING: program timed out.
FAIL: gcc.c-torture/execute/ieee/20001122-1.c execution,  -Os 
FAIL: gcc.c-torture/execute/ieee/20010114-2.c execution,  -O0 
FAIL: gcc.c-torture/execute/ieee/20010114-2.c execution,  -O1 
FAIL: gcc.c-torture/execute/ieee/20010114-2.c execution,  -O2 
FAIL: gcc.c-torture/execute/ieee/20010114-2.c execution,  -Os 
FAIL: gcc.c-torture/execute/ieee/20030331-1.c execution,  -O0 
FAIL: gcc.c-torture/execute/ieee/20030331-1.c execution,  -O1 
FAIL: gcc.c-torture/execute/ieee/20030331-1.c execution,  -O2 
FAIL: gcc.c-torture/execute/ieee/20030331-1.c execution,  -O3 -fomit-frame-pointer 
FAIL: gcc.c-torture/execute/ieee/20030331-1.c execution,  -O3 -g 
FAIL: gcc.c-torture/execute/ieee/20030331-1.c execution,  -Os 
WARNING: program timed out.
FAIL: gcc.c-torture/execute/ieee/20041213-1.c execution,  -O0 
WARNING: program timed out.
FAIL: gcc.c-torture/execute/ieee/20041213-1.c execution,  -O1 
FAIL: gcc.c-torture/execute/ieee/20041213-1.c execution,  -O2 
WARNING: program timed out.
FAIL: gcc.c-torture/execute/ieee/20041213-1.c execution,  -O3 -fomit-frame-pointer 
WARNING: program timed out.
FAIL: gcc.c-torture/execute/ieee/20041213-1.c execution,  -O3 -g 
WARNING: program timed out.
FAIL: gcc.c-torture/execute/ieee/20041213-1.c execution,  -Os 
FAIL: gcc.c-torture/execute/ieee/920810-1.c execution,  -O0 
FAIL: gcc.c-torture/execute/ieee/920810-1.c execution,  -O1 
FAIL: gcc.c-torture/execute/ieee/920810-1.c execution,  -O2 
FAIL: gcc.c-torture/execute/ieee/920810-1.c execution,  -O3 -fomit-frame-pointer 
FAIL: gcc.c-torture/execute/ieee/920810-1.c execution,  -O3 -g 
FAIL: gcc.c-torture/execute/ieee/920810-1.c execution,  -Os 
WARNING: program timed out.
FAIL: gcc.c-torture/execute/ieee/980619-1.c execution,  -O0 
WARNING: program timed out.
FAIL: gcc.c-torture/execute/ieee/980619-1.c execution,  -O1 
FAIL: gcc.c-torture/execute/ieee/980619-1.c execution,  -O2 
WARNING: program timed out.
FAIL: gcc.c-torture/execute/ieee/980619-1.c execution,  -O3 -fomit-frame-pointer 
WARNING: program timed out.
FAIL: gcc.c-torture/execute/ieee/980619-1.c execution,  -O3 -fomit-frame-pointer -funroll-loops 
WARNING: program timed out.
FAIL: gcc.c-torture/execute/ieee/980619-1.c execution,  -O3 -fomit-frame-pointer -funroll-all-loops -finline-functions 
WARNING: program timed out.
FAIL: gcc.c-torture/execute/ieee/980619-1.c execution,  -O3 -g 
WARNING: program timed out.
FAIL: gcc.c-torture/execute/ieee/980619-1.c execution,  -Os 
FAIL: gcc.c-torture/execute/ieee/acc1.c execution,  -O0 
FAIL: gcc.c-torture/execute/ieee/acc1.c execution,  -O1 
FAIL: gcc.c-torture/execute/ieee/acc1.c execution,  -O2 
FAIL: gcc.c-torture/execute/ieee/acc1.c execution,  -O3 -fomit-frame-pointer 
FAIL: gcc.c-torture/execute/ieee/acc1.c execution,  -O3 -g 
FAIL: gcc.c-torture/execute/ieee/acc1.c execution,  -Os 
WARNING: program timed out.
FAIL: gcc.c-torture/execute/ieee/acc2.c execution,  -O0 
WARNING: program timed out.
FAIL: gcc.c-torture/execute/ieee/acc2.c execution,  -O1 
WARNING: program timed out.
FAIL: gcc.c-torture/execute/ieee/acc2.c execution,  -O2 
WARNING: program timed out.
FAIL: gcc.c-torture/execute/ieee/acc2.c execution,  -O3 -fomit-frame-pointer 
WARNING: program timed out.
FAIL: gcc.c-torture/execute/ieee/acc2.c execution,  -O3 -g 
WARNING: program timed out.
FAIL: gcc.c-torture/execute/ieee/acc2.c execution,  -Os 
FAIL: gcc.c-torture/execute/ieee/compare-fp-1.c execution,  -O0 
FAIL: gcc.c-torture/execute/ieee/compare-fp-1.c execution,  -O1 
FAIL: gcc.c-torture/execute/ieee/compare-fp-1.c execution,  -O2 
FAIL: gcc.c-torture/execute/ieee/compare-fp-1.c execution,  -O3 -fomit-frame-pointer 
FAIL: gcc.c-torture/execute/ieee/compare-fp-1.c execution,  -O3 -g 
FAIL: gcc.c-torture/execute/ieee/compare-fp-1.c execution,  -Os 
FAIL: gcc.c-torture/execute/ieee/compare-fp-2.c execution,  -O0 
FAIL: gcc.c-torture/execute/ieee/compare-fp-2.c execution,  -O1 
FAIL: gcc.c-torture/execute/ieee/compare-fp-2.c execution,  -O2 
FAIL: gcc.c-torture/execute/ieee/compare-fp-2.c execution,  -Os 
FAIL: gcc.c-torture/execute/ieee/compare-fp-4.c execution,  -O0 
FAIL: gcc.c-torture/execute/ieee/compare-fp-4.c execution,  -O1 
FAIL: gcc.c-torture/execute/ieee/compare-fp-4.c execution,  -O2 
FAIL: gcc.c-torture/execute/ieee/compare-fp-4.c execution,  -O3 -fomit-frame-pointer 
FAIL: gcc.c-torture/execute/ieee/compare-fp-4.c execution,  -O3 -g 
FAIL: gcc.c-torture/execute/ieee/compare-fp-4.c execution,  -Os 
FAIL: gcc.c-torture/execute/ieee/fp-cmp-1.c execution,  -O0 
FAIL: gcc.c-torture/execute/ieee/fp-cmp-1.c execution,  -O1 
FAIL: gcc.c-torture/execute/ieee/fp-cmp-1.c execution,  -O2 
FAIL: gcc.c-torture/execute/ieee/fp-cmp-1.c execution,  -O3 -fomit-frame-pointer 
FAIL: gcc.c-torture/execute/ieee/fp-cmp-1.c execution,  -O3 -fomit-frame-pointer -funroll-loops 
FAIL: gcc.c-torture/execute/ieee/fp-cmp-1.c execution,  -O3 -fomit-frame-pointer -funroll-all-loops -finline-functions 
FAIL: gcc.c-torture/execute/ieee/fp-cmp-1.c execution,  -O3 -g 
FAIL: gcc.c-torture/execute/ieee/fp-cmp-1.c execution,  -Os 
FAIL: gcc.c-torture/execute/ieee/fp-cmp-2.c execution,  -O0 
FAIL: gcc.c-torture/execute/ieee/fp-cmp-2.c execution,  -O1 
FAIL: gcc.c-torture/execute/ieee/fp-cmp-2.c execution,  -O2 
FAIL: gcc.c-torture/execute/ieee/fp-cmp-2.c execution,  -O3 -fomit-frame-pointer 
FAIL: gcc.c-torture/execute/ieee/fp-cmp-2.c execution,  -O3 -fomit-frame-pointer -funroll-loops 
FAIL: gcc.c-torture/execute/ieee/fp-cmp-2.c execution,  -O3 -fomit-frame-pointer -funroll-all-loops -finline-functions 
FAIL: gcc.c-torture/execute/ieee/fp-cmp-2.c execution,  -O3 -g 
FAIL: gcc.c-torture/execute/ieee/fp-cmp-2.c execution,  -Os 
FAIL: gcc.c-torture/execute/ieee/fp-cmp-3.c execution,  -O0 
FAIL: gcc.c-torture/execute/ieee/fp-cmp-3.c execution,  -O1 
FAIL: gcc.c-torture/execute/ieee/fp-cmp-3.c execution,  -O2 
FAIL: gcc.c-torture/execute/ieee/fp-cmp-3.c execution,  -O3 -fomit-frame-pointer 
FAIL: gcc.c-torture/execute/ieee/fp-cmp-3.c execution,  -O3 -fomit-frame-pointer -funroll-loops 
FAIL: gcc.c-torture/execute/ieee/fp-cmp-3.c execution,  -O3 -fomit-frame-pointer -funroll-all-loops -finline-functions 
FAIL: gcc.c-torture/execute/ieee/fp-cmp-3.c execution,  -O3 -g 
FAIL: gcc.c-torture/execute/ieee/fp-cmp-3.c execution,  -Os 
FAIL: gcc.c-torture/execute/ieee/fp-cmp-4.c execution,  -O0 
FAIL: gcc.c-torture/execute/ieee/fp-cmp-4.c execution,  -O1 
FAIL: gcc.c-torture/execute/ieee/fp-cmp-4.c execution,  -O2 
FAIL: gcc.c-torture/execute/ieee/fp-cmp-4.c execution,  -O3 -fomit-frame-pointer 
FAIL: gcc.c-torture/execute/ieee/fp-cmp-4.c execution,  -O3 -fomit-frame-pointer -funroll-loops 
FAIL: gcc.c-torture/execute/ieee/fp-cmp-4.c execution,  -O3 -fomit-frame-pointer -funroll-all-loops -finline-functions 
FAIL: gcc.c-torture/execute/ieee/fp-cmp-4.c execution,  -O3 -g 
FAIL: gcc.c-torture/execute/ieee/fp-cmp-4.c execution,  -Os 
FAIL: gcc.c-torture/execute/ieee/fp-cmp-4f.c execution,  -O0 
FAIL: gcc.c-torture/execute/ieee/fp-cmp-4f.c execution,  -O1 
FAIL: gcc.c-torture/execute/ieee/fp-cmp-4f.c execution,  -O2 
FAIL: gcc.c-torture/execute/ieee/fp-cmp-4f.c execution,  -O3 -fomit-frame-pointer 
FAIL: gcc.c-torture/execute/ieee/fp-cmp-4f.c execution,  -O3 -g 
FAIL: gcc.c-torture/execute/ieee/fp-cmp-4f.c execution,  -Os 
FAIL: gcc.c-torture/execute/ieee/fp-cmp-4l.c execution,  -O0 
FAIL: gcc.c-torture/execute/ieee/fp-cmp-4l.c execution,  -O1 
FAIL: gcc.c-torture/execute/ieee/fp-cmp-4l.c execution,  -O2 
FAIL: gcc.c-torture/execute/ieee/fp-cmp-4l.c execution,  -O3 -fomit-frame-pointer 
FAIL: gcc.c-torture/execute/ieee/fp-cmp-4l.c execution,  -O3 -g 
FAIL: gcc.c-torture/execute/ieee/fp-cmp-4l.c execution,  -Os 
FAIL: gcc.c-torture/execute/ieee/fp-cmp-5.c execution,  -O0 
FAIL: gcc.c-torture/execute/ieee/fp-cmp-5.c execution,  -O1 
FAIL: gcc.c-torture/execute/ieee/fp-cmp-5.c execution,  -O2 
FAIL: gcc.c-torture/execute/ieee/fp-cmp-5.c execution,  -O3 -fomit-frame-pointer 
FAIL: gcc.c-torture/execute/ieee/fp-cmp-5.c execution,  -O3 -fomit-frame-pointer -funroll-loops 
FAIL: gcc.c-torture/execute/ieee/fp-cmp-5.c execution,  -O3 -fomit-frame-pointer -funroll-all-loops -finline-functions 
FAIL: gcc.c-torture/execute/ieee/fp-cmp-5.c execution,  -O3 -g 
FAIL: gcc.c-torture/execute/ieee/fp-cmp-5.c execution,  -Os 
FAIL: gcc.c-torture/execute/ieee/fp-cmp-6.c execution,  -O0 
FAIL: gcc.c-torture/execute/ieee/fp-cmp-8.c execution,  -O0 
FAIL: gcc.c-torture/execute/ieee/fp-cmp-8.c execution,  -O1 
FAIL: gcc.c-torture/execute/ieee/fp-cmp-8.c execution,  -O2 
FAIL: gcc.c-torture/execute/ieee/fp-cmp-8.c execution,  -O3 -fomit-frame-pointer 
FAIL: gcc.c-torture/execute/ieee/fp-cmp-8.c execution,  -O3 -fomit-frame-pointer -funroll-loops 
FAIL: gcc.c-torture/execute/ieee/fp-cmp-8.c execution,  -O3 -fomit-frame-pointer -funroll-all-loops -finline-functions 
FAIL: gcc.c-torture/execute/ieee/fp-cmp-8.c execution,  -O3 -g 
FAIL: gcc.c-torture/execute/ieee/fp-cmp-8.c execution,  -Os 
FAIL: gcc.c-torture/execute/ieee/fp-cmp-8f.c execution,  -O0 
FAIL: gcc.c-torture/execute/ieee/fp-cmp-8f.c execution,  -O1 
FAIL: gcc.c-torture/execute/ieee/fp-cmp-8f.c execution,  -O2 
FAIL: gcc.c-torture/execute/ieee/fp-cmp-8f.c execution,  -O3 -fomit-frame-pointer 
FAIL: gcc.c-torture/execute/ieee/fp-cmp-8f.c execution,  -O3 -g 
FAIL: gcc.c-torture/execute/ieee/fp-cmp-8f.c execution,  -Os 
FAIL: gcc.c-torture/execute/ieee/fp-cmp-8l.c execution,  -O0 
FAIL: gcc.c-torture/execute/ieee/fp-cmp-8l.c execution,  -O1 
FAIL: gcc.c-torture/execute/ieee/fp-cmp-8l.c execution,  -O2 
FAIL: gcc.c-torture/execute/ieee/fp-cmp-8l.c execution,  -O3 -fomit-frame-pointer 
FAIL: gcc.c-torture/execute/ieee/fp-cmp-8l.c execution,  -O3 -g 
FAIL: gcc.c-torture/execute/ieee/fp-cmp-8l.c execution,  -Os 
FAIL: gcc.c-torture/execute/ieee/hugeval.c execution,  -O0 
FAIL: gcc.c-torture/execute/ieee/hugeval.c execution,  -O1 
FAIL: gcc.c-torture/execute/ieee/hugeval.c execution,  -O2 
FAIL: gcc.c-torture/execute/ieee/hugeval.c execution,  -O3 -fomit-frame-pointer 
FAIL: gcc.c-torture/execute/ieee/hugeval.c execution,  -O3 -g 
FAIL: gcc.c-torture/execute/ieee/hugeval.c execution,  -Os 
FAIL: gcc.c-torture/execute/ieee/inf-1.c execution,  -O0 
FAIL: gcc.c-torture/execute/ieee/inf-2.c execution,  -O0 
FAIL: gcc.c-torture/execute/ieee/inf-2.c execution,  -O1 
FAIL: gcc.c-torture/execute/ieee/inf-2.c execution,  -O2 
FAIL: gcc.c-torture/execute/ieee/inf-2.c execution,  -O3 -fomit-frame-pointer 
FAIL: gcc.c-torture/execute/ieee/inf-2.c execution,  -O3 -g 
FAIL: gcc.c-torture/execute/ieee/inf-2.c execution,  -Os 
FAIL: gcc.c-torture/execute/ieee/mzero2.c execution,  -O0 
FAIL: gcc.c-torture/execute/ieee/mzero2.c execution,  -O1 
FAIL: gcc.c-torture/execute/ieee/mzero2.c execution,  -O2 
FAIL: gcc.c-torture/execute/ieee/mzero2.c execution,  -O3 -fomit-frame-pointer 
FAIL: gcc.c-torture/execute/ieee/mzero2.c execution,  -O3 -g 
FAIL: gcc.c-torture/execute/ieee/mzero2.c execution,  -Os 
FAIL: gcc.c-torture/execute/ieee/mzero3.c execution,  -O0 
FAIL: gcc.c-torture/execute/ieee/mzero3.c execution,  -O1 
FAIL: gcc.c-torture/execute/ieee/mzero3.c execution,  -O2 
FAIL: gcc.c-torture/execute/ieee/mzero3.c execution,  -O3 -fomit-frame-pointer 
FAIL: gcc.c-torture/execute/ieee/mzero3.c execution,  -O3 -g 
FAIL: gcc.c-torture/execute/ieee/mzero3.c execution,  -Os 
FAIL: gcc.c-torture/execute/ieee/mzero4.c execution,  -O0 
FAIL: gcc.c-torture/execute/ieee/mzero4.c execution,  -O1 
FAIL: gcc.c-torture/execute/ieee/mzero4.c execution,  -O2 
FAIL: gcc.c-torture/execute/ieee/mzero4.c execution,  -Os 
WARNING: program timed out.
FAIL: gcc.c-torture/execute/ieee/pr28634.c execution,  -O0 
WARNING: program timed out.
FAIL: gcc.c-torture/execute/ieee/pr28634.c execution,  -O1 
WARNING: program timed out.
FAIL: gcc.c-torture/execute/ieee/pr28634.c execution,  -O2 
WARNING: program timed out.
FAIL: gcc.c-torture/execute/ieee/pr28634.c execution,  -O3 -fomit-frame-pointer 
WARNING: program timed out.
FAIL: gcc.c-torture/execute/ieee/pr28634.c execution,  -O3 -fomit-frame-pointer -funroll-loops 
WARNING: program timed out.
FAIL: gcc.c-torture/execute/ieee/pr28634.c execution,  -O3 -fomit-frame-pointer -funroll-all-loops -finline-functions 
WARNING: program timed out.
FAIL: gcc.c-torture/execute/ieee/pr28634.c execution,  -O3 -g 
WARNING: program timed out.
FAIL: gcc.c-torture/execute/ieee/pr28634.c execution,  -Os 
FAIL: gcc.c-torture/execute/ieee/unsafe-fp-assoc-1.c execution,  -O0 
FAIL: gcc.c-torture/execute/ieee/unsafe-fp-assoc-1.c execution,  -O1 
FAIL: gcc.c-torture/execute/ieee/unsafe-fp-assoc-1.c execution,  -O2 
FAIL: gcc.c-torture/execute/ieee/unsafe-fp-assoc-1.c execution,  -O3 -fomit-frame-pointer 
FAIL: gcc.c-torture/execute/ieee/unsafe-fp-assoc-1.c execution,  -O3 -g 
FAIL: gcc.c-torture/execute/ieee/unsafe-fp-assoc-1.c execution,  -Os 
WARNING: program timed out.
FAIL: gcc.c-torture/execute/ieee/unsafe-fp-assoc.c execution,  -O1 
FAIL: gcc.c-torture/execute/ieee/unsafe-fp-assoc.c execution,  -O2 
FAIL: gcc.c-torture/unsorted/a3.c,  -O1   (internal compiler error)
FAIL: gcc.c-torture/unsorted/a3.c,  -O2   (internal compiler error)
FAIL: gcc.c-torture/unsorted/a3.c,  -O3 -fomit-frame-pointer   (internal compiler error)
FAIL: gcc.c-torture/unsorted/a3.c,  -O3 -fomit-frame-pointer -funroll-loops   (internal compiler error)
FAIL: gcc.c-torture/unsorted/a3.c,  -O3 -fomit-frame-pointer -funroll-all-loops -finline-functions   (internal compiler error)
FAIL: gcc.c-torture/unsorted/a3.c,  -O3 -g   (internal compiler error)
FAIL: gcc.c-torture/unsorted/a3.c,  -Os   (internal compiler error)
FAIL: gcc.c-torture/unsorted/dump-noaddr.c.001t.tu,  -O1  comparison
FAIL: gcc.c-torture/unsorted/dump-noaddr.c.001t.tu,  -O2  comparison
FAIL: gcc.c-torture/unsorted/dump-noaddr.c.001t.tu,  -O3 -fomit-frame-pointer  comparison
FAIL: gcc.c-torture/unsorted/dump-noaddr.c.001t.tu,  -O3 -fomit-frame-pointer -funroll-loops  comparison
FAIL: gcc.c-torture/unsorted/dump-noaddr.c.001t.tu,  -O3 -fomit-frame-pointer -funroll-all-loops -finline-functions  comparison
FAIL: gcc.c-torture/unsorted/dump-noaddr.c.001t.tu,  -O3 -g  comparison
FAIL: gcc.c-torture/unsorted/dump-noaddr.c.001t.tu,  -Os  comparison
FAIL: gcc.dg/compat/fnptr-by-value-1 c_compat_x_tst.o-c_compat_y_tst.o execute 
FAIL: gcc.dg/compat/scalar-by-value-1 c_compat_x_tst.o-c_compat_y_tst.o execute 
FAIL: gcc.dg/compat/scalar-by-value-3 c_compat_x_tst.o-c_compat_y_tst.o execute 
FAIL: gcc.dg/compat/scalar-by-value-5 c_compat_x_tst.o-c_compat_y_tst.o execute 
FAIL: gcc.dg/compat/scalar-by-value-6 c_compat_x_tst.o-c_compat_y_tst.o execute 
FAIL: gcc.dg/compat/scalar-return-1 c_compat_x_tst.o-c_compat_y_tst.o execute 
FAIL: gcc.dg/compat/scalar-return-2 c_compat_x_tst.o-c_compat_y_tst.o execute 
FAIL: gcc.dg/compat/scalar-return-3 c_compat_x_tst.o-c_compat_y_tst.o execute 
FAIL: gcc.dg/compat/scalar-return-4 c_compat_x_tst.o-c_compat_y_tst.o execute 
FAIL: gcc.dg/compat/struct-align-1 c_compat_x_tst.o-c_compat_y_tst.o execute 
FAIL: gcc.dg/compat/struct-by-value-10 c_compat_x_tst.o-c_compat_y_tst.o execute 
FAIL: gcc.dg/compat/struct-by-value-11 c_compat_x_tst.o-c_compat_y_tst.o execute 
FAIL: gcc.dg/compat/struct-by-value-12 c_compat_x_tst.o-c_compat_y_tst.o execute 
FAIL: gcc.dg/compat/struct-by-value-13 c_compat_x_tst.o-c_compat_y_tst.o execute 
FAIL: gcc.dg/compat/struct-by-value-14 c_compat_x_tst.o-c_compat_y_tst.o execute 
FAIL: gcc.dg/compat/struct-by-value-15 c_compat_x_tst.o-c_compat_y_tst.o execute 
FAIL: gcc.dg/compat/struct-by-value-16 c_compat_x_tst.o-c_compat_y_tst.o execute 
FAIL: gcc.dg/compat/struct-by-value-17 c_compat_x_tst.o-c_compat_y_tst.o execute 
FAIL: gcc.dg/compat/struct-by-value-18 c_compat_x_tst.o-c_compat_y_tst.o execute 
FAIL: gcc.dg/compat/struct-by-value-19 c_compat_x_tst.o-c_compat_y_tst.o execute 
FAIL: gcc.dg/compat/struct-by-value-1 c_compat_x_tst.o-c_compat_y_tst.o execute 
FAIL: gcc.dg/compat/struct-by-value-21 c_compat_x_tst.o-c_compat_y_tst.o execute 
FAIL: gcc.dg/compat/struct-by-value-22 c_compat_x_tst.o-c_compat_y_tst.o execute 
FAIL: gcc.dg/compat/struct-by-value-2 c_compat_x_tst.o-c_compat_y_tst.o execute 
FAIL: gcc.dg/compat/struct-by-value-3 c_compat_x_tst.o-c_compat_y_tst.o execute 
FAIL: gcc.dg/compat/struct-by-value-4 c_compat_x_tst.o-c_compat_y_tst.o execute 
FAIL: gcc.dg/compat/struct-by-value-5a c_compat_x_tst.o-c_compat_y_tst.o execute 
FAIL: gcc.dg/compat/struct-by-value-5b c_compat_x_tst.o-c_compat_y_tst.o execute 
FAIL: gcc.dg/compat/struct-by-value-6a c_compat_x_tst.o-c_compat_y_tst.o execute 
FAIL: gcc.dg/compat/struct-by-value-6b c_compat_x_tst.o-c_compat_y_tst.o execute 
FAIL: gcc.dg/compat/struct-by-value-7a c_compat_x_tst.o-c_compat_y_tst.o execute 
FAIL: gcc.dg/compat/struct-by-value-7b c_compat_x_tst.o-c_compat_y_tst.o execute 
FAIL: gcc.dg/compat/struct-by-value-8 c_compat_x_tst.o-c_compat_y_tst.o execute 
FAIL: gcc.dg/compat/struct-by-value-9 c_compat_x_tst.o-c_compat_y_tst.o execute 
FAIL: gcc.dg/compat/struct-layout-1 c_compat_main_tst.o compile
FAIL: gcc.dg/compat/struct-layout-1 c_compat_x_tst.o compile
FAIL: gcc.dg/compat/struct-layout-1 c_compat_y_tst.o compile
UNRESOLVED: gcc.dg/compat/struct-layout-1 c_compat_x_tst.o-c_compat_y_tst.o link 
UNRESOLVED: gcc.dg/compat/struct-layout-1 c_compat_x_tst.o-c_compat_y_tst.o execute 
FAIL: gcc.dg/compat/struct-return-10 c_compat_x_tst.o-c_compat_y_tst.o execute 
FAIL: gcc.dg/compat/struct-return-21 c_compat_x_tst.o-c_compat_y_tst.o execute 
FAIL: gcc.dg/compat/struct-return-2 c_compat_x_tst.o-c_compat_y_tst.o execute 
FAIL: gcc.dg/compat/vector-1 c_compat_x_tst.o compile
FAIL: gcc.dg/compat/vector-1 c_compat_y_tst.o compile
UNRESOLVED: gcc.dg/compat/vector-1 c_compat_x_tst.o-c_compat_y_tst.o link 
UNRESOLVED: gcc.dg/compat/vector-1 c_compat_x_tst.o-c_compat_y_tst.o execute 
FAIL: gcc.dg/compat/vector-2 c_compat_x_tst.o compile
FAIL: gcc.dg/compat/vector-2 c_compat_y_tst.o compile
UNRESOLVED: gcc.dg/compat/vector-2 c_compat_x_tst.o-c_compat_y_tst.o link 
UNRESOLVED: gcc.dg/compat/vector-2 c_compat_x_tst.o-c_compat_y_tst.o execute 
FAIL: tmpdir-gcc.dg-struct-layout-1/t001 c_compat_main_tst.o compile
FAIL: tmpdir-gcc.dg-struct-layout-1/t001 c_compat_x_tst.o compile
FAIL: tmpdir-gcc.dg-struct-layout-1/t001 c_compat_y_tst.o compile
UNRESOLVED: tmpdir-gcc.dg-struct-layout-1/t001 c_compat_x_tst.o-c_compat_y_tst.o link 
UNRESOLVED: tmpdir-gcc.dg-struct-layout-1/t001 c_compat_x_tst.o-c_compat_y_tst.o execute 
FAIL: tmpdir-gcc.dg-struct-layout-1/t002 c_compat_main_tst.o compile
FAIL: tmpdir-gcc.dg-struct-layout-1/t002 c_compat_x_tst.o compile
FAIL: tmpdir-gcc.dg-struct-layout-1/t002 c_compat_y_tst.o compile
UNRESOLVED: tmpdir-gcc.dg-struct-layout-1/t002 c_compat_x_tst.o-c_compat_y_tst.o link 
UNRESOLVED: tmpdir-gcc.dg-struct-layout-1/t002 c_compat_x_tst.o-c_compat_y_tst.o execute 
FAIL: tmpdir-gcc.dg-struct-layout-1/t003 c_compat_main_tst.o compile
FAIL: tmpdir-gcc.dg-struct-layout-1/t003 c_compat_x_tst.o compile
FAIL: tmpdir-gcc.dg-struct-layout-1/t003 c_compat_y_tst.o compile
UNRESOLVED: tmpdir-gcc.dg-struct-layout-1/t003 c_compat_x_tst.o-c_compat_y_tst.o link 
UNRESOLVED: tmpdir-gcc.dg-struct-layout-1/t003 c_compat_x_tst.o-c_compat_y_tst.o execute 
FAIL: tmpdir-gcc.dg-struct-layout-1/t004 c_compat_main_tst.o compile
FAIL: tmpdir-gcc.dg-struct-layout-1/t004 c_compat_x_tst.o compile
FAIL: tmpdir-gcc.dg-struct-layout-1/t004 c_compat_y_tst.o compile
UNRESOLVED: tmpdir-gcc.dg-struct-layout-1/t004 c_compat_x_tst.o-c_compat_y_tst.o link 
UNRESOLVED: tmpdir-gcc.dg-struct-layout-1/t004 c_compat_x_tst.o-c_compat_y_tst.o execute 
FAIL: tmpdir-gcc.dg-struct-layout-1/t005 c_compat_main_tst.o compile
FAIL: tmpdir-gcc.dg-struct-layout-1/t005 c_compat_x_tst.o compile
FAIL: tmpdir-gcc.dg-struct-layout-1/t005 c_compat_y_tst.o compile
UNRESOLVED: tmpdir-gcc.dg-struct-layout-1/t005 c_compat_x_tst.o-c_compat_y_tst.o link 
UNRESOLVED: tmpdir-gcc.dg-struct-layout-1/t005 c_compat_x_tst.o-c_compat_y_tst.o execute 
FAIL: tmpdir-gcc.dg-struct-layout-1/t006 c_compat_main_tst.o compile
FAIL: tmpdir-gcc.dg-struct-layout-1/t006 c_compat_x_tst.o compile
FAIL: tmpdir-gcc.dg-struct-layout-1/t006 c_compat_y_tst.o compile
UNRESOLVED: tmpdir-gcc.dg-struct-layout-1/t006 c_compat_x_tst.o-c_compat_y_tst.o link 
UNRESOLVED: tmpdir-gcc.dg-struct-layout-1/t006 c_compat_x_tst.o-c_compat_y_tst.o execute 
FAIL: tmpdir-gcc.dg-struct-layout-1/t007 c_compat_main_tst.o compile
FAIL: tmpdir-gcc.dg-struct-layout-1/t007 c_compat_x_tst.o compile
FAIL: tmpdir-gcc.dg-struct-layout-1/t007 c_compat_y_tst.o compile
UNRESOLVED: tmpdir-gcc.dg-struct-layout-1/t007 c_compat_x_tst.o-c_compat_y_tst.o link 
UNRESOLVED: tmpdir-gcc.dg-struct-layout-1/t007 c_compat_x_tst.o-c_compat_y_tst.o execute 
FAIL: tmpdir-gcc.dg-struct-layout-1/t008 c_compat_main_tst.o compile
FAIL: tmpdir-gcc.dg-struct-layout-1/t008 c_compat_x_tst.o compile
FAIL: tmpdir-gcc.dg-struct-layout-1/t008 c_compat_y_tst.o compile
UNRESOLVED: tmpdir-gcc.dg-struct-layout-1/t008 c_compat_x_tst.o-c_compat_y_tst.o link 
UNRESOLVED: tmpdir-gcc.dg-struct-layout-1/t008 c_compat_x_tst.o-c_compat_y_tst.o execute 
FAIL: tmpdir-gcc.dg-struct-layout-1/t009 c_compat_main_tst.o compile
FAIL: tmpdir-gcc.dg-struct-layout-1/t009 c_compat_x_tst.o compile
FAIL: tmpdir-gcc.dg-struct-layout-1/t009 c_compat_y_tst.o compile
UNRESOLVED: tmpdir-gcc.dg-struct-layout-1/t009 c_compat_x_tst.o-c_compat_y_tst.o link 
UNRESOLVED: tmpdir-gcc.dg-struct-layout-1/t009 c_compat_x_tst.o-c_compat_y_tst.o execute 
FAIL: tmpdir-gcc.dg-struct-layout-1/t010 c_compat_main_tst.o compile
FAIL: tmpdir-gcc.dg-struct-layout-1/t010 c_compat_x_tst.o compile
FAIL: tmpdir-gcc.dg-struct-layout-1/t010 c_compat_y_tst.o compile
UNRESOLVED: tmpdir-gcc.dg-struct-layout-1/t010 c_compat_x_tst.o-c_compat_y_tst.o link 
UNRESOLVED: tmpdir-gcc.dg-struct-layout-1/t010 c_compat_x_tst.o-c_compat_y_tst.o execute 
FAIL: tmpdir-gcc.dg-struct-layout-1/t011 c_compat_main_tst.o compile
FAIL: tmpdir-gcc.dg-struct-layout-1/t011 c_compat_x_tst.o compile
FAIL: tmpdir-gcc.dg-struct-layout-1/t011 c_compat_y_tst.o compile
UNRESOLVED: tmpdir-gcc.dg-struct-layout-1/t011 c_compat_x_tst.o-c_compat_y_tst.o link 
UNRESOLVED: tmpdir-gcc.dg-struct-layout-1/t011 c_compat_x_tst.o-c_compat_y_tst.o execute 
FAIL: tmpdir-gcc.dg-struct-layout-1/t012 c_compat_main_tst.o compile
FAIL: tmpdir-gcc.dg-struct-layout-1/t012 c_compat_x_tst.o compile
FAIL: tmpdir-gcc.dg-struct-layout-1/t012 c_compat_y_tst.o compile
UNRESOLVED: tmpdir-gcc.dg-struct-layout-1/t012 c_compat_x_tst.o-c_compat_y_tst.o link 
UNRESOLVED: tmpdir-gcc.dg-struct-layout-1/t012 c_compat_x_tst.o-c_compat_y_tst.o execute 
FAIL: tmpdir-gcc.dg-struct-layout-1/t013 c_compat_main_tst.o compile
FAIL: tmpdir-gcc.dg-struct-layout-1/t013 c_compat_x_tst.o compile
FAIL: tmpdir-gcc.dg-struct-layout-1/t013 c_compat_y_tst.o compile
UNRESOLVED: tmpdir-gcc.dg-struct-layout-1/t013 c_compat_x_tst.o-c_compat_y_tst.o link 
UNRESOLVED: tmpdir-gcc.dg-struct-layout-1/t013 c_compat_x_tst.o-c_compat_y_tst.o execute 
FAIL: tmpdir-gcc.dg-struct-layout-1/t014 c_compat_main_tst.o compile
FAIL: tmpdir-gcc.dg-struct-layout-1/t014 c_compat_x_tst.o compile
FAIL: tmpdir-gcc.dg-struct-layout-1/t014 c_compat_y_tst.o compile
UNRESOLVED: tmpdir-gcc.dg-struct-layout-1/t014 c_compat_x_tst.o-c_compat_y_tst.o link 
UNRESOLVED: tmpdir-gcc.dg-struct-layout-1/t014 c_compat_x_tst.o-c_compat_y_tst.o execute 
FAIL: tmpdir-gcc.dg-struct-layout-1/t015 c_compat_main_tst.o compile
FAIL: tmpdir-gcc.dg-struct-layout-1/t015 c_compat_x_tst.o compile
FAIL: tmpdir-gcc.dg-struct-layout-1/t015 c_compat_y_tst.o compile
UNRESOLVED: tmpdir-gcc.dg-struct-layout-1/t015 c_compat_x_tst.o-c_compat_y_tst.o link 
UNRESOLVED: tmpdir-gcc.dg-struct-layout-1/t015 c_compat_x_tst.o-c_compat_y_tst.o execute 
FAIL: tmpdir-gcc.dg-struct-layout-1/t016 c_compat_main_tst.o compile
FAIL: tmpdir-gcc.dg-struct-layout-1/t016 c_compat_x_tst.o compile
FAIL: tmpdir-gcc.dg-struct-layout-1/t016 c_compat_y_tst.o compile
UNRESOLVED: tmpdir-gcc.dg-struct-layout-1/t016 c_compat_x_tst.o-c_compat_y_tst.o link 
UNRESOLVED: tmpdir-gcc.dg-struct-layout-1/t016 c_compat_x_tst.o-c_compat_y_tst.o execute 
FAIL: tmpdir-gcc.dg-struct-layout-1/t017 c_compat_main_tst.o compile
FAIL: tmpdir-gcc.dg-struct-layout-1/t017 c_compat_x_tst.o compile
FAIL: tmpdir-gcc.dg-struct-layout-1/t017 c_compat_y_tst.o compile
UNRESOLVED: tmpdir-gcc.dg-struct-layout-1/t017 c_compat_x_tst.o-c_compat_y_tst.o link 
UNRESOLVED: tmpdir-gcc.dg-struct-layout-1/t017 c_compat_x_tst.o-c_compat_y_tst.o execute 
FAIL: tmpdir-gcc.dg-struct-layout-1/t018 c_compat_main_tst.o compile
FAIL: tmpdir-gcc.dg-struct-layout-1/t018 c_compat_x_tst.o compile
FAIL: tmpdir-gcc.dg-struct-layout-1/t018 c_compat_y_tst.o compile
UNRESOLVED: tmpdir-gcc.dg-struct-layout-1/t018 c_compat_x_tst.o-c_compat_y_tst.o link 
UNRESOLVED: tmpdir-gcc.dg-struct-layout-1/t018 c_compat_x_tst.o-c_compat_y_tst.o execute 
FAIL: tmpdir-gcc.dg-struct-layout-1/t019 c_compat_main_tst.o compile
FAIL: tmpdir-gcc.dg-struct-layout-1/t019 c_compat_x_tst.o compile
FAIL: tmpdir-gcc.dg-struct-layout-1/t019 c_compat_y_tst.o compile
UNRESOLVED: tmpdir-gcc.dg-struct-layout-1/t019 c_compat_x_tst.o-c_compat_y_tst.o link 
UNRESOLVED: tmpdir-gcc.dg-struct-layout-1/t019 c_compat_x_tst.o-c_compat_y_tst.o execute 
FAIL: tmpdir-gcc.dg-struct-layout-1/t020 c_compat_main_tst.o compile
FAIL: tmpdir-gcc.dg-struct-layout-1/t020 c_compat_x_tst.o compile
FAIL: tmpdir-gcc.dg-struct-layout-1/t020 c_compat_y_tst.o compile
UNRESOLVED: tmpdir-gcc.dg-struct-layout-1/t020 c_compat_x_tst.o-c_compat_y_tst.o link 
UNRESOLVED: tmpdir-gcc.dg-struct-layout-1/t020 c_compat_x_tst.o-c_compat_y_tst.o execute 
FAIL: tmpdir-gcc.dg-struct-layout-1/t021 c_compat_main_tst.o compile
FAIL: tmpdir-gcc.dg-struct-layout-1/t021 c_compat_x_tst.o compile
FAIL: tmpdir-gcc.dg-struct-layout-1/t021 c_compat_y_tst.o compile
UNRESOLVED: tmpdir-gcc.dg-struct-layout-1/t021 c_compat_x_tst.o-c_compat_y_tst.o link 
UNRESOLVED: tmpdir-gcc.dg-struct-layout-1/t021 c_compat_x_tst.o-c_compat_y_tst.o execute 
FAIL: tmpdir-gcc.dg-struct-layout-1/t022 c_compat_main_tst.o compile
FAIL: tmpdir-gcc.dg-struct-layout-1/t022 c_compat_x_tst.o compile
FAIL: tmpdir-gcc.dg-struct-layout-1/t022 c_compat_y_tst.o compile
UNRESOLVED: tmpdir-gcc.dg-struct-layout-1/t022 c_compat_x_tst.o-c_compat_y_tst.o link 
UNRESOLVED: tmpdir-gcc.dg-struct-layout-1/t022 c_compat_x_tst.o-c_compat_y_tst.o execute 
FAIL: tmpdir-gcc.dg-struct-layout-1/t023 c_compat_main_tst.o compile
FAIL: tmpdir-gcc.dg-struct-layout-1/t023 c_compat_x_tst.o compile
FAIL: tmpdir-gcc.dg-struct-layout-1/t023 c_compat_y_tst.o compile
UNRESOLVED: tmpdir-gcc.dg-struct-layout-1/t023 c_compat_x_tst.o-c_compat_y_tst.o link 
UNRESOLVED: tmpdir-gcc.dg-struct-layout-1/t023 c_compat_x_tst.o-c_compat_y_tst.o execute 
FAIL: tmpdir-gcc.dg-struct-layout-1/t024 c_compat_main_tst.o compile
FAIL: tmpdir-gcc.dg-struct-layout-1/t024 c_compat_x_tst.o compile
FAIL: tmpdir-gcc.dg-struct-layout-1/t024 c_compat_y_tst.o compile
UNRESOLVED: tmpdir-gcc.dg-struct-layout-1/t024 c_compat_x_tst.o-c_compat_y_tst.o link 
UNRESOLVED: tmpdir-gcc.dg-struct-layout-1/t024 c_compat_x_tst.o-c_compat_y_tst.o execute 
FAIL: tmpdir-gcc.dg-struct-layout-1/t025 c_compat_main_tst.o compile
FAIL: tmpdir-gcc.dg-struct-layout-1/t025 c_compat_x_tst.o compile
FAIL: tmpdir-gcc.dg-struct-layout-1/t025 c_compat_y_tst.o compile
UNRESOLVED: tmpdir-gcc.dg-struct-layout-1/t025 c_compat_x_tst.o-c_compat_y_tst.o link 
UNRESOLVED: tmpdir-gcc.dg-struct-layout-1/t025 c_compat_x_tst.o-c_compat_y_tst.o execute 
FAIL: tmpdir-gcc.dg-struct-layout-1/t026 c_compat_main_tst.o compile
FAIL: tmpdir-gcc.dg-struct-layout-1/t026 c_compat_x_tst.o compile
FAIL: tmpdir-gcc.dg-struct-layout-1/t026 c_compat_y_tst.o compile
UNRESOLVED: tmpdir-gcc.dg-struct-layout-1/t026 c_compat_x_tst.o-c_compat_y_tst.o link 
UNRESOLVED: tmpdir-gcc.dg-struct-layout-1/t026 c_compat_x_tst.o-c_compat_y_tst.o execute 
FAIL: tmpdir-gcc.dg-struct-layout-1/t027 c_compat_main_tst.o compile
FAIL: tmpdir-gcc.dg-struct-layout-1/t027 c_compat_x_tst.o compile
FAIL: tmpdir-gcc.dg-struct-layout-1/t027 c_compat_y_tst.o compile
UNRESOLVED: tmpdir-gcc.dg-struct-layout-1/t027 c_compat_x_tst.o-c_compat_y_tst.o link 
UNRESOLVED: tmpdir-gcc.dg-struct-layout-1/t027 c_compat_x_tst.o-c_compat_y_tst.o execute 
FAIL: tmpdir-gcc.dg-struct-layout-1/t028 c_compat_main_tst.o compile
FAIL: tmpdir-gcc.dg-struct-layout-1/t028 c_compat_x_tst.o compile
FAIL: tmpdir-gcc.dg-struct-layout-1/t028 c_compat_y_tst.o compile
UNRESOLVED: tmpdir-gcc.dg-struct-layout-1/t028 c_compat_x_tst.o-c_compat_y_tst.o link 
UNRESOLVED: tmpdir-gcc.dg-struct-layout-1/t028 c_compat_x_tst.o-c_compat_y_tst.o execute 
FAIL: gcc.dg/cpp/_Pragma6.c (test for excess errors)
FAIL: gcc.dg/cpp/assert4.c (test for excess errors)
WARNING: program timed out.
FAIL: gcc.dg/cpp/lexnum.c execution test
FAIL: gcc.dg/20001117-1.c execution test
FAIL: gcc.dg/20020607-2.c execution test
FAIL: gcc.dg/20030324-1.c execution test
FAIL: gcc.dg/20030826-1.c execution test
FAIL: gcc.dg/20040219-1.c execution test
FAIL: gcc.dg/20040625-1.c execution test
FAIL: gcc.dg/20050922-1.c execution test
FAIL: gcc.dg/20050922-2.c execution test
FAIL: gcc.dg/builtin-apply2.c execution test
FAIL: gcc.dg/builtin-apply4.c execution test
FAIL: gcc.dg/builtins-24.c execution test
FAIL: gcc.dg/builtins-47.c execution test
WARNING: program timed out.
FAIL: gcc.dg/builtins-48.c execution test
FAIL: gcc.dg/builtins-49.c execution test
FAIL: gcc.dg/builtins-50.c execution test
WARNING: program timed out.
FAIL: gcc.dg/builtins-51.c execution test
FAIL: gcc.dg/builtins-6.c execution test
FAIL: gcc.dg/c99-init-1.c execution test
FAIL: gcc.dg/complex-1.c execution test
FAIL: gcc.dg/complex-3.c execution test
WARNING: program timed out.
FAIL: gcc.dg/duff-3.c execution test
FAIL: gcc.dg/fixuns-trunc-1.c execution test
FAIL: gcc.dg/fnegate-1.c execution test
FAIL: gcc.dg/fold-eqandshift-1.c (test for excess errors)
FAIL: gcc.dg/fold-eqandshift-1.c scan-tree-dump-times e < 0 1
FAIL: gcc.dg/fold-eqandshift-1.c scan-tree-dump-times if \\(0\\) 1
FAIL: gcc.dg/fold-eqandshift-3.c scan-tree-dump-times \\(a & 1073741824\\) != 0 1
FAIL: gcc.dg/fold-eqandshift-3.c scan-tree-dump-times \\(b & 1073741824\\) != 0 1
FAIL: gcc.dg/fold-overflow-1.c scan-assembler-times 2139095040 2
FAIL: gcc.dg/ftrapv-1.c (test for excess errors)
WARNING: gcc.dg/ftrapv-1.c compilation failed to produce executable
FAIL: gcc.dg/ftrapv-2.c (test for excess errors)
WARNING: gcc.dg/ftrapv-2.c compilation failed to produce executable
WARNING: program timed out.
FAIL: gcc.dg/loop-6.c execution test
FAIL: gcc.dg/max-1.c (test for excess errors)
FAIL: gcc.dg/pr19340.c (test for excess errors)
WARNING: program timed out.
FAIL: gcc.dg/pr19402-2.c execution test
WARNING: program timed out.
FAIL: gcc.dg/pr27003.c execution test
FAIL: gcc.dg/pr27639.c (test for excess errors)
FAIL: gcc.dg/pr27959.c (test for excess errors)
FAIL: gcc.dg/pr27959.c execution test
FAIL: gcc.dg/pr28726.c execution test
FAIL: gcc.dg/wtr-conversion-1.c (test for excess errors)
FAIL: gcc.dg/torture/fp-int-convert-double.c  -O0  execution test
FAIL: gcc.dg/torture/fp-int-convert-double.c  -O1  execution test
FAIL: gcc.dg/torture/fp-int-convert-double.c  -O2  execution test
FAIL: gcc.dg/torture/fp-int-convert-double.c  -O3 -fomit-frame-pointer  execution test
FAIL: gcc.dg/torture/fp-int-convert-double.c  -O3 -g  execution test
FAIL: gcc.dg/torture/fp-int-convert-double.c  -Os  execution test
FAIL: gcc.dg/torture/fp-int-convert-float.c  -O0  execution test
FAIL: gcc.dg/torture/fp-int-convert-float.c  -O1  execution test
FAIL: gcc.dg/torture/fp-int-convert-float.c  -O2  execution test
FAIL: gcc.dg/torture/fp-int-convert-float.c  -O3 -fomit-frame-pointer  execution test
FAIL: gcc.dg/torture/fp-int-convert-float.c  -O3 -g  execution test
FAIL: gcc.dg/torture/fp-int-convert-float.c  -Os  execution test
FAIL: gcc.dg/torture/fp-int-convert-long-double.c  -O0  execution test
FAIL: gcc.dg/torture/fp-int-convert-long-double.c  -O1  execution test
FAIL: gcc.dg/torture/fp-int-convert-long-double.c  -O2  execution test
FAIL: gcc.dg/torture/fp-int-convert-long-double.c  -O3 -fomit-frame-pointer  execution test
FAIL: gcc.dg/torture/fp-int-convert-long-double.c  -O3 -g  execution test
FAIL: gcc.dg/torture/fp-int-convert-long-double.c  -Os  execution test
FAIL: gcc.dg/torture/fp-int-convert-timode.c  -O0  execution test
FAIL: gcc.dg/torture/fp-int-convert-timode.c  -O1  execution test
FAIL: gcc.dg/torture/fp-int-convert-timode.c  -O2  execution test
FAIL: gcc.dg/torture/fp-int-convert-timode.c  -O3 -fomit-frame-pointer  execution test
FAIL: gcc.dg/torture/fp-int-convert-timode.c  -O3 -g  execution test
FAIL: gcc.dg/torture/fp-int-convert-timode.c  -Os  execution test
FAIL: gcc.dg/torture/pr27743.c  -O0  (test for excess errors)
FAIL: gcc.dg/torture/pr27743.c  -O0  execution test
FAIL: gcc.dg/torture/pr27743.c  -O1  (test for excess errors)
FAIL: gcc.dg/torture/pr27743.c  -O1  execution test
FAIL: gcc.dg/torture/pr27743.c  -O2  (test for excess errors)
FAIL: gcc.dg/torture/pr27743.c  -O2  execution test
FAIL: gcc.dg/torture/pr27743.c  -O3 -fomit-frame-pointer  (test for excess errors)
FAIL: gcc.dg/torture/pr27743.c  -O3 -fomit-frame-pointer  execution test
FAIL: gcc.dg/torture/pr27743.c  -O3 -g  (test for excess errors)
FAIL: gcc.dg/torture/pr27743.c  -O3 -g  execution test
FAIL: gcc.dg/torture/pr27743.c  -Os  (test for excess errors)
FAIL: gcc.dg/torture/pr27743.c  -Os  execution test
FAIL: gcc.dg/torture/pr28045.c  -O1  (internal compiler error)
FAIL: gcc.dg/torture/pr28045.c  -O1  (test for excess errors)
WARNING: gcc.dg/torture/pr28045.c  -O1  compilation failed to produce executable
FAIL: gcc.dg/torture/pr28045.c  -O2  (internal compiler error)
FAIL: gcc.dg/torture/pr28045.c  -O2  (test for excess errors)
WARNING: gcc.dg/torture/pr28045.c  -O2  compilation failed to produce executable
FAIL: gcc.dg/torture/pr28045.c  -Os  (internal compiler error)
FAIL: gcc.dg/torture/pr28045.c  -Os  (test for excess errors)
WARNING: gcc.dg/torture/pr28045.c  -Os  compilation failed to produce executable
FAIL: gcc.dg/torture/pr28814.c  -O0  (test for excess errors)
FAIL: gcc.dg/torture/pr28814.c  -O1  (test for excess errors)
FAIL: gcc.dg/torture/pr28814.c  -O2  (test for excess errors)
FAIL: gcc.dg/torture/pr28814.c  -O3 -fomit-frame-pointer  (test for excess errors)
FAIL: gcc.dg/torture/pr28814.c  -O3 -g  (test for excess errors)
FAIL: gcc.dg/torture/pr28814.c  -Os  (test for excess errors)
FAIL: gcc.dg/torture/pr29584.c  -O0  (test for excess errors)
FAIL: gcc.dg/torture/pr29584.c  -O1  (test for excess errors)
FAIL: gcc.dg/torture/pr29584.c  -O2  (test for excess errors)
FAIL: gcc.dg/torture/pr29584.c  -O3 -fomit-frame-pointer  (test for excess errors)
FAIL: gcc.dg/torture/pr29584.c  -O3 -fomit-frame-pointer -funroll-loops  (test for excess errors)
FAIL: gcc.dg/torture/pr29584.c  -O3 -fomit-frame-pointer -funroll-all-loops -finline-functions  (test for excess errors)
FAIL: gcc.dg/torture/pr29584.c  -O3 -g  (test for excess errors)
FAIL: gcc.dg/torture/pr29584.c  -Os  (test for excess errors)
FAIL: gcc.dg/torture/pr30313.c  -O0  (test for excess errors)
FAIL: gcc.dg/torture/pr30313.c  -O1  (test for excess errors)
FAIL: gcc.dg/torture/pr30313.c  -O2  (test for excess errors)
FAIL: gcc.dg/torture/pr30313.c  -O3 -fomit-frame-pointer  (test for excess errors)
FAIL: gcc.dg/torture/pr30313.c  -O3 -g  (test for excess errors)
FAIL: gcc.dg/torture/pr30313.c  -Os  (test for excess errors)
XPASS: gcc.dg/tree-ssa/20040204-1.c scan-tree-dump-times link_error 0
FAIL: gcc.dg/tree-ssa/foldaddr-1.c (test for excess errors)
FAIL: gcc.dg/tree-ssa/gen-vect-11.c scan-tree-dump-times vectorized 1 loops 1
FAIL: gcc.dg/tree-ssa/gen-vect-11a.c scan-tree-dump-times vectorized 1 loops 1
FAIL: gcc.dg/tree-ssa/gen-vect-2.c scan-tree-dump-times vectorized 1 loops 1
FAIL: gcc.dg/tree-ssa/gen-vect-25.c scan-tree-dump-times vectorized 2 loops 1
FAIL: gcc.dg/tree-ssa/gen-vect-28.c execution test
FAIL: gcc.dg/tree-ssa/ifc-20040816-2.c (test for excess errors)
FAIL: gcc.dg/tree-ssa/ifc-20040816-2.c scan-tree-dump-times Applying if-conversion 1
FAIL: gcc.dg/tree-ssa/loadpre1.c scan-tree-dump-times Eliminated: 1 1
FAIL: gcc.dg/tree-ssa/loadpre14.c scan-tree-dump-times Eliminated: 1 1
FAIL: gcc.dg/tree-ssa/loadpre15.c scan-tree-dump-times Eliminated: 1 1
FAIL: gcc.dg/tree-ssa/loadpre6.c (test for excess errors)
FAIL: gcc.dg/tree-ssa/pr23115.c execution test
FAIL: gcc.dg/tree-ssa/scev-2.c execution test
FAIL: gcc.dg/tree-ssa/vrp29.c (test for excess errors)

		=== gcc Summary ===

# of expected passes		37657
# of unexpected failures	992
# of unexpected successes	1
# of expected failures		83
# of unresolved testcases	79
# of untested testcases		35
# of unsupported tests		1244
/home/mstein/sim/h8300-elf/build/gcc/xgcc  version 4.2.0 20070222 (prerelease)


Compiler version: 4.2.0 20070222 (prerelease) gcc 
Platform: h8300-unknown-elf
configure flags: --target=h8300-elf --prefix=/n/07/mstein/cross-local/h8300-elf --disable-nls --disable-build-warnings --with-ld=/n/07/mstein/cross-local/h8300-elf/bin/h8300-elf-ld --with-as=/n/07/mstein/cross-local/h8300-elf/bin/h8300-elf-as --disable-libssp --enable-languages=c


Index Nav: [Date Index] [Subject Index] [Author Index] [Thread Index]
Message Nav: [Date Prev] [Date Next] [Thread Prev] [Thread Next]