This is the mail archive of the gcc-testresults@gcc.gnu.org mailing list for the GCC project.


Index Nav: [Date Index] [Subject Index] [Author Index] [Thread Index]
Message Nav: [Date Prev] [Date Next] [Thread Prev] [Thread Next]
Other format: [Raw text]

Results for 4.1.3 20070223 (prerelease) testsuite on x86_64-suse-linux-gnu


Bootstrap and regtesting on x86_64-suse-linux-gnu.
SVN sources: mainline.
LAST_UPDATED: Fri Feb 23 23:44:34 UTC 2007 (revision 122276)

Native configuration is x86_64-suse-linux-gnu

		=== gcc tests ===


Running target unix/-m32

		=== gcc Summary for unix/-m32 ===

# of expected passes		39030
# of expected failures		101
# of untested testcases		28
# of unsupported tests		249

Running target unix

		=== gcc Summary for unix ===

# of expected passes		38893
# of expected failures		100
# of untested testcases		28
# of unsupported tests		359

		=== gcc Summary ===

# of expected passes		77923
# of expected failures		201
# of untested testcases		56
# of unsupported tests		608
/abuild-old/aj/gcc/gcc/xgcc  version 4.1.3 20070223 (prerelease)

		=== gfortran tests ===


Running target unix/-m32
XPASS: gfortran.dg/csqrt_2.f  -O0  execution test
XPASS: gfortran.dg/csqrt_2.f  -O1  execution test
XPASS: gfortran.dg/csqrt_2.f  -O2  execution test
XPASS: gfortran.dg/csqrt_2.f  -O3 -fomit-frame-pointer  execution test
XPASS: gfortran.dg/csqrt_2.f  -O3 -fomit-frame-pointer -funroll-loops  execution test
XPASS: gfortran.dg/csqrt_2.f  -O3 -fomit-frame-pointer -funroll-all-loops -finline-functions  execution test
XPASS: gfortran.dg/csqrt_2.f  -O3 -g  execution test
XPASS: gfortran.dg/csqrt_2.f  -Os  execution test

		=== gfortran Summary for unix/-m32 ===

# of expected passes		13642
# of unexpected successes	8
# of expected failures		6
# of unsupported tests		16

Running target unix
XPASS: gfortran.dg/csqrt_2.f  -O0  execution test
XPASS: gfortran.dg/csqrt_2.f  -O1  execution test
XPASS: gfortran.dg/csqrt_2.f  -O2  execution test
XPASS: gfortran.dg/csqrt_2.f  -O3 -fomit-frame-pointer  execution test
XPASS: gfortran.dg/csqrt_2.f  -O3 -fomit-frame-pointer -funroll-loops  execution test
XPASS: gfortran.dg/csqrt_2.f  -O3 -fomit-frame-pointer -funroll-all-loops -finline-functions  execution test
XPASS: gfortran.dg/csqrt_2.f  -O3 -g  execution test
XPASS: gfortran.dg/csqrt_2.f  -Os  execution test
XPASS: gfortran.dg/vect/vect-5.f90  -O  scan-tree-dump-times vectorized 2 loops 1
XPASS: gfortran.dg/vect/vect-5.f90  -O  scan-tree-dump-times Alignment of access forced using peeling 1
XPASS: gfortran.dg/vect/vect-5.f90  -O  scan-tree-dump-times Vectorizing an unaligned access 2

		=== gfortran Summary for unix ===

# of expected passes		13639
# of unexpected successes	11
# of expected failures		6
# of unsupported tests		16

		=== gfortran Summary ===

# of expected passes		27281
# of unexpected successes	19
# of expected failures		12
# of unsupported tests		32
/abuild-old/aj/gcc/gcc/testsuite/gfortran/../../gfortran  version 4.1.3 20070223 (prerelease)

		=== g++ tests ===


Running target unix/-m32
XPASS: g++.dg/tree-ssa/pr14814.C scan-tree-dump-times &this 0
XPASS: g++.old-deja/g++.other/init5.C execution test

		=== g++ Summary for unix/-m32 ===

# of expected passes		12411
# of unexpected successes	2
# of expected failures		66
# of unsupported tests		69

Running target unix
XPASS: g++.dg/tree-ssa/pr14814.C scan-tree-dump-times &this 0
XPASS: g++.old-deja/g++.other/init5.C execution test

		=== g++ Summary for unix ===

# of expected passes		12326
# of unexpected successes	2
# of expected failures		66
# of unsupported tests		98

		=== g++ Summary ===

# of expected passes		24737
# of unexpected successes	4
# of expected failures		132
# of unsupported tests		167
/abuild-old/aj/gcc/gcc/testsuite/g++/../../g++  version 4.1.3 20070223 (prerelease)

		=== objc tests ===


Running target unix/-m32

		=== objc Summary for unix/-m32 ===

# of expected passes		1722
# of unsupported tests		22

Running target unix

		=== objc Summary for unix ===

# of expected passes		1722
# of unsupported tests		22

		=== objc Summary ===

# of expected passes		3444
# of unsupported tests		44
/abuild-old/aj/gcc/gcc/xgcc  version 4.1.3 20070223 (prerelease)

		=== treelang tests ===


Running target unix/-m32

		=== treelang Summary for unix/-m32 ===

# of expected passes		50

Running target unix

		=== treelang Summary for unix ===

# of expected passes		50

		=== treelang Summary ===

# of expected passes		100
		=== libffi tests ===


Running target unix/-m32

		=== libffi Summary for unix/-m32 ===

# of expected passes		228
# of unsupported tests		2

Running target unix

		=== libffi Summary for unix ===

# of expected passes		228
# of unsupported tests		2

		=== libffi Summary ===

# of expected passes		456
# of unsupported tests		4
		=== libjava tests ===


Running target unix/-m32

		=== libjava Summary for unix/-m32 ===

# of expected passes		4060
# of expected failures		10
# of untested testcases		8

Running target unix

		=== libjava Summary for unix ===

# of expected passes		4060
# of expected failures		10
# of untested testcases		8

		=== libjava Summary ===

# of expected passes		8120
# of expected failures		20
# of untested testcases		16
		=== libmudflap tests ===


Running target unix/-m32

		=== libmudflap Summary for unix/-m32 ===

# of expected passes		1799

Running target unix
FAIL: libmudflap.c/fail8-frag.c (-static) output pattern test
FAIL: libmudflap.c/fail9-frag.c (-static) output pattern test

		=== libmudflap Summary for unix ===

# of expected passes		1797
# of unexpected failures	2

		=== libmudflap Summary ===

# of expected passes		3596
# of unexpected failures	2
		=== libstdc++ tests ===


Running target unix/-m32
FAIL: 22_locale/messages/members/char/1.cc execution test
FAIL: 22_locale/messages/members/char/2.cc execution test
FAIL: 22_locale/messages/members/char/wrapped_env.cc execution test
FAIL: 22_locale/messages/members/char/wrapped_locale.cc execution test
FAIL: 22_locale/messages_byname/named_equivalence.cc execution test
XPASS: 26_numerics/cmath/c99_classification_macros_c.cc (test for excess errors)

		=== libstdc++ Summary for unix/-m32 ===

# of expected passes		4015
# of unexpected failures	5
# of unexpected successes	1
# of expected failures		12
# of unsupported tests		13

Running target unix
XPASS: 26_numerics/cmath/c99_classification_macros_c.cc (test for excess errors)
XPASS: 27_io/fpos/14320-1.cc execution test

		=== libstdc++ Summary for unix ===

# of expected passes		4020
# of unexpected successes	2
# of expected failures		11
# of unsupported tests		13

		=== libstdc++ Summary ===

# of expected passes		8035
# of unexpected failures	5
# of unexpected successes	3
# of expected failures		23
# of unsupported tests		26

Compiler version: 4.1.3 20070223 (prerelease) 
Platform: x86_64-suse-linux-gnu
configure flags: --prefix=/opt/gcc/4.1-devel --enable-checking=yes,rtl --enable-threads=posix --enable-clocale=gnu --enable-__cxa_atexit --enable-shared --with-system-zlib x86_64-suse-linux-gnu --enable-languages=c,ada,c++,fortran,java,objc,treelang
Version of binutils: GNU ld version 2.17.50.0.5 20060927 (SUSE Linux)
Version of glibc (/lib/libc.so.6): 2.5 (20061011)
Version of glibc (/lib64/libc.so.6): 2.5 (20061011)


Index Nav: [Date Index] [Subject Index] [Author Index] [Thread Index]
Message Nav: [Date Prev] [Date Next] [Thread Prev] [Thread Next]