This is the mail archive of the gcc-testresults@gcc.gnu.org mailing list for the GCC project.


Index Nav: [Date Index] [Subject Index] [Author Index] [Thread Index]
Message Nav: [Date Prev] [Date Next] [Thread Prev] [Thread Next]
Other format: [Raw text]

Results for 4.3.0 r122195 (dataflow-branch) testsuite on alphaev56-unknown-linux-gnu


LAST_UPDATED: Wed Feb 21 10:44:20 UTC 2007 (revision 122195M)

Native configuration is alphaev56-unknown-linux-gnu

		=== libgomp tests ===


Running target unix
FAIL: libgomp.c/copyin-1.c execution test
FAIL: libgomp.c/copyin-2.c execution test
FAIL: libgomp.c/copyin-3.c execution test
FAIL: libgomp.c++/copyin-1.C  -O0  execution test
FAIL: libgomp.c++/copyin-1.C  -O1  execution test
FAIL: libgomp.c++/copyin-1.C  -O2  execution test
FAIL: libgomp.c++/copyin-1.C  -O3 -fomit-frame-pointer  execution test
FAIL: libgomp.c++/copyin-1.C  -O3 -fomit-frame-pointer -funroll-loops  execution test
FAIL: libgomp.c++/copyin-1.C  -O3 -fomit-frame-pointer -funroll-all-loops -finline-functions  execution test
FAIL: libgomp.c++/copyin-1.C  -O3 -g  execution test
FAIL: libgomp.c++/copyin-1.C  -Os  execution test
FAIL: libgomp.c++/copyin-2.C  -O0  execution test
FAIL: libgomp.c++/copyin-2.C  -O1  execution test
FAIL: libgomp.c++/copyin-2.C  -O2  execution test
FAIL: libgomp.c++/copyin-2.C  -O3 -fomit-frame-pointer  execution test
FAIL: libgomp.c++/copyin-2.C  -O3 -fomit-frame-pointer -funroll-loops  execution test
FAIL: libgomp.c++/copyin-2.C  -O3 -fomit-frame-pointer -funroll-all-loops -finline-functions  execution test
FAIL: libgomp.c++/copyin-2.C  -O3 -g  execution test
FAIL: libgomp.c++/copyin-2.C  -Os  execution test
FAIL: libgomp.fortran/threadprivate2.f90  -O0  execution test
FAIL: libgomp.fortran/threadprivate2.f90  -O1  execution test
FAIL: libgomp.fortran/threadprivate2.f90  -O2  execution test
FAIL: libgomp.fortran/threadprivate2.f90  -O3 -fomit-frame-pointer  execution test
FAIL: libgomp.fortran/threadprivate2.f90  -O3 -fomit-frame-pointer -funroll-loops  execution test
FAIL: libgomp.fortran/threadprivate2.f90  -O3 -fomit-frame-pointer -funroll-all-loops -finline-functions  execution test
FAIL: libgomp.fortran/threadprivate2.f90  -O3 -g  execution test
FAIL: libgomp.fortran/threadprivate2.f90  -Os  execution test
FAIL: libgomp.fortran/threadprivate3.f90  -O0  execution test
FAIL: libgomp.fortran/threadprivate3.f90  -O1  execution test
FAIL: libgomp.fortran/threadprivate3.f90  -O2  execution test
FAIL: libgomp.fortran/threadprivate3.f90  -O3 -fomit-frame-pointer  execution test
FAIL: libgomp.fortran/threadprivate3.f90  -O3 -fomit-frame-pointer -funroll-loops  execution test
FAIL: libgomp.fortran/threadprivate3.f90  -O3 -fomit-frame-pointer -funroll-all-loops -finline-functions  execution test
FAIL: libgomp.fortran/threadprivate3.f90  -O3 -g  execution test
FAIL: libgomp.fortran/threadprivate3.f90  -Os  execution test

		=== libgomp Summary ===

# of expected passes		1531
# of unexpected failures	35
		=== libmudflap tests ===


Running target unix
FAIL: libmudflap.c++/pass41-frag.cxx execution test
FAIL: libmudflap.c++/pass41-frag.cxx (-static) execution test
FAIL: libmudflap.c++/pass41-frag.cxx ( -O) execution test
FAIL: libmudflap.c++/pass41-frag.cxx (-O2) execution test
FAIL: libmudflap.c++/pass41-frag.cxx (-O3) execution test
FAIL: libmudflap.cth/pass40-frag.c output pattern test
FAIL: libmudflap.cth/pass59-frag.c (test for excess errors)
WARNING: program timed out.
FAIL: libmudflap.cth/pass59-frag.c execution test
FAIL: libmudflap.cth/pass59-frag.c output pattern test
FAIL: libmudflap.cth/pass37-frag.c (-static -DSTATIC) output pattern test
FAIL: libmudflap.cth/pass37-frag.c (-static -DSTATIC) (rerun 1) output pattern test
FAIL: libmudflap.cth/pass37-frag.c (-static -DSTATIC) (rerun 2) output pattern test
FAIL: libmudflap.cth/pass37-frag.c (-static -DSTATIC) (rerun 3) output pattern test
FAIL: libmudflap.cth/pass37-frag.c (-static -DSTATIC) (rerun 4) output pattern test
FAIL: libmudflap.cth/pass37-frag.c (-static -DSTATIC) (rerun 5) output pattern test
FAIL: libmudflap.cth/pass37-frag.c (-static -DSTATIC) (rerun 6) output pattern test
FAIL: libmudflap.cth/pass37-frag.c (-static -DSTATIC) (rerun 7) output pattern test
FAIL: libmudflap.cth/pass37-frag.c (-static -DSTATIC) (rerun 8) output pattern test
FAIL: libmudflap.cth/pass37-frag.c (-static -DSTATIC) (rerun 9) output pattern test
FAIL: libmudflap.cth/pass37-frag.c (-static -DSTATIC) (rerun 10) output pattern test
FAIL: libmudflap.cth/pass37-frag.c (-static -DSTATIC) (rerun 11) output pattern test
FAIL: libmudflap.cth/pass37-frag.c (-static -DSTATIC) (rerun 12) output pattern test
FAIL: libmudflap.cth/pass37-frag.c (-static -DSTATIC) (rerun 13) output pattern test
FAIL: libmudflap.cth/pass37-frag.c (-static -DSTATIC) (rerun 14) output pattern test
FAIL: libmudflap.cth/pass37-frag.c (-static -DSTATIC) (rerun 15) output pattern test
FAIL: libmudflap.cth/pass37-frag.c (-static -DSTATIC) (rerun 16) output pattern test
FAIL: libmudflap.cth/pass37-frag.c (-static -DSTATIC) (rerun 17) output pattern test
FAIL: libmudflap.cth/pass37-frag.c (-static -DSTATIC) (rerun 18) output pattern test
FAIL: libmudflap.cth/pass37-frag.c (-static -DSTATIC) (rerun 19) output pattern test
FAIL: libmudflap.cth/pass39-frag.c (-static -DSTATIC) output pattern test
FAIL: libmudflap.cth/pass39-frag.c (-static -DSTATIC) (rerun 1) output pattern test
FAIL: libmudflap.cth/pass39-frag.c (-static -DSTATIC) (rerun 3) output pattern test
FAIL: libmudflap.cth/pass39-frag.c (-static -DSTATIC) (rerun 4) output pattern test
FAIL: libmudflap.cth/pass39-frag.c (-static -DSTATIC) (rerun 5) output pattern test
FAIL: libmudflap.cth/pass39-frag.c (-static -DSTATIC) (rerun 6) output pattern test
FAIL: libmudflap.cth/pass39-frag.c (-static -DSTATIC) (rerun 7) output pattern test
FAIL: libmudflap.cth/pass39-frag.c (-static -DSTATIC) (rerun 8) output pattern test
FAIL: libmudflap.cth/pass39-frag.c (-static -DSTATIC) (rerun 9) output pattern test
FAIL: libmudflap.cth/pass39-frag.c (-static -DSTATIC) (rerun 10) output pattern test
FAIL: libmudflap.cth/pass39-frag.c (-static -DSTATIC) (rerun 11) output pattern test
FAIL: libmudflap.cth/pass39-frag.c (-static -DSTATIC) (rerun 12) output pattern test
FAIL: libmudflap.cth/pass39-frag.c (-static -DSTATIC) (rerun 15) output pattern test
FAIL: libmudflap.cth/pass39-frag.c (-static -DSTATIC) (rerun 19) output pattern test
FAIL: libmudflap.cth/pass40-frag.c (-static -DSTATIC) output pattern test
FAIL: libmudflap.cth/pass59-frag.c (-static -DSTATIC) (test for excess errors)
WARNING: program timed out.
FAIL: libmudflap.cth/pass59-frag.c (-static -DSTATIC) execution test
FAIL: libmudflap.cth/pass59-frag.c (-static -DSTATIC) output pattern test
FAIL: libmudflap.cth/pass40-frag.c (-O2) output pattern test
FAIL: libmudflap.cth/pass59-frag.c (-O2) (test for excess errors)
WARNING: program timed out.
FAIL: libmudflap.cth/pass59-frag.c (-O2) execution test
FAIL: libmudflap.cth/pass59-frag.c (-O2) output pattern test
FAIL: libmudflap.cth/pass40-frag.c (-O3) output pattern test
FAIL: libmudflap.cth/pass59-frag.c (-O3) (test for excess errors)
WARNING: program timed out.
FAIL: libmudflap.cth/pass59-frag.c (-O3) execution test
FAIL: libmudflap.cth/pass59-frag.c (-O3) output pattern test

		=== libmudflap Summary ===

# of expected passes		1771
# of unexpected failures	55
		=== libstdc++ tests ===


Running target unix
FAIL: abi_check
XPASS: 26_numerics/cmath/c99_classification_macros_c.cc (test for excess errors)
XPASS: 27_io/fpos/14320-1.cc execution test

		=== libstdc++ Summary ===

# of expected passes		3849
# of unexpected failures	1
# of unexpected successes	2
# of expected failures		14
# of unsupported tests		316
		=== gcc tests ===


Running target unix
FAIL: gcc.c-torture/execute/920625-1.c execution,  -O1 
FAIL: gcc.c-torture/execute/920625-1.c execution,  -O2 
FAIL: gcc.c-torture/execute/920625-1.c execution,  -O3 -fomit-frame-pointer 
FAIL: gcc.c-torture/execute/920625-1.c execution,  -O3 -fomit-frame-pointer -funroll-loops 
FAIL: gcc.c-torture/execute/920625-1.c execution,  -O3 -fomit-frame-pointer -funroll-all-loops -finline-functions 
FAIL: gcc.c-torture/execute/920625-1.c execution,  -O3 -g 
FAIL: gcc.c-torture/execute/920625-1.c execution,  -Os 
FAIL: gcc.c-torture/execute/920908-1.c execution,  -O1 
FAIL: gcc.c-torture/execute/920908-1.c execution,  -O2 
FAIL: gcc.c-torture/execute/920908-1.c execution,  -O3 -fomit-frame-pointer 
FAIL: gcc.c-torture/execute/920908-1.c execution,  -O3 -g 
FAIL: gcc.c-torture/execute/920908-1.c execution,  -Os 
FAIL: gcc.c-torture/execute/mayalias-2.c compilation,  -O3 -g  (internal compiler error)
UNRESOLVED: gcc.c-torture/execute/mayalias-2.c execution,  -O3 -g 
FAIL: gcc.c-torture/execute/mayalias-3.c compilation,  -O3 -g  (internal compiler error)
UNRESOLVED: gcc.c-torture/execute/mayalias-3.c execution,  -O3 -g 
FAIL: gcc.c-torture/execute/pr29302-1.c execution,  -O0 
FAIL: gcc.c-torture/execute/pr29302-1.c execution,  -O1 
FAIL: gcc.c-torture/execute/pr29302-1.c execution,  -O2 
FAIL: gcc.c-torture/execute/pr29302-1.c execution,  -O3 -fomit-frame-pointer 
FAIL: gcc.c-torture/execute/pr29302-1.c execution,  -O3 -g 
FAIL: gcc.c-torture/execute/pr29302-1.c execution,  -Os 
FAIL: gcc.c-torture/execute/stdarg-1.c execution,  -O3 -fomit-frame-pointer 
FAIL: gcc.c-torture/execute/stdarg-1.c execution,  -O3 -g 
FAIL: gcc.c-torture/execute/stdarg-4.c execution,  -O1 
FAIL: gcc.c-torture/execute/stdarg-4.c execution,  -O2 
FAIL: gcc.c-torture/execute/stdarg-4.c execution,  -O3 -fomit-frame-pointer 
FAIL: gcc.c-torture/execute/stdarg-4.c execution,  -O3 -g 
FAIL: gcc.c-torture/execute/stdarg-4.c execution,  -Os 
FAIL: gcc.dg/builtin-bswap-1.c (internal compiler error)
FAIL: gcc.dg/builtin-bswap-1.c (test for excess errors)
ERROR: gcc.dg/builtin-bswap-1.c: error executing dg-final: couldn't open "builtin-bswap-1.s": no such file or directory
UNRESOLVED: gcc.dg/builtin-bswap-1.c: error executing dg-final: couldn't open "builtin-bswap-1.s": no such file or directory
FAIL: gcc.dg/builtin-bswap-2.c (internal compiler error)
FAIL: gcc.dg/builtin-bswap-2.c (test for excess errors)
UNRESOLVED: gcc.dg/builtin-bswap-2.c compilation failed to produce executable
FAIL: gcc.dg/builtin-bswap-3.c (internal compiler error)
FAIL: gcc.dg/builtin-bswap-3.c (test for excess errors)
UNRESOLVED: gcc.dg/builtin-bswap-3.c compilation failed to produce executable
FAIL: gcc.dg/builtin-bswap-4.c (internal compiler error)
FAIL: gcc.dg/builtin-bswap-4.c (test for excess errors)
UNRESOLVED: gcc.dg/builtin-bswap-4.c compilation failed to produce executable
FAIL: gcc.dg/pr27095.c scan-assembler-not (?n)strlen(.*\\n)+.*strlen
FAIL: gcc.dg/pr28796-2.c execution test
FAIL: gcc.dg/torture/builtin-pow-mpfr-1.c  -O0  scan-tree-dump pow
FAIL: gcc.dg/torture/builtin-pow-mpfr-1.c  -O1  scan-tree-dump pow
FAIL: gcc.dg/torture/builtin-pow-mpfr-1.c  -O2  scan-tree-dump pow
FAIL: gcc.dg/torture/builtin-pow-mpfr-1.c  -O3 -fomit-frame-pointer  scan-tree-dump pow
FAIL: gcc.dg/torture/builtin-pow-mpfr-1.c  -O3 -g  scan-tree-dump pow
FAIL: gcc.dg/torture/builtin-pow-mpfr-1.c  -Os  scan-tree-dump pow
FAIL: gcc.dg/tree-ssa/loadpre1.c scan-tree-dump-times Eliminated: 1 1
FAIL: gcc.dg/tree-ssa/loop-15.c scan-tree-dump-times \\+ 0
FAIL: gcc.dg/tree-ssa/loop-15.c scan-tree-dump-times n \\* n 1
FAIL: gcc.dg/tree-ssa/loop-15.c scan-tree-dump-times if  1
FAIL: gcc.dg/tree-ssa/stdarg-2.c scan-tree-dump f15: va_list escapes 1, needs to save all GPR units and all FPR units
XPASS: gcc.dg/tree-ssa/update-threading.c scan-tree-dump-times Invalid sum 0
FAIL: gcc.dg/vect/pr21591.c scan-tree-dump-times vectorized 2 loops 1
XPASS: gcc.dg/vect/vect-37.c scan-tree-dump-times vectorized 2 loops 1
FAIL: gcc.dg/vect/vect-37.c scan-tree-dump-times can't determine dependence between 2
FAIL: gcc.dg/vect/vect-70.c (internal compiler error)
FAIL: gcc.dg/vect/vect-70.c (test for excess errors)
ERROR: gcc.dg/vect/vect-70.c: error executing dg-final: no files matched glob pattern "vect-70.c.[0-9][0-9][0-9]t.vect"
UNRESOLVED: gcc.dg/vect/vect-70.c: error executing dg-final: no files matched glob pattern "vect-70.c.[0-9][0-9][0-9]t.vect"
FAIL: gcc.dg/vect/vect-iv-1.c scan-tree-dump-times vectorized 1 loops 1
FAIL: gcc.dg/vect/vect-iv-2.c scan-tree-dump-times vectorized 1 loops 1
FAIL: gcc.dg/vect/vect-iv-3.c scan-tree-dump-times vectorized 1 loops 1
FAIL: gcc.dg/vect/vect-iv-4.c scan-tree-dump-times vectorized 1 loops 1
FAIL: gcc.dg/vect/vect-iv-6.c scan-tree-dump-times vectorized 1 loops 1
FAIL: gcc.dg/vect/vect-iv-9.c scan-tree-dump-times vectorized 1 loops 2
FAIL: gcc.dg/vect/vect-multitypes-1.c scan-tree-dump-times vectorized 1 loops 2
FAIL: gcc.dg/vect/vect-multitypes-1.c scan-tree-dump-times Alignment of access forced using peeling 2
FAIL: gcc.dg/vect/vect-multitypes-1.c scan-tree-dump-times Vectorizing an unaligned access 4
FAIL: gcc.dg/vect/vect-multitypes-4.c scan-tree-dump-times vectorized 1 loops 2
FAIL: gcc.dg/vect/vect-multitypes-4.c scan-tree-dump-times Alignment of access forced using peeling 2
FAIL: gcc.dg/vect/vect-multitypes-4.c scan-tree-dump-times Vectorizing an unaligned access 8
FAIL: gcc.dg/vect/vect-reduc-dot-u16b.c scan-tree-dump-times vectorized 1 loops 1
FAIL: gcc.dg/vect/vect-widen-mult-u16.c scan-tree-dump-times vectorized 1 loops 1
FAIL: gcc.dg/vect/no-section-anchors-vect-69.c scan-tree-dump-times Alignment of access forced using peeling 3
FAIL: gcc.dg/vect/no-tree-scev-cprop-vect-iv-1.c scan-tree-dump-times vectorized 1 loops 1

		=== gcc Summary ===

# of expected passes		41880
# of unexpected failures	68
# of unexpected successes	2
# of expected failures		111
# of unresolved testcases	7
# of untested testcases		28
# of unsupported tests		456
/s/src/b-gcc-dataflow-122195/gcc/xgcc  version 4.3.0 r122195 (dataflow-branch)

		=== gfortran tests ===


Running target unix
FAIL: gfortran.dg/c_by_val_1.f  -O0  execution test
FAIL: gfortran.dg/c_by_val_1.f  -O1  execution test
FAIL: gfortran.dg/c_by_val_1.f  -O2  execution test
FAIL: gfortran.dg/c_by_val_1.f  -O3 -fomit-frame-pointer  execution test
FAIL: gfortran.dg/c_by_val_1.f  -O3 -fomit-frame-pointer -funroll-loops  execution test
FAIL: gfortran.dg/c_by_val_1.f  -O3 -fomit-frame-pointer -funroll-all-loops -finline-functions  execution test
FAIL: gfortran.dg/c_by_val_1.f  -O3 -g  execution test
FAIL: gfortran.dg/c_by_val_1.f  -Os  execution test
FAIL: gfortran.dg/nearest_1.f90  -O0  execution test
FAIL: gfortran.dg/nearest_1.f90  -O1  execution test
FAIL: gfortran.dg/nearest_1.f90  -O2  execution test
FAIL: gfortran.dg/nearest_1.f90  -O3 -fomit-frame-pointer  execution test
FAIL: gfortran.dg/nearest_1.f90  -O3 -fomit-frame-pointer -funroll-loops  execution test
FAIL: gfortran.dg/nearest_1.f90  -O3 -fomit-frame-pointer -funroll-all-loops -finline-functions  execution test
FAIL: gfortran.dg/nearest_1.f90  -O3 -g  execution test
FAIL: gfortran.dg/nearest_1.f90  -Os  execution test
FAIL: gfortran.dg/value_4.f90  -O0  execution test
FAIL: gfortran.dg/value_4.f90  -O1  execution test
FAIL: gfortran.dg/value_4.f90  -O2  execution test
FAIL: gfortran.dg/value_4.f90  -O3 -fomit-frame-pointer  execution test
FAIL: gfortran.dg/value_4.f90  -O3 -fomit-frame-pointer -funroll-loops  execution test
FAIL: gfortran.dg/value_4.f90  -O3 -fomit-frame-pointer -funroll-all-loops -finline-functions  execution test
FAIL: gfortran.dg/value_4.f90  -O3 -g  execution test
FAIL: gfortran.dg/value_4.f90  -Os  execution test
FAIL: gfortran.fortran-torture/execute/intrinsic_len.f90 execution,  -O3 -fomit-frame-pointer -funroll-loops 
FAIL: gfortran.fortran-torture/execute/intrinsic_len.f90 execution,  -O3 -fomit-frame-pointer -funroll-all-loops -finline-functions 

		=== gfortran Summary ===

# of expected passes		16148
# of unexpected failures	26
# of expected failures		6
# of unsupported tests		81
/s/src/b-gcc-dataflow-122195/gcc/testsuite/gfortran/../../gfortran  version 4.3.0 r122195 (dataflow-branch)

		=== g++ tests ===


Running target unix
FAIL: g++.dg/other/unused1.C scan-assembler (string|ascii?)z?\\t"class2("|\\\\\\\\000)
FAIL: g++.dg/other/unused1.C scan-assembler (string|ascii?)z?\\t"printer("|\\\\\\\\000)

		=== g++ Summary ===

# of expected passes		13903
# of unexpected failures	2
# of expected failures		80
# of unsupported tests		121
/s/src/b-gcc-dataflow-122195/gcc/testsuite/g++/../../g++  version 4.3.0 r122195 (dataflow-branch)


Compiler version: 4.3.0 r122195 (dataflow-branch) 
Platform: alphaev56-unknown-linux-gnu
configure flags: --prefix=/s/gcc-dataflow-122195 --enable-languages=c,c++,fortran --enable-_cxa_atexit --disable-nls --with-cpu=ev56 --with-tune=ev56


Index Nav: [Date Index] [Subject Index] [Author Index] [Thread Index]
Message Nav: [Date Prev] [Date Next] [Thread Prev] [Thread Next]