This is the mail archive of the gcc-testresults@gcc.gnu.org mailing list for the GCC project.


Index Nav: [Date Index] [Subject Index] [Author Index] [Thread Index]
Message Nav: [Date Prev] [Date Next] [Thread Prev] [Thread Next]
Other format: [Raw text]

Results for 4.3.0 20070221 (experimental) testsuite on sparc-sun-solaris2.8


OS: Solaris 8 (or 2.8, or SunOS 5.8, you pick)
System: 4-way 400 MHz SUNW,UltraSPARC-II, 4GB RAM, 6.4GB swap
GNU as and GNU ld used (version 2.17)
gcc 3.2.2 used for bootstrapping
GMP version 4.2.1
MPFR version 2.2.1



Only C, C++, ObjC, and Fortran are tested (no Java).
LAST_UPDATED: Thu Feb 22 08:35:48 UTC 2007 (revision 122221)

Native configuration is sparc-sun-solaris2.8

		=== g++ tests ===


Running target unix
FAIL: g++.dg/compat/eh/unexpected1 cp_compat_x_tst.o-cp_compat_y_tst.o execute 
FAIL: g++.dg/eh/unexpected1.C execution test
XPASS: g++.dg/other/ucnid-1.C (test for excess errors)
FAIL: g++.dg/gomp/pr29965-2.C (internal compiler error)
FAIL: g++.dg/gomp/pr29965-2.C (test for excess errors)
XPASS: g++.dg/special/conpr-2.C execution test
XPASS: g++.dg/special/initp1.C execution test
FAIL: g++.old-deja/g++.eh/spec2.C execution test
FAIL: g++.old-deja/g++.mike/eh33.C execution test
FAIL: g++.old-deja/g++.mike/eh50.C execution test
FAIL: g++.old-deja/g++.mike/eh51.C execution test
XPASS: g++.old-deja/g++.other/init18.C execution test
XPASS: g++.old-deja/g++.other/init19.C execution test

		=== g++ Summary for unix ===

# of expected passes		13843
# of unexpected failures	8
# of unexpected successes	5
# of expected failures		82
# of unsupported tests		139

Running target unix/-m64
FAIL: g++.dg/compat/eh/unexpected1 cp_compat_x_tst.o-cp_compat_y_tst.o execute 
FAIL: g++.dg/eh/unexpected1.C execution test
XPASS: g++.dg/other/ucnid-1.C (test for excess errors)
FAIL: g++.dg/gomp/pr29965-2.C (internal compiler error)
FAIL: g++.dg/gomp/pr29965-2.C (test for excess errors)
XPASS: g++.dg/special/conpr-2.C execution test
XPASS: g++.dg/special/initp1.C execution test
FAIL: g++.old-deja/g++.eh/spec2.C execution test
FAIL: g++.old-deja/g++.mike/eh33.C execution test
FAIL: g++.old-deja/g++.mike/eh50.C execution test
FAIL: g++.old-deja/g++.mike/eh51.C execution test
XPASS: g++.old-deja/g++.other/init18.C execution test
XPASS: g++.old-deja/g++.other/init19.C execution test

		=== g++ Summary for unix/-m64 ===

# of expected passes		13811
# of unexpected failures	8
# of unexpected successes	5
# of expected failures		82
# of unsupported tests		141

		=== g++ Summary ===

# of expected passes		27654
# of unexpected failures	16
# of unexpected successes	10
# of expected failures		164
# of unsupported tests		280
/tmp/jbuck/gcc/sol2.tmp/gcc/testsuite/g++/../../g++  version 4.3.0 20070221 (experimental)

		=== gcc tests ===


Running target unix
WARNING: program timed out.
FAIL: gcc.c-torture/compile/20001226-1.c  -O2  (test for excess errors)
WARNING: program timed out.
FAIL: gcc.c-torture/compile/20001226-1.c  -O3 -fomit-frame-pointer  (test for excess errors)
WARNING: program timed out.
FAIL: gcc.c-torture/compile/20001226-1.c  -O3 -g  (test for excess errors)
WARNING: program timed out.
FAIL: gcc.c-torture/compile/20001226-1.c  -Os  (test for excess errors)
FAIL: gcc.c-torture/execute/mayalias-2.c compilation,  -O3 -g  (internal compiler error)
UNRESOLVED: gcc.c-torture/execute/mayalias-2.c execution,  -O3 -g 
FAIL: gcc.c-torture/execute/mayalias-3.c compilation,  -O3 -g  (internal compiler error)
UNRESOLVED: gcc.c-torture/execute/mayalias-3.c execution,  -O3 -g 
FAIL: gcc.dg/builtins-20.c (test for excess errors)
FAIL: gcc.dg/builtins-59.c scan-tree-dump __builtin_cexpi
FAIL: gcc.dg/builtins-59.c scan-tree-dump-not sincos
FAIL: gcc.dg/builtins-61.c scan-tree-dump cexpi
FAIL: gcc.dg/builtins-61.c scan-tree-dump sin
FAIL: gcc.dg/builtins-61.c scan-tree-dump cos
FAIL: gcc.dg/builtins-61.c scan-tree-dump return 0.0
FAIL: gcc.dg/builtins-62.c scan-tree-dump-times cexpi 3
FAIL: gcc.dg/pthread-init-1.c (test for excess errors)
FAIL: gcc.dg/pthread-init-2.c (test for excess errors)
XPASS: gcc.dg/ucnid-2.c (test for excess errors)
XPASS: gcc.dg/ucnid-3.c (test for excess errors)
XPASS: gcc.dg/ucnid-4.c (test for excess errors)
FAIL: gcc.dg/gomp/pr29965-2.c (internal compiler error)
FAIL: gcc.dg/gomp/pr29965-2.c (test for excess errors)
FAIL: gcc.dg/tree-ssa/loadpre1.c scan-tree-dump-times Eliminated: 1 1
XPASS: gcc.dg/tree-ssa/update-threading.c scan-tree-dump-times Invalid sum 0
FAIL: gcc.dg/vect/pr30771.c scan-tree-dump-times vectorized 1 loops 1
FAIL: gcc.dg/vect/vect-iv-4.c scan-tree-dump-times vectorized 1 loops 1
FAIL: gcc.dg/vect/vect-iv-9.c scan-tree-dump-times vectorized 1 loops 2
FAIL: gcc.dg/vect/vect-multitypes-5.c scan-tree-dump-times vectorized 1 loops 1
FAIL: gcc.dg/vect/vect-multitypes-6.c scan-tree-dump-times vectorized 1 loops 1
FAIL: gcc.dg/vect/vect-reduc-dot-u16b.c scan-tree-dump-times vectorized 1 loops 1
FAIL: gcc.dg/vect/vect-widen-mult-u16.c scan-tree-dump-times vectorized 1 loops 1
FAIL: gcc.dg/vect/no-section-anchors-vect-69.c scan-tree-dump-times Alignment of access forced using peeling 3
FAIL: gcc.target/sparc/align.c (test for excess errors)
ERROR: gcc.target/sparc/align.c: error executing dg-final: couldn't open "align.s": no such file or directory
UNRESOLVED: gcc.target/sparc/align.c: error executing dg-final: couldn't open "align.s": no such file or directory
FAIL: gcc.target/sparc/combined-2.c (test for excess errors)
ERROR: gcc.target/sparc/combined-2.c: error executing dg-final: couldn't open "combined-2.s": no such file or directory
UNRESOLVED: gcc.target/sparc/combined-2.c: error executing dg-final: couldn't open "combined-2.s": no such file or directory
FAIL: gcc.target/sparc/fexpand.c (test for excess errors)
ERROR: gcc.target/sparc/fexpand.c: error executing dg-final: couldn't open "fexpand.s": no such file or directory
UNRESOLVED: gcc.target/sparc/fexpand.c: error executing dg-final: couldn't open "fexpand.s": no such file or directory
FAIL: gcc.target/sparc/fnot.c (test for excess errors)
ERROR: gcc.target/sparc/fnot.c: error executing dg-final: couldn't open "fnot.s": no such file or directory
UNRESOLVED: gcc.target/sparc/fnot.c: error executing dg-final: couldn't open "fnot.s": no such file or directory
FAIL: gcc.target/sparc/fpack16.c (test for excess errors)
ERROR: gcc.target/sparc/fpack16.c: error executing dg-final: couldn't open "fpack16.s": no such file or directory
UNRESOLVED: gcc.target/sparc/fpack16.c: error executing dg-final: couldn't open "fpack16.s": no such file or directory
FAIL: gcc.target/sparc/fpmerge.c (test for excess errors)
ERROR: gcc.target/sparc/fpmerge.c: error executing dg-final: couldn't open "fpmerge.s": no such file or directory
UNRESOLVED: gcc.target/sparc/fpmerge.c: error executing dg-final: couldn't open "fpmerge.s": no such file or directory
FAIL: gcc.target/sparc/fpmul.c (test for excess errors)
ERROR: gcc.target/sparc/fpmul.c: error executing dg-final: couldn't open "fpmul.s": no such file or directory
UNRESOLVED: gcc.target/sparc/fpmul.c: error executing dg-final: couldn't open "fpmul.s": no such file or directory
FAIL: gcc.target/sparc/noresult.c (internal compiler error)
FAIL: gcc.target/sparc/noresult.c (test for excess errors)
ERROR: gcc.target/sparc/noresult.c: error executing dg-final: couldn't open "noresult.s": no such file or directory
UNRESOLVED: gcc.target/sparc/noresult.c: error executing dg-final: couldn't open "noresult.s": no such file or directory
FAIL: gcc.target/sparc/pdist.c (test for excess errors)
ERROR: gcc.target/sparc/pdist.c: error executing dg-final: couldn't open "pdist.s": no such file or directory
UNRESOLVED: gcc.target/sparc/pdist.c: error executing dg-final: couldn't open "pdist.s": no such file or directory

		=== gcc Summary for unix ===

# of expected passes		42105
# of unexpected failures	37
# of unexpected successes	4
# of expected failures		129
# of unresolved testcases	11
# of untested testcases		28
# of unsupported tests		479

Running target unix/-m64
WARNING: program timed out.
FAIL: gcc.c-torture/compile/20001226-1.c  -O2  (test for excess errors)
WARNING: program timed out.
FAIL: gcc.c-torture/compile/20001226-1.c  -O3 -fomit-frame-pointer  (test for excess errors)
WARNING: program timed out.
FAIL: gcc.c-torture/compile/20001226-1.c  -O3 -g  (test for excess errors)
WARNING: program timed out.
FAIL: gcc.c-torture/compile/20001226-1.c  -Os  (test for excess errors)
FAIL: gcc.c-torture/execute/builtins/mempcpy-chk.c compilation,  -O3 -g 
UNRESOLVED: gcc.c-torture/execute/builtins/mempcpy-chk.c execution,  -O3 -g 
FAIL: gcc.c-torture/execute/mayalias-2.c compilation,  -O3 -g  (internal compiler error)
UNRESOLVED: gcc.c-torture/execute/mayalias-2.c execution,  -O3 -g 
FAIL: gcc.c-torture/execute/mayalias-3.c compilation,  -O3 -g  (internal compiler error)
UNRESOLVED: gcc.c-torture/execute/mayalias-3.c execution,  -O3 -g 
FAIL: gcc.dg/builtins-20.c (test for excess errors)
FAIL: gcc.dg/builtins-59.c scan-tree-dump __builtin_cexpi
FAIL: gcc.dg/builtins-59.c scan-tree-dump-not sincos
FAIL: gcc.dg/builtins-61.c scan-tree-dump cexpi
FAIL: gcc.dg/builtins-61.c scan-tree-dump sin
FAIL: gcc.dg/builtins-61.c scan-tree-dump cos
FAIL: gcc.dg/builtins-61.c scan-tree-dump return 0.0
FAIL: gcc.dg/builtins-62.c scan-tree-dump-times cexpi 3
WARNING: program timed out.
FAIL: gcc.dg/c99-intconst-1.c (test for excess errors)
FAIL: gcc.dg/pthread-init-1.c (test for excess errors)
FAIL: gcc.dg/pthread-init-2.c (test for excess errors)
XPASS: gcc.dg/ucnid-2.c (test for excess errors)
XPASS: gcc.dg/ucnid-3.c (test for excess errors)
XPASS: gcc.dg/ucnid-4.c (test for excess errors)
FAIL: gcc.dg/gomp/pr29965-2.c (internal compiler error)
FAIL: gcc.dg/gomp/pr29965-2.c (test for excess errors)
FAIL: gcc.dg/special/gcsec-1.c (test for excess errors)
WARNING: gcc.dg/special/gcsec-1.c compilation failed to produce executable
FAIL: gcc.dg/tree-ssa/loadpre1.c scan-tree-dump-times Eliminated: 1 1
XPASS: gcc.dg/tree-ssa/update-threading.c scan-tree-dump-times Invalid sum 0
FAIL: gcc.dg/vect/pr30771.c scan-tree-dump-times vectorized 1 loops 1
FAIL: gcc.dg/vect/vect-iv-4.c scan-tree-dump-times vectorized 1 loops 1
FAIL: gcc.dg/vect/vect-iv-9.c scan-tree-dump-times vectorized 1 loops 2
FAIL: gcc.dg/vect/vect-reduc-dot-u16b.c scan-tree-dump-times vectorized 1 loops 1
FAIL: gcc.dg/vect/vect-widen-mult-u16.c scan-tree-dump-times vectorized 1 loops 1
FAIL: gcc.dg/vect/no-section-anchors-vect-69.c scan-tree-dump-times Alignment of access forced using peeling 3
FAIL: gcc.target/sparc/align.c (test for excess errors)
ERROR: gcc.target/sparc/align.c: error executing dg-final: couldn't open "align.s": no such file or directory
UNRESOLVED: gcc.target/sparc/align.c: error executing dg-final: couldn't open "align.s": no such file or directory
FAIL: gcc.target/sparc/combined-2.c (test for excess errors)
ERROR: gcc.target/sparc/combined-2.c: error executing dg-final: couldn't open "combined-2.s": no such file or directory
UNRESOLVED: gcc.target/sparc/combined-2.c: error executing dg-final: couldn't open "combined-2.s": no such file or directory
FAIL: gcc.target/sparc/fexpand.c (test for excess errors)
ERROR: gcc.target/sparc/fexpand.c: error executing dg-final: couldn't open "fexpand.s": no such file or directory
UNRESOLVED: gcc.target/sparc/fexpand.c: error executing dg-final: couldn't open "fexpand.s": no such file or directory
FAIL: gcc.target/sparc/fpack16.c (test for excess errors)
ERROR: gcc.target/sparc/fpack16.c: error executing dg-final: couldn't open "fpack16.s": no such file or directory
UNRESOLVED: gcc.target/sparc/fpack16.c: error executing dg-final: couldn't open "fpack16.s": no such file or directory
FAIL: gcc.target/sparc/fpmerge.c (test for excess errors)
ERROR: gcc.target/sparc/fpmerge.c: error executing dg-final: couldn't open "fpmerge.s": no such file or directory
UNRESOLVED: gcc.target/sparc/fpmerge.c: error executing dg-final: couldn't open "fpmerge.s": no such file or directory
FAIL: gcc.target/sparc/fpmul.c (test for excess errors)
ERROR: gcc.target/sparc/fpmul.c: error executing dg-final: couldn't open "fpmul.s": no such file or directory
UNRESOLVED: gcc.target/sparc/fpmul.c: error executing dg-final: couldn't open "fpmul.s": no such file or directory
FAIL: gcc.target/sparc/noresult.c (internal compiler error)
FAIL: gcc.target/sparc/noresult.c (test for excess errors)
ERROR: gcc.target/sparc/noresult.c: error executing dg-final: couldn't open "noresult.s": no such file or directory
UNRESOLVED: gcc.target/sparc/noresult.c: error executing dg-final: couldn't open "noresult.s": no such file or directory
FAIL: gcc.target/sparc/pdist.c (test for excess errors)
ERROR: gcc.target/sparc/pdist.c: error executing dg-final: couldn't open "pdist.s": no such file or directory
UNRESOLVED: gcc.target/sparc/pdist.c: error executing dg-final: couldn't open "pdist.s": no such file or directory

		=== gcc Summary for unix/-m64 ===

# of expected passes		42095
# of unexpected failures	37
# of unexpected successes	4
# of expected failures		129
# of unresolved testcases	11
# of untested testcases		28
# of unsupported tests		482

		=== gcc Summary ===

# of expected passes		84200
# of unexpected failures	74
# of unexpected successes	8
# of expected failures		258
# of unresolved testcases	22
# of untested testcases		56
# of unsupported tests		961
/tmp/jbuck/gcc/sol2.tmp/gcc/xgcc  version 4.3.0 20070221 (experimental)

		=== gfortran tests ===


Running target unix
FAIL: gfortran.dg/open_errors.f90  -O0  execution test
FAIL: gfortran.dg/open_errors.f90  -O1  execution test
FAIL: gfortran.dg/open_errors.f90  -O2  execution test
FAIL: gfortran.dg/open_errors.f90  -O3 -fomit-frame-pointer  execution test
FAIL: gfortran.dg/open_errors.f90  -O3 -fomit-frame-pointer -funroll-loops  execution test
FAIL: gfortran.dg/open_errors.f90  -O3 -fomit-frame-pointer -funroll-all-loops -finline-functions  execution test
FAIL: gfortran.dg/open_errors.f90  -O3 -g  execution test
FAIL: gfortran.dg/open_errors.f90  -Os  execution test
FAIL: gfortran.dg/vect/vect-5.f90  -O  scan-tree-dump-times Alignment of access forced using versioning. 3

		=== gfortran Summary for unix ===

# of expected passes		16221
# of unexpected failures	9
# of expected failures		8
# of unsupported tests		111

Running target unix/-m64
FAIL: gfortran.dg/open_errors.f90  -O0  execution test
FAIL: gfortran.dg/open_errors.f90  -O1  execution test
FAIL: gfortran.dg/open_errors.f90  -O2  execution test
FAIL: gfortran.dg/open_errors.f90  -O3 -fomit-frame-pointer  execution test
FAIL: gfortran.dg/open_errors.f90  -O3 -fomit-frame-pointer -funroll-loops  execution test
FAIL: gfortran.dg/open_errors.f90  -O3 -fomit-frame-pointer -funroll-all-loops -finline-functions  execution test
FAIL: gfortran.dg/open_errors.f90  -O3 -g  execution test
FAIL: gfortran.dg/open_errors.f90  -Os  execution test
FAIL: gfortran.dg/secnds-1.f  -O1  execution test
FAIL: gfortran.dg/gomp/omp_parse1.f90  -O  (test for excess errors)
ERROR: gfortran.dg/gomp/omp_parse1.f90  -O : error executing dg-final: no files matched glob pattern "omp_parse1.f90.[0-9][0-9][0-9]t.omplower"
UNRESOLVED: gfortran.dg/gomp/omp_parse1.f90  -O : error executing dg-final: no files matched glob pattern "omp_parse1.f90.[0-9][0-9][0-9]t.omplower"

		=== gfortran Summary for unix/-m64 ===

# of expected passes		16238
# of unexpected failures	10
# of expected failures		8
# of unresolved testcases	1
# of unsupported tests		103

		=== gfortran Summary ===

# of expected passes		32459
# of unexpected failures	19
# of expected failures		16
# of unresolved testcases	1
# of unsupported tests		214
/tmp/jbuck/gcc/sol2.tmp/gcc/testsuite/gfortran/../../gfortran  version 4.3.0 20070221 (experimental)

		=== objc tests ===


Running target unix

		=== objc Summary for unix ===

# of expected passes		1796
# of expected failures		7
# of unsupported tests		24

Running target unix/-m64

		=== objc Summary for unix/-m64 ===

# of expected passes		1796
# of expected failures		7
# of unsupported tests		24

		=== objc Summary ===

# of expected passes		3592
# of expected failures		14
# of unsupported tests		48
/tmp/jbuck/gcc/sol2.tmp/gcc/xgcc  version 4.3.0 20070221 (experimental)

		=== libgomp tests ===


Running target unix
FAIL: libgomp.c++/ctor-8.C  -O0  execution test
FAIL: libgomp.c++/ctor-8.C  -O1  execution test
FAIL: libgomp.c++/ctor-8.C  -O2  execution test
FAIL: libgomp.c++/ctor-8.C  -O3 -fomit-frame-pointer  execution test
FAIL: libgomp.c++/ctor-8.C  -O3 -fomit-frame-pointer -funroll-loops  execution test
FAIL: libgomp.c++/ctor-8.C  -O3 -fomit-frame-pointer -funroll-all-loops -finline-functions  execution test
FAIL: libgomp.c++/ctor-8.C  -O3 -g  execution test
FAIL: libgomp.c++/ctor-8.C  -Os  execution test
FAIL: libgomp.c++/ctor-9.C  -O1  execution test
FAIL: libgomp.c++/ctor-9.C  -O2  execution test
FAIL: libgomp.c++/ctor-9.C  -O3 -fomit-frame-pointer -funroll-loops  execution test
FAIL: libgomp.fortran/threadprivate1.f90  -O0  execution test
FAIL: libgomp.fortran/threadprivate1.f90  -O1  execution test
FAIL: libgomp.fortran/threadprivate1.f90  -O2  execution test
FAIL: libgomp.fortran/threadprivate1.f90  -O3 -fomit-frame-pointer -funroll-loops  execution test
FAIL: libgomp.fortran/threadprivate1.f90  -O3 -fomit-frame-pointer -funroll-all-loops -finline-functions  execution test
FAIL: libgomp.fortran/threadprivate1.f90  -O3 -g  execution test
FAIL: libgomp.fortran/threadprivate2.f90  -O0  execution test
FAIL: libgomp.fortran/threadprivate2.f90  -O3 -fomit-frame-pointer -funroll-all-loops -finline-functions  execution test
FAIL: libgomp.fortran/threadprivate3.f90  -O2  execution test
FAIL: libgomp.fortran/threadprivate3.f90  -O3 -fomit-frame-pointer  execution test
FAIL: libgomp.fortran/threadprivate3.f90  -O3 -fomit-frame-pointer -funroll-loops  execution test
FAIL: libgomp.fortran/threadprivate3.f90  -O3 -g  execution test

		=== libgomp Summary for unix ===

# of expected passes		1527
# of unexpected failures	23
# of unsupported tests		9

Running target unix/-m64
FAIL: libgomp.c++/ctor-8.C  -O2  execution test
FAIL: libgomp.c++/ctor-8.C  -O3 -fomit-frame-pointer -funroll-all-loops -finline-functions  execution test
FAIL: libgomp.c++/ctor-8.C  -Os  execution test
FAIL: libgomp.c++/ctor-9.C  -O2  execution test
FAIL: libgomp.c++/ctor-9.C  -O3 -g  execution test
FAIL: libgomp.c++/ctor-9.C  -Os  execution test
FAIL: libgomp.fortran/threadprivate3.f90  -O1  execution test
FAIL: libgomp.fortran/threadprivate3.f90  -O2  execution test
FAIL: libgomp.fortran/threadprivate3.f90  -O3 -fomit-frame-pointer -funroll-loops  execution test
FAIL: libgomp.fortran/threadprivate3.f90  -O3 -fomit-frame-pointer -funroll-all-loops -finline-functions  execution test
FAIL: libgomp.fortran/threadprivate3.f90  -O3 -g  execution test

		=== libgomp Summary for unix/-m64 ===

# of expected passes		1539
# of unexpected failures	11
# of unsupported tests		9

		=== libgomp Summary ===

# of expected passes		3066
# of unexpected failures	34
# of unsupported tests		18
		=== libstdc++ tests ===


Running target unix
FAIL: 27_io/ios_base/storage/2.cc execution test
FAIL: abi/demangle/regression/7986-04.cc (test for excess errors)
WARNING: abi/demangle/regression/7986-04.cc compilation failed to produce executable
FAIL: ext/pb_ds/regression/list_update_data_map_rand.cc (test for excess errors)
WARNING: ext/pb_ds/regression/list_update_data_map_rand.cc compilation failed to produce executable

		=== libstdc++ Summary for unix ===

# of expected passes		3960
# of unexpected failures	3
# of expected failures		20
# of unsupported tests		322

Running target unix/-m64
FAIL: 27_io/ios_base/storage/2.cc execution test
FAIL: ext/pb_ds/regression/list_update_data_map_rand.cc (test for excess errors)
WARNING: ext/pb_ds/regression/list_update_data_map_rand.cc compilation failed to produce executable
FAIL: ext/pb_ds/regression/list_update_no_data_map_rand.cc (test for excess errors)
WARNING: ext/pb_ds/regression/list_update_no_data_map_rand.cc compilation failed to produce executable

		=== libstdc++ Summary for unix/-m64 ===

# of expected passes		3944
# of unexpected failures	3
# of expected failures		20
# of unsupported tests		330

		=== libstdc++ Summary ===

# of expected passes		7904
# of unexpected failures	6
# of expected failures		40
# of unsupported tests		652

Compiler version: 4.3.0 20070221 (experimental) 
Platform: sparc-sun-solaris2.8
configure flags: --prefix=/u/jbuck/cvs.sol2/trunk --with-gnu-as --with-as=/u/jbuck/gnu.sol2/bin/as --with-gnu-ld --with-ld=/u/jbuck/gnu.sol2/bin/ld --enable-languages=c,c++,objc,fortran --with-libiconv-prefix=/depot/libiconv --with-mpfr=/u/jbuck/gnu.sol2 --with-gmp=/u/jbuck/gnu.sol2


Index Nav: [Date Index] [Subject Index] [Author Index] [Thread Index]
Message Nav: [Date Prev] [Date Next] [Thread Prev] [Thread Next]