This is the mail archive of the gcc-testresults@gcc.gnu.org mailing list for the GCC project.


Index Nav: [Date Index] [Subject Index] [Author Index] [Thread Index]
Message Nav: [Date Prev] [Date Next] [Thread Prev] [Thread Next]
Other format: [Raw text]

Results for 4.1.2 testsuite on sparc64-unknown-linux-gnu


Aurora SPARC Linux release 2.90 (Aurora Corona)/TI UltraSparc IIi (Sabre) sun4u:

binutils-2.17.50.0.3-6.sparc.sparc
bison-2.3-2.1.sparc
dejagnu-1.4.4-5.1.noarch
expect-5.43.0-5.1.sparc
gcc-4.1.1-30.1.sparc
glibc-2.5-3.1.sparcv9
glibc-2.5-3.1.sparc64
glibc-devel-2.5-3.1.sparc
glibc-devel-2.5-3.1.sparc64
glibc-headers-2.5-3.1.sparc
gmp-2.4.1				(local build from gcc's infrastructure)
mpfr-2.2.1				(local build from gcc's infrastructure)
kernel-2.6.18-1.2798.al3.1.sparc64
libgcc-4.1.1-30.1.sparc
libgcc-4.1.1-30.1.sparc64
libgcj-4.1.1-30.1.sparc
libgcj-4.1.1-30.1.sparc64
libgcj-devel-4.1.1-30.1.sparc
libgcj-devel-4.1.1-30.1.sparc64
libstdc++-4.1.1-30.1.sparc
libstdc++-4.1.1-30.1.sparc64
libstdc++-devel-4.1.1-30.1.sparc
libstdc++-devel-4.1.1-30.1.sparc64
make-3.81-1.1.sparc
tcl-8.4.13-3.al3.sparc

LAST_UPDATED: Obtained from SVN: tags/gcc_4_1_2_release revision 121944

Native configuration is sparc64-unknown-linux-gnu

=== gcc tests ===


Running target unix FAIL: gcc.c-torture/execute/20061101-1.c execution, -O2 XPASS: gcc.dg/vect/pr20122.c scan-tree-dump-times vectorized 1 loops 2 XPASS: gcc.dg/vect/vect-105.c scan-tree-dump-times vectorized 1 loops 1 XPASS: gcc.dg/vect/vect-75.c scan-tree-dump-times vectorized 1 loops 1

=== gcc Summary for unix ===

# of expected passes		38215
# of unexpected failures	1
# of unexpected successes	3
# of expected failures		108
# of untested testcases		28
# of unsupported tests		367

Running target unix/-m64
FAIL: gcc.dg/tree-ssa/gen-vect-11c.c scan-tree-dump-times vectorized 0 loops 1
XPASS: gcc.dg/vect/pr20122.c scan-tree-dump-times vectorized 1 loops 2
XPASS: gcc.dg/vect/vect-105.c scan-tree-dump-times vectorized 1 loops 1
XPASS: gcc.dg/vect/vect-75.c scan-tree-dump-times vectorized 1 loops 1
FAIL: gcc.misc-tests/linkage.c link

=== gcc Summary for unix/-m64 ===

# of expected passes		38212
# of unexpected failures	2
# of unexpected successes	3
# of expected failures		108
# of untested testcases		28
# of unsupported tests		368

=== gcc Summary ===

# of expected passes		76427
# of unexpected failures	3
# of unexpected successes	6
# of expected failures		216
# of untested testcases		56
# of unsupported tests		735
/usr/local/src/branch/objdir/gcc/xgcc  version 4.1.2

=== gfortran tests ===


Running target unix XPASS: gfortran.dg/csqrt_2.f -O0 execution test XPASS: gfortran.dg/csqrt_2.f -O1 execution test XPASS: gfortran.dg/csqrt_2.f -O2 execution test XPASS: gfortran.dg/csqrt_2.f -O3 -fomit-frame-pointer execution test XPASS: gfortran.dg/csqrt_2.f -O3 -fomit-frame-pointer -funroll-loops execution test XPASS: gfortran.dg/csqrt_2.f -O3 -fomit-frame-pointer -funroll-all-loops -finline-functions execution test XPASS: gfortran.dg/csqrt_2.f -O3 -g execution test XPASS: gfortran.dg/csqrt_2.f -Os execution test FAIL: gfortran.dg/static_linking_1.f -O2 (test for excess errors) WARNING: gfortran.dg/static_linking_1.f -O2 compilation failed to produce executable

=== gfortran Summary for unix ===

# of expected passes		13454
# of unexpected failures	1
# of unexpected successes	8
# of expected failures		6
# of unsupported tests		95

Running target unix/-m64
XPASS: gfortran.dg/csqrt_2.f  -O0  execution test
XPASS: gfortran.dg/csqrt_2.f  -O1  execution test
XPASS: gfortran.dg/csqrt_2.f  -O2  execution test
XPASS: gfortran.dg/csqrt_2.f  -O3 -fomit-frame-pointer  execution test
XPASS: gfortran.dg/csqrt_2.f  -O3 -fomit-frame-pointer -funroll-loops
execution test
XPASS: gfortran.dg/csqrt_2.f  -O3 -fomit-frame-pointer
-funroll-all-loops -finline-functions  execution test
XPASS: gfortran.dg/csqrt_2.f  -O3 -g  execution test
XPASS: gfortran.dg/csqrt_2.f  -Os  execution test
XPASS: gfortran.dg/vect/vect-5.f90  -O  scan-tree-dump-times
vectorized 2 loops 1

=== gfortran Summary for unix/-m64 ===

# of expected passes		13598
# of unexpected successes	9
# of expected failures		6
# of unsupported tests		23

=== gfortran Summary ===

# of expected passes		27052
# of unexpected failures	1
# of unexpected successes	17
# of expected failures		12
# of unsupported tests		118
/usr/local/src/branch/objdir/gcc/testsuite/gfortran/../../gfortran
version 4.1.2

=== g++ tests ===


Running target unix XPASS: g++.dg/tree-ssa/pr14814.C scan-tree-dump-times &this 0 XPASS: g++.old-deja/g++.other/init5.C execution test

=== g++ Summary for unix ===

# of expected passes		12335
# of unexpected successes	2
# of expected failures		66
# of unsupported tests		108

Running target unix/-m64
FAIL: tmpdir-g++.dg-struct-layout-1/t026 cp_compat_x_tst.o compile,
(internal compiler error)
FAIL: tmpdir-g++.dg-struct-layout-1/t026 cp_compat_y_tst.o compile,
(internal compiler error)
UNRESOLVED: tmpdir-g++.dg-struct-layout-1/t026
cp_compat_x_tst.o-cp_compat_y_tst.o link
UNRESOLVED: tmpdir-g++.dg-struct-layout-1/t026
cp_compat_x_tst.o-cp_compat_y_tst.o execute
XPASS: g++.dg/tree-ssa/pr14814.C scan-tree-dump-times &this 0
XPASS: g++.old-deja/g++.other/init5.C execution test

=== g++ Summary for unix/-m64 ===

# of expected passes		12299
# of unexpected failures	2
# of unexpected successes	2
# of expected failures		66
# of unresolved testcases	2
# of unsupported tests		110

=== g++ Summary ===

# of expected passes		24634
# of unexpected failures	2
# of unexpected successes	4
# of expected failures		132
# of unresolved testcases	2
# of unsupported tests		218
/usr/local/src/branch/objdir/gcc/testsuite/g++/../../g++  version 4.1.2

=== obj-c++ tests ===


Running target unix FAIL: obj-c++.dg/cxx-ivars-2.mm execution test FAIL: obj-c++.dg/encode-8.mm execution test FAIL: obj-c++.dg/isa-field-1.mm (test for excess errors) FAIL: obj-c++.dg/lookup-2.mm (test for excess errors) WARNING: obj-c++.dg/lookup-2.mm compilation failed to produce executable FAIL: obj-c++.dg/try-catch-2.mm (test for excess errors) WARNING: obj-c++.dg/try-catch-2.mm compilation failed to produce executable FAIL: obj-c++.dg/try-catch-9.mm (test for excess errors) WARNING: obj-c++.dg/try-catch-9.mm compilation failed to produce executable

=== obj-c++ Summary for unix ===

# of expected passes		423
# of unexpected failures	6
# of unsupported tests		13

Running target unix/-m64
FAIL: obj-c++.dg/bitfield-1.mm (test for excess errors)
FAIL: obj-c++.dg/bitfield-4.mm (test for excess errors)
FAIL: obj-c++.dg/cxx-ivars-2.mm execution test
FAIL: obj-c++.dg/encode-3.mm execution test
FAIL: obj-c++.dg/encode-8.mm execution test
FAIL: obj-c++.dg/isa-field-1.mm (test for excess errors)
FAIL: obj-c++.dg/layout-1.mm (test for excess errors)
FAIL: obj-c++.dg/lookup-2.mm (test for excess errors)
WARNING: obj-c++.dg/lookup-2.mm compilation failed to produce executable
FAIL: obj-c++.dg/try-catch-2.mm (test for excess errors)
WARNING: obj-c++.dg/try-catch-2.mm compilation failed to produce executable
FAIL: obj-c++.dg/try-catch-9.mm (test for excess errors)
WARNING: obj-c++.dg/try-catch-9.mm compilation failed to produce executable

=== obj-c++ Summary for unix/-m64 ===

# of expected passes		419
# of unexpected failures	10
# of unsupported tests		13

=== obj-c++ Summary ===

# of expected passes		842
# of unexpected failures	16
# of unsupported tests		26
/usr/local/src/branch/objdir/gcc/testsuite/obj-c++/../../g++  version 4.1.2

=== objc tests ===


Running target unix


=== objc Summary for unix ===

# of expected passes		1722
# of unsupported tests		22

Running target unix/-m64

=== objc Summary for unix/-m64 ===

# of expected passes		1722
# of unsupported tests		22

=== objc Summary ===

# of expected passes		3444
# of unsupported tests		44
/usr/local/src/branch/objdir/gcc/xgcc  version 4.1.2

=== treelang tests ===


Running target unix


=== treelang Summary for unix ===

# of expected passes 50

Running target unix/-m64

=== treelang Summary for unix/-m64 ===

# of expected passes 50

=== treelang Summary ===

# of expected passes		100
		=== libffi tests ===


Running target unix


=== libffi Summary for unix ===

# of expected passes		228
# of unsupported tests		2

Running target unix/-m64

=== libffi Summary for unix/-m64 ===

# of expected passes		228
# of unsupported tests		2

=== libffi Summary ===

# of expected passes		456
# of unsupported tests		4
		=== libjava tests ===


Running target unix


=== libjava Summary for unix ===

# of expected passes		4060
# of expected failures		10
# of untested testcases		8

Running target unix/-m64
WARNING: program timed out.
FAIL: Array_3 execution - source compiled test
FAIL: Array_3 execution - gij test
WARNING: program timed out.
FAIL: Array_3 execution - bytecode->native test
WARNING: program timed out.
FAIL: Array_3 -O3 execution - source compiled test
FAIL: Array_3 execution - gij test
WARNING: program timed out.
FAIL: Array_3 -O3 execution - bytecode->native test
FAIL: Invoke_1 execution - source compiled test
FAIL: Invoke_1 execution - bytecode->native test
FAIL: Invoke_1 -O3 execution - source compiled test
FAIL: Invoke_1 -O3 execution - bytecode->native test
FAIL: PR218 execution - gij test
FAIL: PR218 execution - gij test
WARNING: program timed out.
FAIL: /usr/local/src/branch/objdir/sparc64-unknown-linux-gnu/libjava/testsuite/TestLeak.exe
execution - /usr/local/src/branch/objdir/sparc64-unknown-linux-gnu/libjava/testsuite/TestLeak.exe

=== libjava Summary for unix/-m64 ===

# of expected passes		4034
# of unexpected failures	13
# of expected failures		10
# of untested testcases		21

=== libjava Summary ===

# of expected passes		8094
# of unexpected failures	13
# of expected failures		20
# of untested testcases		29
		=== libmudflap tests ===


Running target unix FAIL: libmudflap.c/pass54-frag.c execution test FAIL: libmudflap.c/pass54-frag.c execution test FAIL: libmudflap.c/pass54-frag.c (-static) execution test FAIL: libmudflap.c/pass54-frag.c (-static) execution test

=== libmudflap Summary for unix ===

# of expected passes		1795
# of unexpected failures	4

Running target unix/-m64
FAIL: libmudflap.c/pass54-frag.c execution test
FAIL: libmudflap.c/pass54-frag.c execution test
FAIL: libmudflap.c/fail27-frag.c (-static) output pattern test
FAIL: libmudflap.c/pass54-frag.c (-static) execution test
FAIL: libmudflap.c/pass54-frag.c (-static) execution test

=== libmudflap Summary for unix/-m64 ===

# of expected passes		1794
# of unexpected failures	5

=== libmudflap Summary ===

# of expected passes		3589
# of unexpected failures	9
		=== libstdc++ tests ===


Running target unix FAIL: abi_check XPASS: 26_numerics/cmath/c99_classification_macros_c.cc (test for excess errors) FAIL: 26_numerics/complex/13450.cc execution test

=== libstdc++ Summary for unix ===

# of expected passes		4018
# of unexpected failures	2
# of unexpected successes	1
# of expected failures		12
# of unsupported tests		13

Running target unix/-m64
FAIL: abi_check
FAIL: 22_locale/messages/members/char/1.cc execution test
FAIL: 22_locale/messages/members/char/2.cc execution test
FAIL: 22_locale/messages/members/char/wrapped_env.cc execution test
FAIL: 22_locale/messages/members/char/wrapped_locale.cc execution test
FAIL: 22_locale/messages_byname/named_equivalence.cc execution test
XPASS: 26_numerics/cmath/c99_classification_macros_c.cc (test for excess errors)
XPASS: 27_io/fpos/14320-1.cc execution test

=== libstdc++ Summary for unix/-m64 ===

# of expected passes		4014
# of unexpected failures	6
# of unexpected successes	2
# of expected failures		11
# of unsupported tests		13

=== libstdc++ Summary ===

# of expected passes		8032
# of unexpected failures	8
# of unexpected successes	3
# of expected failures		23
# of unsupported tests		26

Compiler version: 4.1.2
Platform: sparc64-unknown-linux-gnu
configure flags: --enable-__cxa_atexit --enable-shared --with-cpu=v7
--with-gmp=/usr/local/gmp-mpfr --with-mpfr=/usr/local/gmp-mpfr
--enable-languages=c,c++,fortran,java,objc,obj-c++,treelang
Counting all warnings,
there are 334 warnings in stage0 of this bootstrap.

Number of warnings per file:
   134 libjava/java/lang/Class.h
    14 gcc/fixincludes/fixincl.x
    12 libmudflap/mf-runtime.c
     8 include/gc_config.h
     8 include/config.h
     5 libjava/java/lang/natClass.cc
     4 libtool
     4 libgfortran/intrinsics/signal.c
     4 gcc/boehm-gc/os_dep.c
     2 libobjc/thr.c
     2 libobjc/sendmsg.c
     2 libobjc/Object.m
     2 libjava/prims.cc
     2 libjava/jni.cc
     2 libjava/java/lang/ref/natReference.cc
     2 libjava/interpret.cc
     2 libjava/gnu/gcj/io/shs.cc
     2 libjava/gnu/gcj/io/natSimpleSHSStream.cc
     2 libjava/boehm.cc
     2 libgfortran/generated/sum_r8.c
     2 libgfortran/generated/sum_r4.c
     2 libgfortran/generated/sum_i8.c
     2 libgfortran/generated/sum_i4.c
     2 libgfortran/generated/sum_c8.c
     2 libgfortran/generated/sum_c4.c
     2 libgfortran/generated/product_r8.c
     2 libgfortran/generated/product_r4.c
     2 libgfortran/generated/product_i8.c
     2 libgfortran/generated/product_i4.c
     2 libgfortran/generated/product_c8.c
     2 libgfortran/generated/product_c4.c
     2 libgfortran/generated/minval_r8.c
     2 libgfortran/generated/minval_r4.c
     2 libgfortran/generated/minval_i8.c
     2 libgfortran/generated/minval_i4.c
     2 libgfortran/generated/minloc1_8_r8.c
     2 libgfortran/generated/minloc1_8_r4.c
     2 libgfortran/generated/minloc1_8_i8.c
     2 libgfortran/generated/minloc1_8_i4.c
     2 libgfortran/generated/minloc1_4_r8.c
     2 libgfortran/generated/minloc1_4_r4.c
     2 libgfortran/generated/minloc1_4_i8.c
     2 libgfortran/generated/minloc1_4_i4.c
     2 libgfortran/generated/maxval_r8.c
     2 libgfortran/generated/maxval_r4.c
     2 libgfortran/generated/maxval_i8.c
     2 libgfortran/generated/maxval_i4.c
     2 libgfortran/generated/maxloc1_8_r8.c
     2 libgfortran/generated/maxloc1_8_r4.c
     2 libgfortran/generated/maxloc1_8_i8.c
     2 libgfortran/generated/maxloc1_8_i4.c
     2 libgfortran/generated/maxloc1_4_r8.c
     2 libgfortran/generated/maxloc1_4_r4.c
     2 libgfortran/generated/maxloc1_4_i8.c
     2 libgfortran/generated/maxloc1_4_i4.c
     2 java/net/natVMNetworkInterface.cc
     2 include/java-signal.h
     2 gcc/unwind-pe.h
     2 gcc/coretypes.h
     2 gcc/boehm-gc/mark_rts.c
     2 fastjar/shift.c
     1 ./runtime-info.h
     1 libgfortran/io/transfer.c
     1 libgfortran/io/read.c
     1 libgfortran/generated/sum_r16.c
     1 libgfortran/generated/sum_i16.c
     1 libgfortran/generated/sum_c16.c
     1 libgfortran/generated/product_r16.c
     1 libgfortran/generated/product_i16.c
     1 libgfortran/generated/product_c16.c
     1 libgfortran/generated/minval_r16.c
     1 libgfortran/generated/minval_i16.c
     1 libgfortran/generated/minloc1_8_r16.c
     1 libgfortran/generated/minloc1_8_i16.c
     1 libgfortran/generated/minloc1_4_r16.c
     1 libgfortran/generated/minloc1_4_i16.c
     1 libgfortran/generated/minloc1_16_r8.c
     1 libgfortran/generated/minloc1_16_r4.c
     1 libgfortran/generated/minloc1_16_r16.c
     1 libgfortran/generated/minloc1_16_i8.c
     1 libgfortran/generated/minloc1_16_i4.c
     1 libgfortran/generated/minloc1_16_i16.c
     1 libgfortran/generated/maxval_r16.c
     1 libgfortran/generated/maxval_i16.c
     1 libgfortran/generated/maxloc1_8_r16.c
     1 libgfortran/generated/maxloc1_8_i16.c
     1 libgfortran/generated/maxloc1_4_r16.c
     1 libgfortran/generated/maxloc1_4_i16.c
     1 libgfortran/generated/maxloc1_16_r8.c
     1 libgfortran/generated/maxloc1_16_r4.c
     1 libgfortran/generated/maxloc1_16_r16.c
     1 libgfortran/generated/maxloc1_16_i8.c
     1 libgfortran/generated/maxloc1_16_i4.c
     1 libgfortran/generated/maxloc1_16_i16.c
     1 libgfortran/generated/in_unpack_c16.c
     1 libgfortran/generated/in_pack_c16.c
     1 fastjar/jartool.c
     1 fastjar/compress.c

Number of warning types:
   144 dereferencing type-punned pointer will break strict-aliasing rules
   102 passing argument 3 of \`???' discards qualifiers from pointer
target type
    15 string length \`???' is greater than the length \`???' ISO C89
compilers are required to support
    10 this is the location of the previous definition
     8 unused parameter \`???'
     5 \`???' defined but not used
     4 \`???' is ignored for convenience libraries
     4 \`???' is deprecated (declared at /usr/include/signal.h:184)
     4 format \`???' expects type \`???', but argument 6 has type \`???'
     4 format \`???' expects type \`???', but argument 4 has type \`???'
     4 format \`???' expects type \`???', but argument 15 has type \`???'
     3 comparison between signed and unsigned
     2 \`rtx' redefined
     2 \`PACKAGE_VERSION' redefined
     2 \`PACKAGE_TARNAME' redefined
     2 \`PACKAGE_STRING' redefined
     2 \`PACKAGE_NAME' redefined
     2 no previous prototype for \`???'
     2 function returns address of local variable
     2 \`???' function does return
     2 \`???' declared \`???' but never defined
     2 comparison of distinct pointer types lacks a cast
     2 comparison between signed and unsigned integer expressions
     2 cast to pointer from integer of different size
     2 cast from pointer to integer of different size
     1 unused variable \`???'
Counting all warnings,
there are 21 warnings in stage3 of this bootstrap.

Number of warnings per file:
    11 gengtype-lex.c
     4 gcc/gcc.c
     3 treelang/lex.c
     2 gcc/objc/lang-specs.h
     1 gcc/java/jvspec.c

Number of warning types:
    11 no previous prototype for \`???'
     7 string length \`???' is greater than the length \`???' ISO C89
compilers are required to support
     3 old-style function definition


Index Nav: [Date Index] [Subject Index] [Author Index] [Thread Index]
Message Nav: [Date Prev] [Date Next] [Thread Prev] [Thread Next]