This is the mail archive of the gcc-testresults@gcc.gnu.org mailing list for the GCC project.


Index Nav: [Date Index] [Subject Index] [Author Index] [Thread Index]
Message Nav: [Date Prev] [Date Next] [Thread Prev] [Thread Next]
Other format: [Raw text]

Results for 4.1.2 testsuite on hppa64-hp-hpux11.00


LAST_UPDATED: Thu Feb 15 04:25:40 UTC 2007 (revision 121979)

Native configuration is hppa64-hp-hpux11.00

		=== g++ tests ===


Running target unix
XPASS: g++.dg/eh/weak1.C execution test
XPASS: g++.dg/tree-ssa/pr14814.C scan-tree-dump-times &this 0

		=== g++ Summary ===

# of expected passes		11686
# of unexpected successes	2
# of expected failures		67
# of unsupported tests		132
/home/gnu/gcc/objdir/gcc/testsuite/g++/../../g++  version 4.1.2

		=== gcc tests ===


Running target unix
WARNING: program timed out.
FAIL: gcc.c-torture/compile/20001226-1.c  -O2  (test for excess errors)
WARNING: program timed out.
FAIL: gcc.c-torture/compile/20001226-1.c  -O3 -fomit-frame-pointer  (test for excess errors)
WARNING: program timed out.
FAIL: gcc.c-torture/compile/20001226-1.c  -O3 -g  (test for excess errors)
WARNING: program timed out.
FAIL: gcc.c-torture/compile/20001226-1.c  -Os  (test for excess errors)
XPASS: gcc.dg/cpp/cmdlne-dI-M.c scan-file (^|\\\\n)cmdlne-dI-M.*:[^\\\\n]*cmdlne-dI-M.c
XPASS: gcc.dg/cpp/cmdlne-dM-M.c scan-file (^|\\\\n)cmdlne-dM-M[^\\\\n]*:[^\\\\n]*cmdlne-dM-M.c
XPASS: gcc.dg/funcorder.c scan-assembler-not link_error,%r

		=== gcc Summary ===

# of expected passes		37096
# of unexpected failures	4
# of unexpected successes	3
# of expected failures		77
# of untested testcases		28
# of unsupported tests		370
/home/gnu/gcc/objdir/gcc/xgcc  version 4.1.2

		=== gfortran tests ===


Running target unix

		=== gfortran Summary ===

# of expected passes		13460
# of expected failures		4
# of unsupported tests		90
/home/gnu/gcc/objdir/gcc/testsuite/gfortran/../../gfortran  version 4.1.2

		=== objc tests ===


Running target unix

		=== objc Summary ===

# of expected passes		1720
# of unsupported tests		23
/home/gnu/gcc/objdir/gcc/xgcc  version 4.1.2

		=== libstdc++ tests ===


Running target unix

		=== libstdc++ Summary ===

# of expected passes		2620
# of expected failures		10
# of unsupported tests		166

Compiler version: 4.1.2 
Platform: hppa64-hp-hpux11.00
configure flags: --with-gnu-as --with-as=/opt/gnu64/bin/as --with-ld=/usr/ccs/bin/ld --enable-shared --with-local-prefix=/opt/gnu64 --prefix=/opt/gnu64/gcc/gcc-4.1.2 --host=hppa64-hp-hpux11.00 --disable-nls --disable-checking --with-gmp=/opt/gnu64/gcc/gcc-4.1.2 --enable-languages=c,c++,fortran,java,objc


Index Nav: [Date Index] [Subject Index] [Author Index] [Thread Index]
Message Nav: [Date Prev] [Date Next] [Thread Prev] [Thread Next]