This is the mail archive of the gcc-testresults@gcc.gnu.org mailing list for the GCC project.


Index Nav: [Date Index] [Subject Index] [Author Index] [Thread Index]
Message Nav: [Date Prev] [Date Next] [Thread Prev] [Thread Next]
Other format: [Raw text]

Results for 4.3.020070216(experimental) testsuite on cris-axis-elf


These results are for a clean checkout but for the following
local changes.  Refer to the referenced PR:s, for the reasons
they are not in the the FSF SVN.

Index: libstdc++-v3/testsuite/ext/pb_ds/regression/list_update_data_map_rand.cc
===================================================================
--- libstdc++-v3/testsuite/ext/pb_ds/regression/list_update_data_map_rand.cc	(revision 122045)
+++ libstdc++-v3/testsuite/ext/pb_ds/regression/list_update_data_map_rand.cc	(working copy)
@@ -1,4 +1,5 @@
 // { dg-options "-DPB_DS_REGRESSION" }
+// { dg-xfail-if "ICE, PR 30768" { "cris-*-*" } { "*" } { "" } }
 // -*- C++ -*-
 
 // Copyright (C) 2005, 2006 Free Software Foundation, Inc.

Without these changes, expect(!) these additional regressive failures:
FAIL: ext/pb_ds/regression/list_update_data_map_rand.cc (test for excess errors)

LAST_UPDATED: Fri Feb 16 17:52:55 UTC 2007 (revision 122047M)

Target is cris-axis-elf
Host   is cris-axis-elf

		=== libstdc++ tests ===


Running target cris-sim
FAIL: 27_io/basic_filebuf/seekoff/12790-1.cc execution test
FAIL: 27_io/basic_filebuf/seekoff/12790-3.cc execution test
FAIL: 27_io/basic_filebuf/seekoff/char/1-in.cc execution test
FAIL: 27_io/basic_filebuf/seekoff/char/1-io.cc execution test
FAIL: 27_io/basic_filebuf/sputbackc/char/1-io.cc execution test
FAIL: 27_io/basic_filebuf/sputbackc/char/2-in.cc execution test
FAIL: 27_io/basic_filebuf/sputbackc/char/2-io.cc execution test
FAIL: 27_io/basic_filebuf/sungetc/char/1-in.cc execution test
FAIL: 27_io/basic_filebuf/sungetc/char/1-io.cc execution test
FAIL: 27_io/basic_filebuf/sungetc/char/2-in.cc execution test
FAIL: 27_io/basic_filebuf/sungetc/char/2-io.cc execution test
FAIL: 27_io/basic_istream/extractors_arithmetic/char/12.cc execution test
WARNING: program timed out.
FAIL: 27_io/objects/char/10.cc execution test
WARNING: program timed out.
FAIL: 27_io/objects/char/12048-1.cc execution test
WARNING: program timed out.
FAIL: 27_io/objects/char/12048-2.cc execution test
WARNING: program timed out.
FAIL: 27_io/objects/char/12048-3.cc execution test
WARNING: program timed out.
FAIL: 27_io/objects/char/12048-4.cc execution test
WARNING: program timed out.
FAIL: 27_io/objects/char/6.cc execution test
FAIL: ext/pb_ds/example/priority_queue_dijkstra.cc execution test
UNRESOLVED: ext/pb_ds/regression/list_update_data_map_rand.cc compilation failed to produce executable

		=== libstdc++ Summary ===

# of expected passes		2967
# of unexpected failures	19
# of expected failures		14
# of unresolved testcases	1
# of unsupported tests		158
Host   is x86_64-unknown-linux-gnu

		=== newlib tests ===


Running target cris-sim
FAIL: newlib.locale/UTF-8.c output

		=== newlib Summary ===

# of expected passes		21
# of unexpected failures	1
Host   is x86_64-unknown-linux-gnu

		=== newlib tests ===


Running target cris-sim
FAIL: newlib.locale/UTF-8.c output

		=== newlib Summary ===

# of expected passes		21
# of unexpected failures	1
Host   is x86_64-unknown-linux-gnu

		=== g++ tests ===


Running target cris-sim
FAIL: g++.dg/abi/bitfield12.C  (test for warnings, line 3)
FAIL: g++.dg/abi/vbase10.C  (test for warnings, line 13)
FAIL: g++.dg/cpp/_Pragma1.C (test for excess errors)
FAIL: g++.old-deja/g++.other/init18.C execution test
FAIL: g++.old-deja/g++.other/init19.C execution test

		=== g++ Summary ===

# of expected passes		13393
# of unexpected failures	5
# of expected failures		79
# of unsupported tests		179
/tmp/hpautotest-gcc1/cris-elf/gccobj/gcc/testsuite/g++/../../g++  version 4.3.0 20070216 (experimental)

Host   is x86_64-unknown-linux-gnu

		=== gcc tests ===


Running target cris-sim
FAIL: gcc.c-torture/execute/mayalias-2.c compilation,  -O3 -g  (internal compiler error)
UNRESOLVED: gcc.c-torture/execute/mayalias-2.c execution,  -O3 -g 
FAIL: gcc.c-torture/execute/mayalias-3.c compilation,  -O3 -g  (internal compiler error)
UNRESOLVED: gcc.c-torture/execute/mayalias-3.c execution,  -O3 -g 
FAIL: gcc.dg/cpp/_Pragma6.c (test for excess errors)
FAIL: gcc.dg/builtins-20.c (test for excess errors)
FAIL: gcc.dg/builtins-59.c scan-tree-dump __builtin_cexpi
FAIL: gcc.dg/builtins-59.c scan-tree-dump-not sincos
FAIL: gcc.dg/builtins-61.c scan-tree-dump cexpi
FAIL: gcc.dg/builtins-61.c scan-tree-dump sin
FAIL: gcc.dg/builtins-61.c scan-tree-dump cos
FAIL: gcc.dg/builtins-61.c scan-tree-dump return 0.0
FAIL: gcc.dg/builtins-62.c scan-tree-dump-times cexpi 3
FAIL: gcc.dg/large-size-array-2.c (internal compiler error)
FAIL: gcc.dg/large-size-array-2.c (test for excess errors)
FAIL: gcc.dg/pr28243.c (test for excess errors)
FAIL: gcc.dg/setjmp-1.c spurious clobbered warning (test for bogus messages, line 16)
FAIL: gcc.dg/trampoline-1.c execution test
FAIL: gcc.dg/tls/opt-10.c (test for excess errors)
FAIL: gcc.dg/tls/opt-9.c (test for excess errors)
FAIL: gcc.dg/tls/pic-1.c (test for excess errors)
FAIL: gcc.dg/tls/struct-1.c (test for excess errors)
FAIL: gcc.dg/torture/pr26565.c  -O0  (test for excess errors)
FAIL: gcc.dg/torture/pr26565.c  -O1  (test for excess errors)
FAIL: gcc.dg/torture/pr26565.c  -O2  (test for excess errors)
FAIL: gcc.dg/torture/pr26565.c  -O3 -fomit-frame-pointer  (test for excess errors)
FAIL: gcc.dg/torture/pr26565.c  -O3 -g  (test for excess errors)
FAIL: gcc.dg/torture/pr26565.c  -Os  (test for excess errors)
FAIL: gcc.dg/tree-ssa/loadpre1.c scan-tree-dump-times Eliminated: 1 1
XPASS: gcc.dg/tree-ssa/update-threading.c scan-tree-dump-times Invalid sum 0

		=== gcc Summary ===

# of expected passes		41007
# of unexpected failures	27
# of unexpected successes	1
# of expected failures		74
# of unresolved testcases	2
# of untested testcases		28
# of unsupported tests		445
/tmp/hpautotest-gcc1/cris-elf/gccobj/gcc/xgcc  version 4.3.0 20070216 (experimental)

Host   is x86_64-unknown-linux-gnu

		=== objc tests ===


Running target cris-sim

		=== objc Summary ===

# of expected passes		1796
# of expected failures		7
# of unsupported tests		24
/tmp/hpautotest-gcc1/cris-elf/gccobj/gcc/xgcc  version 4.3.0 20070216 (experimental)


Compiler version: 4.3.020070216(experimental) 
Platform: cris-axis-elf
configure flags: --prefix=/tmp/hpautotest-gcc1/cris-elf/pre --target=cris-elf --with-gnu-ld --with-gnu-as --with-newlib


Index Nav: [Date Index] [Subject Index] [Author Index] [Thread Index]
Message Nav: [Date Prev] [Date Next] [Thread Prev] [Thread Next]